{"id":75754,"date":"2023-04-03T13:22:33","date_gmt":"2023-04-03T09:22:33","guid":{"rendered":"https:\/\/www.editorialjuventud.es\/llibre-de-fades-rustica-9788426124357\/"},"modified":"2023-04-03T12:52:45","modified_gmt":"2023-04-03T10:52:45","slug":"llibre-de-fades-rustica-9788426124357","status":"publish","type":"product","link":"https:\/\/www.editorialjuventud.es\/ca\/llibre-de-fades-rustica-9788426124357\/","title":{"rendered":"Llibre de Fades &#8211; r\u00fastica-"},"content":{"rendered":"<p><span class=\"hiddenSpellError\">Arthur<\/span>\u00a0<span class=\"hiddenSpellError\">Rackham<\/span>\u00a0diu en el pr\u00f2leg d&#8217;aquest llibre: La major part de les rondalles que llegireu aqu\u00ed foren trameses de viva veu durant moltes generacions abans que alg\u00fa que sab\u00e9s escriure les pogu\u00e9s ca\u00e7ar al vol per fixar-les en el fred llenguatge escrit. Anomenem &#8220;contes de fades&#8221; totes les rondalles aplegades en aquest llibre, per b\u00e9 que algunes d&#8217;elles no tinguin gran cosa de m\u00e0giques ni tan sols de fant\u00e0stiques.<\/p>\n","protected":false},"excerpt":{"rendered":"Arthur\u00a0Rackham\u00a0diu en el pr\u00f2leg d&#8217;aquest llibre: La major part de les rondalles que llegireu aqu\u00ed foren trameses de viva veu durant moltes generacions abans que alg\u00fa que sab\u00e9s escriure les pogu\u00e9s ca\u00e7ar al vol per fixar-les en el fred llenguatge [&hellip;]","protected":false},"featured_media":0,"template":"","meta":{"_acf_changed":false,"_exactmetrics_skip_tracking":false,"_exactmetrics_sitenote_active":false,"_exactmetrics_sitenote_note":"","_exactmetrics_sitenote_category":0},"product_brand":[],"product_cat":[1266],"product_tag":[],"coleccion":[],"class_list":{"0":"post-75754","1":"product","2":"type-product","3":"status-publish","5":"product_cat-sin-categorizar","7":"first","8":"instock","9":"taxable","10":"shipping-taxable","11":"purchasable","12":"product-type-simple"},"acf":{"indice":"","autor":"Andersen","codart":"2435-6","ediciones":"2","encuadernacion":"R\u00fastica","fecha_de_publicacion":"10\/10\/1910","fecha_de_reimpresion":"01\/01\/1989","novedad":"0","paginas":"0","subtitulo":"","texto_web_adicional":"","autores-libros":"","ilustradores-libros":"","texto_web_novedad":"","orden":"999","portada":"0","texto_web_resaltado":"","traductores-libros":"","descripcion_corta":"","recomendamos":"","mas_vendido":"","idioma-libro":"","color":false,"formato":"","mas_informacion_del_producto":false,"premios":false,"deshabilitar_compra":[],"texto_enlace_cubierta":"","enlace_cubierta":false,"texto_enlace_ficha_tecnica":"","enlace_ficha_tecnica":false,"ficheros":false,"titulo-fr":"","texto-fr":""},"yoast_head":"<!-- This site is optimized with the Yoast SEO plugin v27.3 - https:\/\/yoast.com\/product\/yoast-seo-wordpress\/ -->\n<title>Llibre de Fades - r\u00fastica- Editorial Juventud<\/title>\n<meta name=\"description\" content=\"Arthur\u00a0Rackham\u00a0diu en el pr\u00f2leg d&#039;aquest llibre: La major part de les rondalles que llegireu aqu\u00ed foren trameses de viva veu durant moltes generacions\" \/>\n<meta name=\"robots\" content=\"index, follow, max-snippet:-1, max-image-preview:large, max-video-preview:-1\" \/>\n<link rel=\"canonical\" href=\"https:\/\/www.editorialjuventud.es\/llibre-de-fades-rustica-9788426124357\/\" \/>\n<meta property=\"og:locale\" content=\"ca_ES\" \/>\n<meta property=\"og:type\" content=\"article\" \/>\n<meta property=\"og:title\" content=\"Llibre de Fades - r\u00fastica- Editorial Juventud\" \/>\n<meta property=\"og:description\" content=\"Arthur\u00a0Rackham\u00a0diu en el pr\u00f2leg d&#039;aquest llibre: La major part de les rondalles que llegireu aqu\u00ed foren trameses de viva veu durant moltes generacions\" \/>\n<meta property=\"og:url\" content=\"https:\/\/www.editorialjuventud.es\/llibre-de-fades-rustica-9788426124357\/\" \/>\n<meta property=\"og:site_name\" content=\"Editorial Juventud\" \/>\n<meta property=\"article:modified_time\" content=\"2023-04-03T10:52:45+00:00\" \/>\n<meta name=\"twitter:card\" content=\"summary_large_image\" \/>\n<script type=\"application\/ld+json\" class=\"yoast-schema-graph\">{\"@context\":\"https:\\\/\\\/schema.org\",\"@graph\":[{\"@type\":\"WebPage\",\"@id\":\"https:\\\/\\\/www.editorialjuventud.es\\\/llibre-de-fades-rustica-9788426124357\\\/\",\"url\":\"https:\\\/\\\/www.editorialjuventud.es\\\/llibre-de-fades-rustica-9788426124357\\\/\",\"name\":\"Llibre de Fades - r\u00fastica- Editorial Juventud\",\"isPartOf\":{\"@id\":\"https:\\\/\\\/www.editorialjuventud.es\\\/#website\"},\"datePublished\":\"2023-04-03T09:22:33+00:00\",\"dateModified\":\"2023-04-03T10:52:45+00:00\",\"description\":\"Arthur\u00a0Rackham\u00a0diu en el pr\u00f2leg d'aquest llibre: La major part de les rondalles que llegireu aqu\u00ed foren trameses de viva veu durant moltes generacions\",\"breadcrumb\":{\"@id\":\"https:\\\/\\\/www.editorialjuventud.es\\\/llibre-de-fades-rustica-9788426124357\\\/#breadcrumb\"},\"inLanguage\":\"ca\",\"potentialAction\":[{\"@type\":\"ReadAction\",\"target\":[\"https:\\\/\\\/www.editorialjuventud.es\\\/llibre-de-fades-rustica-9788426124357\\\/\"]}]},{\"@type\":\"BreadcrumbList\",\"@id\":\"https:\\\/\\\/www.editorialjuventud.es\\\/llibre-de-fades-rustica-9788426124357\\\/#breadcrumb\",\"itemListElement\":[{\"@type\":\"ListItem\",\"position\":1,\"name\":\"Portada\",\"item\":\"https:\\\/\\\/www.editorialjuventud.es\\\/\"},{\"@type\":\"ListItem\",\"position\":2,\"name\":\"Llibre de Fades &#8211; r\u00fastica-\"}]},{\"@type\":\"WebSite\",\"@id\":\"https:\\\/\\\/www.editorialjuventud.es\\\/#website\",\"url\":\"https:\\\/\\\/www.editorialjuventud.es\\\/\",\"name\":\"Editorial Juventud\",\"description\":\"\",\"potentialAction\":[{\"@type\":\"SearchAction\",\"target\":{\"@type\":\"EntryPoint\",\"urlTemplate\":\"https:\\\/\\\/www.editorialjuventud.es\\\/?s={search_term_string}\"},\"query-input\":{\"@type\":\"PropertyValueSpecification\",\"valueRequired\":true,\"valueName\":\"search_term_string\"}}],\"inLanguage\":\"ca\"}]}<\/script>\n<!-- \/ Yoast SEO plugin. -->","yoast_head_json":{"title":"Llibre de Fades - r\u00fastica- Editorial Juventud","description":"Arthur\u00a0Rackham\u00a0diu en el pr\u00f2leg d'aquest llibre: La major part de les rondalles que llegireu aqu\u00ed foren trameses de viva veu durant moltes generacions","robots":{"index":"index","follow":"follow","max-snippet":"max-snippet:-1","max-image-preview":"max-image-preview:large","max-video-preview":"max-video-preview:-1"},"canonical":"https:\/\/www.editorialjuventud.es\/llibre-de-fades-rustica-9788426124357\/","og_locale":"ca_ES","og_type":"article","og_title":"Llibre de Fades - r\u00fastica- Editorial Juventud","og_description":"Arthur\u00a0Rackham\u00a0diu en el pr\u00f2leg d'aquest llibre: La major part de les rondalles que llegireu aqu\u00ed foren trameses de viva veu durant moltes generacions","og_url":"https:\/\/www.editorialjuventud.es\/llibre-de-fades-rustica-9788426124357\/","og_site_name":"Editorial Juventud","article_modified_time":"2023-04-03T10:52:45+00:00","twitter_card":"summary_large_image","schema":{"@context":"https:\/\/schema.org","@graph":[{"@type":"WebPage","@id":"https:\/\/www.editorialjuventud.es\/llibre-de-fades-rustica-9788426124357\/","url":"https:\/\/www.editorialjuventud.es\/llibre-de-fades-rustica-9788426124357\/","name":"Llibre de Fades - r\u00fastica- Editorial Juventud","isPartOf":{"@id":"https:\/\/www.editorialjuventud.es\/#website"},"datePublished":"2023-04-03T09:22:33+00:00","dateModified":"2023-04-03T10:52:45+00:00","description":"Arthur\u00a0Rackham\u00a0diu en el pr\u00f2leg d'aquest llibre: La major part de les rondalles que llegireu aqu\u00ed foren trameses de viva veu durant moltes generacions","breadcrumb":{"@id":"https:\/\/www.editorialjuventud.es\/llibre-de-fades-rustica-9788426124357\/#breadcrumb"},"inLanguage":"ca","potentialAction":[{"@type":"ReadAction","target":["https:\/\/www.editorialjuventud.es\/llibre-de-fades-rustica-9788426124357\/"]}]},{"@type":"BreadcrumbList","@id":"https:\/\/www.editorialjuventud.es\/llibre-de-fades-rustica-9788426124357\/#breadcrumb","itemListElement":[{"@type":"ListItem","position":1,"name":"Portada","item":"https:\/\/www.editorialjuventud.es\/"},{"@type":"ListItem","position":2,"name":"Llibre de Fades &#8211; r\u00fastica-"}]},{"@type":"WebSite","@id":"https:\/\/www.editorialjuventud.es\/#website","url":"https:\/\/www.editorialjuventud.es\/","name":"Editorial Juventud","description":"","potentialAction":[{"@type":"SearchAction","target":{"@type":"EntryPoint","urlTemplate":"https:\/\/www.editorialjuventud.es\/?s={search_term_string}"},"query-input":{"@type":"PropertyValueSpecification","valueRequired":true,"valueName":"search_term_string"}}],"inLanguage":"ca"}]}},"_links":{"self":[{"href":"https:\/\/www.editorialjuventud.es\/ca\/wp-json\/wp\/v2\/product\/75754","targetHints":{"allow":["GET"]}}],"collection":[{"href":"https:\/\/www.editorialjuventud.es\/ca\/wp-json\/wp\/v2\/product"}],"about":[{"href":"https:\/\/www.editorialjuventud.es\/ca\/wp-json\/wp\/v2\/types\/product"}],"wp:attachment":[{"href":"https:\/\/www.editorialjuventud.es\/ca\/wp-json\/wp\/v2\/media?parent=75754"}],"wp:term":[{"taxonomy":"product_brand","embeddable":true,"href":"https:\/\/www.editorialjuventud.es\/ca\/wp-json\/wp\/v2\/product_brand?post=75754"},{"taxonomy":"product_cat","embeddable":true,"href":"https:\/\/www.editorialjuventud.es\/ca\/wp-json\/wp\/v2\/product_cat?post=75754"},{"taxonomy":"product_tag","embeddable":true,"href":"https:\/\/www.editorialjuventud.es\/ca\/wp-json\/wp\/v2\/product_tag?post=75754"},{"taxonomy":"coleccion","embeddable":true,"href":"https:\/\/www.editorialjuventud.es\/ca\/wp-json\/wp\/v2\/coleccion?post=75754"}],"curies":[{"name":"wp","href":"https:\/\/api.w.org\/{rel}","templated":true}]}}

Llibre de Fades &#8211; rústica-

<p><span class="hiddenSpellError">Arthur</span> <span class="hiddenSpellError">Rackham</span> diu en el pròleg d&#8217;aquest llibre: La major part de les rondalles que llegireu aquí foren trameses de viva veu durant moltes generacions abans que algú que sabés escriure les pogués caçar al vol per fixar-les en el fred llenguatge escrit. Anomenem &#8220;contes de fades&#8221; totes les rondalles aplegades en aquest llibre, per bé que algunes d&#8217;elles no tinguin gran cosa de màgiques ni tan sols de fantàstiques.</p>

Arthur Rackham diu en el pròleg d&#8217;aquest llibre: La major part de les rondalles que llegireu aquí foren trameses de viva veu durant moltes generacions abans que algú que sabés escriure les pogués caçar al vol per fixar-les en el fred llenguatge [&hellip;]

Rústica

<!-- This site is optimized with the Yoast SEO plugin v27.3 - https://yoast.com/product/yoast-seo-wordpress/ -->
<title>Llibre de Fades - rústica- Editorial Juventud</title>
<meta name="description" content="Arthur Rackham diu en el pròleg d&#039;aquest llibre: La major part de les rondalles que llegireu aquí foren trameses de viva veu durant moltes generacions" />
<meta name="robots" content="index, follow, max-snippet:-1, max-image-preview:large, max-video-preview:-1" />
<link rel="canonical" href="https://www.editorialjuventud.es/llibre-de-fades-rustica-9788426124357/" />
<meta property="og:locale" content="ca_ES" />
<meta property="og:type" content="article" />
<meta property="og:title" content="Llibre de Fades - rústica- Editorial Juventud" />
<meta property="og:description" content="Arthur Rackham diu en el pròleg d&#039;aquest llibre: La major part de les rondalles que llegireu aquí foren trameses de viva veu durant moltes generacions" />
<meta property="og:url" content="https://www.editorialjuventud.es/llibre-de-fades-rustica-9788426124357/" />
<meta property="og:site_name" content="Editorial Juventud" />
<meta property="article:modified_time" content="2023-04-03T10:52:45+00:00" />
<meta name="twitter:card" content="summary_large_image" />
<script type="application/ld+json" class="yoast-schema-graph">{"@context":"https:\/\/schema.org","@graph":[{"@type":"WebPage","@id":"https:\/\/www.editorialjuventud.es\/llibre-de-fades-rustica-9788426124357\/","url":"https:\/\/www.editorialjuventud.es\/llibre-de-fades-rustica-9788426124357\/","name":"Llibre de Fades - rústica- Editorial Juventud","isPartOf":{"@id":"https:\/\/www.editorialjuventud.es\/#website"},"datePublished":"2023-04-03T09:22:33+00:00","dateModified":"2023-04-03T10:52:45+00:00","description":"Arthur Rackham diu en el pròleg d'aquest llibre: La major part de les rondalles que llegireu aquí foren trameses de viva veu durant moltes generacions","breadcrumb":{"@id":"https:\/\/www.editorialjuventud.es\/llibre-de-fades-rustica-9788426124357\/#breadcrumb"},"inLanguage":"ca","potentialAction":[{"@type":"ReadAction","target":["https:\/\/www.editorialjuventud.es\/llibre-de-fades-rustica-9788426124357\/"]}]},{"@type":"BreadcrumbList","@id":"https:\/\/www.editorialjuventud.es\/llibre-de-fades-rustica-9788426124357\/#breadcrumb","itemListElement":[{"@type":"ListItem","position":1,"name":"Portada","item":"https:\/\/www.editorialjuventud.es\/"},{"@type":"ListItem","position":2,"name":"Llibre de Fades &#8211; rústica-"}]},{"@type":"WebSite","@id":"https:\/\/www.editorialjuventud.es\/#website","url":"https:\/\/www.editorialjuventud.es\/","name":"Editorial Juventud","description":"","potentialAction":[{"@type":"SearchAction","target":{"@type":"EntryPoint","urlTemplate":"https:\/\/www.editorialjuventud.es\/?s={search_term_string}"},"query-input":{"@type":"PropertyValueSpecification","valueRequired":true,"valueName":"search_term_string"}}],"inLanguage":"ca"}]}</script>
<!-- / Yoast SEO plugin. -->

Llibre de Fades - rústica- Editorial Juventud

Arthur Rackham diu en el pròleg d'aquest llibre: La major part de les rondalles que llegireu aquí foren trameses de viva veu durant moltes generacions
