{"id":5982,"date":"2018-08-24T11:43:51","date_gmt":"2018-08-24T09:43:51","guid":{"rendered":"http:\/\/www.editorialjuventud.es\/en-jan-i-en-pep-fan-un-forat\/"},"modified":"2019-10-11T16:05:32","modified_gmt":"2019-10-11T14:05:32","slug":"en-jan-i-en-pep-fan-un-forat-9788426140920","status":"publish","type":"product","link":"https:\/\/www.editorialjuventud.es\/ca\/en-jan-i-en-pep-fan-un-forat-9788426140920\/","title":{"rendered":"En Jan i en Pep fan un forat"},"content":{"rendered":"<p>En Jan i en Pep es proposen trobar quelcom espectacular. Es posen a cavar i a cavar. Sempre ho tenen ben a prop, per\u00f2 no ho troben. No obstant aix\u00f2, el dia resulta ser bastant espectacular despr\u00e9s de tot. Una encantadora i divertida hist\u00f2ria de la m\u00e0 dels autors de Llana a dojo. .<\/p>\n","protected":false},"excerpt":{"rendered":"En Jan i en Pep es proposen trobar quelcom espectacular. Es posen a cavar i a cavar. Sempre ho tenen ben a prop, per\u00f2 no ho troben. No obstant aix\u00f2, el dia resulta ser bastant espectacular despr\u00e9s de tot. Una [&hellip;]","protected":false},"featured_media":13237,"template":"","meta":{"_acf_changed":false,"_exactmetrics_skip_tracking":false,"_exactmetrics_sitenote_active":false,"_exactmetrics_sitenote_note":"","_exactmetrics_sitenote_category":0},"product_brand":[],"product_cat":[900,1121,1136,892,1115,1128],"product_tag":[],"coleccion":[917,915,960],"class_list":{"0":"post-5982","1":"product","2":"type-product","3":"status-publish","4":"has-post-thumbnail","6":"product_cat-a-partir-de-5-anos","7":"product_cat-albumes-ilustrados","8":"product_cat-amistad","9":"product_cat-edades","10":"product_cat-generos","11":"product_cat-tematica","12":"coleccion-albums-illustrats","13":"coleccion-catala","14":"coleccion-un-milio-damics","16":"first","17":"instock","18":"taxable","19":"shipping-taxable","20":"purchasable","21":"product-type-simple"},"acf":{"autores-libros":[16445],"ilustradores-libros":[16445],"traductores-libros":[18265]},"yoast_head":"<!-- This site is optimized with the Yoast SEO plugin v27.3 - https:\/\/yoast.com\/product\/yoast-seo-wordpress\/ -->\n<title>En Jan i en Pep fan un forat - Editorial Juventud<\/title>\n<meta name=\"description\" content=\"En Jan i en Pep es proposen trobar quelcom espectacular. Es posen a cavar i a cavar. Sempre ho tenen ben a prop, per\u00f2 no ho troben. No obstant aix\u00f2, el\" \/>\n<meta name=\"robots\" content=\"index, follow, max-snippet:-1, max-image-preview:large, max-video-preview:-1\" \/>\n<link rel=\"canonical\" href=\"https:\/\/www.editorialjuventud.es\/en-jan-i-en-pep-fan-un-forat-9788426140920\/\" \/>\n<meta property=\"og:locale\" content=\"ca_ES\" \/>\n<meta property=\"og:type\" content=\"article\" \/>\n<meta property=\"og:title\" content=\"En Jan i en Pep fan un forat - Editorial Juventud\" \/>\n<meta property=\"og:description\" content=\"En Jan i en Pep es proposen trobar quelcom espectacular. Es posen a cavar i a cavar. Sempre ho tenen ben a prop, per\u00f2 no ho troben. No obstant aix\u00f2, el\" \/>\n<meta property=\"og:url\" content=\"https:\/\/www.editorialjuventud.es\/en-jan-i-en-pep-fan-un-forat-9788426140920\/\" \/>\n<meta property=\"og:site_name\" content=\"Editorial Juventud\" \/>\n<meta property=\"article:modified_time\" content=\"2019-10-11T14:05:32+00:00\" \/>\n<meta property=\"og:image\" content=\"https:\/\/www.editorialjuventud.es\/wp-content\/uploads\/4092.jpg\" \/>\n\t<meta property=\"og:image:width\" content=\"335\" \/>\n\t<meta property=\"og:image:height\" content=\"450\" \/>\n\t<meta property=\"og:image:type\" content=\"image\/jpeg\" \/>\n<meta name=\"twitter:card\" content=\"summary_large_image\" \/>\n<script type=\"application\/ld+json\" class=\"yoast-schema-graph\">{\"@context\":\"https:\\\/\\\/schema.org\",\"@graph\":[{\"@type\":\"WebPage\",\"@id\":\"https:\\\/\\\/www.editorialjuventud.es\\\/en-jan-i-en-pep-fan-un-forat-9788426140920\\\/\",\"url\":\"https:\\\/\\\/www.editorialjuventud.es\\\/en-jan-i-en-pep-fan-un-forat-9788426140920\\\/\",\"name\":\"En Jan i en Pep fan un forat - Editorial Juventud\",\"isPartOf\":{\"@id\":\"https:\\\/\\\/www.editorialjuventud.es\\\/#website\"},\"primaryImageOfPage\":{\"@id\":\"https:\\\/\\\/www.editorialjuventud.es\\\/en-jan-i-en-pep-fan-un-forat-9788426140920\\\/#primaryimage\"},\"image\":{\"@id\":\"https:\\\/\\\/www.editorialjuventud.es\\\/en-jan-i-en-pep-fan-un-forat-9788426140920\\\/#primaryimage\"},\"thumbnailUrl\":\"https:\\\/\\\/www.editorialjuventud.es\\\/wp-content\\\/uploads\\\/4092.jpg\",\"datePublished\":\"2018-08-24T09:43:51+00:00\",\"dateModified\":\"2019-10-11T14:05:32+00:00\",\"description\":\"En Jan i en Pep es proposen trobar quelcom espectacular. Es posen a cavar i a cavar. Sempre ho tenen ben a prop, per\u00f2 no ho troben. No obstant aix\u00f2, el\",\"breadcrumb\":{\"@id\":\"https:\\\/\\\/www.editorialjuventud.es\\\/en-jan-i-en-pep-fan-un-forat-9788426140920\\\/#breadcrumb\"},\"inLanguage\":\"ca\",\"potentialAction\":[{\"@type\":\"ReadAction\",\"target\":[\"https:\\\/\\\/www.editorialjuventud.es\\\/en-jan-i-en-pep-fan-un-forat-9788426140920\\\/\"]}]},{\"@type\":\"ImageObject\",\"inLanguage\":\"ca\",\"@id\":\"https:\\\/\\\/www.editorialjuventud.es\\\/en-jan-i-en-pep-fan-un-forat-9788426140920\\\/#primaryimage\",\"url\":\"https:\\\/\\\/www.editorialjuventud.es\\\/wp-content\\\/uploads\\\/4092.jpg\",\"contentUrl\":\"https:\\\/\\\/www.editorialjuventud.es\\\/wp-content\\\/uploads\\\/4092.jpg\",\"width\":335,\"height\":450,\"caption\":\"4092.jpg\"},{\"@type\":\"BreadcrumbList\",\"@id\":\"https:\\\/\\\/www.editorialjuventud.es\\\/en-jan-i-en-pep-fan-un-forat-9788426140920\\\/#breadcrumb\",\"itemListElement\":[{\"@type\":\"ListItem\",\"position\":1,\"name\":\"Portada\",\"item\":\"https:\\\/\\\/www.editorialjuventud.es\\\/\"},{\"@type\":\"ListItem\",\"position\":2,\"name\":\"cat\u00e1logo\",\"item\":\"https:\\\/\\\/www.editorialjuventud.es\\\/coleccion\\\/catalogo\\\/\"},{\"@type\":\"ListItem\",\"position\":3,\"name\":\"catal\u00e0\",\"item\":\"https:\\\/\\\/www.editorialjuventud.es\\\/coleccion\\\/catala\\\/\"},{\"@type\":\"ListItem\",\"position\":4,\"name\":\"\u00c0lbums Il\u00b7lustrats\",\"item\":\"https:\\\/\\\/www.editorialjuventud.es\\\/coleccion\\\/albums-il%c2%b7lustrats\\\/\"},{\"@type\":\"ListItem\",\"position\":5,\"name\":\"Un Mili\u00f3 d'Amics\",\"item\":\"https:\\\/\\\/www.editorialjuventud.es\\\/coleccion\\\/un-milio-damics\\\/\"},{\"@type\":\"ListItem\",\"position\":6,\"name\":\"En Jan i en Pep fan un forat\"}]},{\"@type\":\"WebSite\",\"@id\":\"https:\\\/\\\/www.editorialjuventud.es\\\/#website\",\"url\":\"https:\\\/\\\/www.editorialjuventud.es\\\/\",\"name\":\"Editorial Juventud\",\"description\":\"\",\"potentialAction\":[{\"@type\":\"SearchAction\",\"target\":{\"@type\":\"EntryPoint\",\"urlTemplate\":\"https:\\\/\\\/www.editorialjuventud.es\\\/?s={search_term_string}\"},\"query-input\":{\"@type\":\"PropertyValueSpecification\",\"valueRequired\":true,\"valueName\":\"search_term_string\"}}],\"inLanguage\":\"ca\"}]}<\/script>\n<!-- \/ Yoast SEO plugin. -->","yoast_head_json":{"title":"En Jan i en Pep fan un forat - Editorial Juventud","description":"En Jan i en Pep es proposen trobar quelcom espectacular. Es posen a cavar i a cavar. Sempre ho tenen ben a prop, per\u00f2 no ho troben. No obstant aix\u00f2, el","robots":{"index":"index","follow":"follow","max-snippet":"max-snippet:-1","max-image-preview":"max-image-preview:large","max-video-preview":"max-video-preview:-1"},"canonical":"https:\/\/www.editorialjuventud.es\/en-jan-i-en-pep-fan-un-forat-9788426140920\/","og_locale":"ca_ES","og_type":"article","og_title":"En Jan i en Pep fan un forat - Editorial Juventud","og_description":"En Jan i en Pep es proposen trobar quelcom espectacular. Es posen a cavar i a cavar. Sempre ho tenen ben a prop, per\u00f2 no ho troben. No obstant aix\u00f2, el","og_url":"https:\/\/www.editorialjuventud.es\/en-jan-i-en-pep-fan-un-forat-9788426140920\/","og_site_name":"Editorial Juventud","article_modified_time":"2019-10-11T14:05:32+00:00","og_image":[{"width":335,"height":450,"url":"https:\/\/www.editorialjuventud.es\/wp-content\/uploads\/4092.jpg","type":"image\/jpeg"}],"twitter_card":"summary_large_image","schema":{"@context":"https:\/\/schema.org","@graph":[{"@type":"WebPage","@id":"https:\/\/www.editorialjuventud.es\/en-jan-i-en-pep-fan-un-forat-9788426140920\/","url":"https:\/\/www.editorialjuventud.es\/en-jan-i-en-pep-fan-un-forat-9788426140920\/","name":"En Jan i en Pep fan un forat - Editorial Juventud","isPartOf":{"@id":"https:\/\/www.editorialjuventud.es\/#website"},"primaryImageOfPage":{"@id":"https:\/\/www.editorialjuventud.es\/en-jan-i-en-pep-fan-un-forat-9788426140920\/#primaryimage"},"image":{"@id":"https:\/\/www.editorialjuventud.es\/en-jan-i-en-pep-fan-un-forat-9788426140920\/#primaryimage"},"thumbnailUrl":"https:\/\/www.editorialjuventud.es\/wp-content\/uploads\/4092.jpg","datePublished":"2018-08-24T09:43:51+00:00","dateModified":"2019-10-11T14:05:32+00:00","description":"En Jan i en Pep es proposen trobar quelcom espectacular. Es posen a cavar i a cavar. Sempre ho tenen ben a prop, per\u00f2 no ho troben. No obstant aix\u00f2, el","breadcrumb":{"@id":"https:\/\/www.editorialjuventud.es\/en-jan-i-en-pep-fan-un-forat-9788426140920\/#breadcrumb"},"inLanguage":"ca","potentialAction":[{"@type":"ReadAction","target":["https:\/\/www.editorialjuventud.es\/en-jan-i-en-pep-fan-un-forat-9788426140920\/"]}]},{"@type":"ImageObject","inLanguage":"ca","@id":"https:\/\/www.editorialjuventud.es\/en-jan-i-en-pep-fan-un-forat-9788426140920\/#primaryimage","url":"https:\/\/www.editorialjuventud.es\/wp-content\/uploads\/4092.jpg","contentUrl":"https:\/\/www.editorialjuventud.es\/wp-content\/uploads\/4092.jpg","width":335,"height":450,"caption":"4092.jpg"},{"@type":"BreadcrumbList","@id":"https:\/\/www.editorialjuventud.es\/en-jan-i-en-pep-fan-un-forat-9788426140920\/#breadcrumb","itemListElement":[{"@type":"ListItem","position":1,"name":"Portada","item":"https:\/\/www.editorialjuventud.es\/"},{"@type":"ListItem","position":2,"name":"cat\u00e1logo","item":"https:\/\/www.editorialjuventud.es\/coleccion\/catalogo\/"},{"@type":"ListItem","position":3,"name":"catal\u00e0","item":"https:\/\/www.editorialjuventud.es\/coleccion\/catala\/"},{"@type":"ListItem","position":4,"name":"\u00c0lbums Il\u00b7lustrats","item":"https:\/\/www.editorialjuventud.es\/coleccion\/albums-il%c2%b7lustrats\/"},{"@type":"ListItem","position":5,"name":"Un Mili\u00f3 d'Amics","item":"https:\/\/www.editorialjuventud.es\/coleccion\/un-milio-damics\/"},{"@type":"ListItem","position":6,"name":"En Jan i en Pep fan un forat"}]},{"@type":"WebSite","@id":"https:\/\/www.editorialjuventud.es\/#website","url":"https:\/\/www.editorialjuventud.es\/","name":"Editorial Juventud","description":"","potentialAction":[{"@type":"SearchAction","target":{"@type":"EntryPoint","urlTemplate":"https:\/\/www.editorialjuventud.es\/?s={search_term_string}"},"query-input":{"@type":"PropertyValueSpecification","valueRequired":true,"valueName":"search_term_string"}}],"inLanguage":"ca"}]}},"_links":{"self":[{"href":"https:\/\/www.editorialjuventud.es\/ca\/wp-json\/wp\/v2\/product\/5982","targetHints":{"allow":["GET"]}}],"collection":[{"href":"https:\/\/www.editorialjuventud.es\/ca\/wp-json\/wp\/v2\/product"}],"about":[{"href":"https:\/\/www.editorialjuventud.es\/ca\/wp-json\/wp\/v2\/types\/product"}],"wp:featuredmedia":[{"embeddable":true,"href":"https:\/\/www.editorialjuventud.es\/ca\/wp-json\/wp\/v2\/media\/13237"}],"wp:attachment":[{"href":"https:\/\/www.editorialjuventud.es\/ca\/wp-json\/wp\/v2\/media?parent=5982"}],"wp:term":[{"taxonomy":"product_brand","embeddable":true,"href":"https:\/\/www.editorialjuventud.es\/ca\/wp-json\/wp\/v2\/product_brand?post=5982"},{"taxonomy":"product_cat","embeddable":true,"href":"https:\/\/www.editorialjuventud.es\/ca\/wp-json\/wp\/v2\/product_cat?post=5982"},{"taxonomy":"product_tag","embeddable":true,"href":"https:\/\/www.editorialjuventud.es\/ca\/wp-json\/wp\/v2\/product_tag?post=5982"},{"taxonomy":"coleccion","embeddable":true,"href":"https:\/\/www.editorialjuventud.es\/ca\/wp-json\/wp\/v2\/coleccion?post=5982"}],"curies":[{"name":"wp","href":"https:\/\/api.w.org\/{rel}","templated":true}]}}

<p>En Jan i en Pep es proposen trobar quelcom espectacular. Es posen a cavar i a cavar. Sempre ho tenen ben a prop, però no ho troben. No obstant això, el dia resulta ser bastant espectacular després de tot. Una encantadora i divertida història de la mà dels autors de Llana a dojo. .</p>

En Jan i en Pep es proposen trobar quelcom espectacular. Es posen a cavar i a cavar. Sempre ho tenen ben a prop, però no ho troben. No obstant això, el dia resulta ser bastant espectacular després de tot. Una [&hellip;]

<!-- This site is optimized with the Yoast SEO plugin v27.3 - https://yoast.com/product/yoast-seo-wordpress/ -->
<title>En Jan i en Pep fan un forat - Editorial Juventud</title>
<meta name="description" content="En Jan i en Pep es proposen trobar quelcom espectacular. Es posen a cavar i a cavar. Sempre ho tenen ben a prop, però no ho troben. No obstant això, el" />
<meta name="robots" content="index, follow, max-snippet:-1, max-image-preview:large, max-video-preview:-1" />
<link rel="canonical" href="https://www.editorialjuventud.es/en-jan-i-en-pep-fan-un-forat-9788426140920/" />
<meta property="og:locale" content="ca_ES" />
<meta property="og:type" content="article" />
<meta property="og:title" content="En Jan i en Pep fan un forat - Editorial Juventud" />
<meta property="og:description" content="En Jan i en Pep es proposen trobar quelcom espectacular. Es posen a cavar i a cavar. Sempre ho tenen ben a prop, però no ho troben. No obstant això, el" />
<meta property="og:url" content="https://www.editorialjuventud.es/en-jan-i-en-pep-fan-un-forat-9788426140920/" />
<meta property="og:site_name" content="Editorial Juventud" />
<meta property="article:modified_time" content="2019-10-11T14:05:32+00:00" />
<meta property="og:image" content="https://www.editorialjuventud.es/wp-content/uploads/4092.jpg" />
	<meta property="og:image:width" content="335" />
	<meta property="og:image:height" content="450" />
	<meta property="og:image:type" content="image/jpeg" />
<meta name="twitter:card" content="summary_large_image" />
<script type="application/ld+json" class="yoast-schema-graph">{"@context":"https:\/\/schema.org","@graph":[{"@type":"WebPage","@id":"https:\/\/www.editorialjuventud.es\/en-jan-i-en-pep-fan-un-forat-9788426140920\/","url":"https:\/\/www.editorialjuventud.es\/en-jan-i-en-pep-fan-un-forat-9788426140920\/","name":"En Jan i en Pep fan un forat - Editorial Juventud","isPartOf":{"@id":"https:\/\/www.editorialjuventud.es\/#website"},"primaryImageOfPage":{"@id":"https:\/\/www.editorialjuventud.es\/en-jan-i-en-pep-fan-un-forat-9788426140920\/#primaryimage"},"image":{"@id":"https:\/\/www.editorialjuventud.es\/en-jan-i-en-pep-fan-un-forat-9788426140920\/#primaryimage"},"thumbnailUrl":"https:\/\/www.editorialjuventud.es\/wp-content\/uploads\/4092.jpg","datePublished":"2018-08-24T09:43:51+00:00","dateModified":"2019-10-11T14:05:32+00:00","description":"En Jan i en Pep es proposen trobar quelcom espectacular. Es posen a cavar i a cavar. Sempre ho tenen ben a prop, però no ho troben. No obstant això, el","breadcrumb":{"@id":"https:\/\/www.editorialjuventud.es\/en-jan-i-en-pep-fan-un-forat-9788426140920\/#breadcrumb"},"inLanguage":"ca","potentialAction":[{"@type":"ReadAction","target":["https:\/\/www.editorialjuventud.es\/en-jan-i-en-pep-fan-un-forat-9788426140920\/"]}]},{"@type":"ImageObject","inLanguage":"ca","@id":"https:\/\/www.editorialjuventud.es\/en-jan-i-en-pep-fan-un-forat-9788426140920\/#primaryimage","url":"https:\/\/www.editorialjuventud.es\/wp-content\/uploads\/4092.jpg","contentUrl":"https:\/\/www.editorialjuventud.es\/wp-content\/uploads\/4092.jpg","width":335,"height":450,"caption":"4092.jpg"},{"@type":"BreadcrumbList","@id":"https:\/\/www.editorialjuventud.es\/en-jan-i-en-pep-fan-un-forat-9788426140920\/#breadcrumb","itemListElement":[{"@type":"ListItem","position":1,"name":"Portada","item":"https:\/\/www.editorialjuventud.es\/"},{"@type":"ListItem","position":2,"name":"catálogo","item":"https:\/\/www.editorialjuventud.es\/coleccion\/catalogo\/"},{"@type":"ListItem","position":3,"name":"català","item":"https:\/\/www.editorialjuventud.es\/coleccion\/catala\/"},{"@type":"ListItem","position":4,"name":"Àlbums Il·lustrats","item":"https:\/\/www.editorialjuventud.es\/coleccion\/albums-il%c2%b7lustrats\/"},{"@type":"ListItem","position":5,"name":"Un Milió d'Amics","item":"https:\/\/www.editorialjuventud.es\/coleccion\/un-milio-damics\/"},{"@type":"ListItem","position":6,"name":"En Jan i en Pep fan un forat"}]},{"@type":"WebSite","@id":"https:\/\/www.editorialjuventud.es\/#website","url":"https:\/\/www.editorialjuventud.es\/","name":"Editorial Juventud","description":"","potentialAction":[{"@type":"SearchAction","target":{"@type":"EntryPoint","urlTemplate":"https:\/\/www.editorialjuventud.es\/?s={search_term_string}"},"query-input":{"@type":"PropertyValueSpecification","valueRequired":true,"valueName":"search_term_string"}}],"inLanguage":"ca"}]}</script>
<!-- / Yoast SEO plugin. -->

En Jan i en Pep es proposen trobar quelcom espectacular. Es posen a cavar i a cavar. Sempre ho tenen ben a prop, però no ho troben. No obstant això, el

catálogo

català

Àlbums Il·lustrats

Un Milió d'Amics
