{"id":5919,"date":"2018-08-24T11:38:58","date_gmt":"2018-08-24T09:38:58","guid":{"rendered":"http:\/\/www.editorialjuventud.es\/heu-vist-els-meus-mitjons-blaus\/"},"modified":"2025-01-22T13:19:51","modified_gmt":"2025-01-22T12:19:51","slug":"heu-vist-els-meus-mitjons-blaus-9788426140180","status":"publish","type":"product","link":"https:\/\/www.editorialjuventud.es\/ca\/heu-vist-els-meus-mitjons-blaus-9788426140180\/","title":{"rendered":"Heu vist els meus mitjons blaus?"},"content":{"rendered":"<p>L&#8217;\u00e0nec no troba els seus mitjons.<br \/>S\u00f3n nous. S\u00f3n&#8230; On s\u00f3n? <br \/>Qu\u00e8 els heu vist, vosaltres?<br \/>Un \u00e0lbum per a pre-lectors i primers lectors amb rimes i repeticions, per enriquir el seu vocabulari, i un final inesperat!<\/p>\n","protected":false},"excerpt":{"rendered":"L&#8217;\u00e0nec no troba els seus mitjons.S\u00f3n nous. S\u00f3n&#8230; On s\u00f3n? Qu\u00e8 els heu vist, vosaltres?Un \u00e0lbum per a pre-lectors i primers lectors amb rimes i repeticions, per enriquir el seu vocabulari, i un final inesperat!","protected":false},"featured_media":13351,"template":"","meta":{"_acf_changed":false,"_exactmetrics_skip_tracking":false,"_exactmetrics_sitenote_active":false,"_exactmetrics_sitenote_note":"","_exactmetrics_sitenote_category":0},"product_brand":[],"product_cat":[900,1121,1184,1128],"product_tag":[],"coleccion":[951],"class_list":{"0":"post-5919","1":"product","2":"type-product","3":"status-publish","4":"has-post-thumbnail","6":"product_cat-a-partir-de-5-anos","7":"product_cat-albumes-ilustrados","8":"product_cat-humor","9":"product_cat-tematica","10":"coleccion-els-meus-primers-contes","12":"first","13":"instock","14":"taxable","15":"shipping-taxable","16":"purchasable","17":"product-type-simple"},"acf":{"autor":"Bunting - Ruzzier","codart":"4018","ediciones":"1","encuadernacion":"Carton\u00e9","fecha_de_publicacion":"01\/01\/2014","novedad":"0","paginas":"32","subtitulo":"","texto_web_adicional":"","texto_web_novedad":"","orden":"999","portada":"0","texto_web_resaltado":"","autores-libros":[16252],"ilustradores-libros":[16252],"traductores-libros":[17928]},"yoast_head":"<!-- This site is optimized with the Yoast SEO plugin v27.3 - https:\/\/yoast.com\/product\/yoast-seo-wordpress\/ -->\n<title>Heu vist els meus mitjons blaus? - Editorial Juventud<\/title>\n<meta name=\"description\" content=\"L&#039;\u00e0nec no troba els seus mitjons.S\u00f3n nous. S\u00f3n... On s\u00f3n? Qu\u00e8 els heu vist, vosaltres?Un \u00e0lbum per a pre-lectors i primers lectors amb rimes i\" \/>\n<meta name=\"robots\" content=\"index, follow, max-snippet:-1, max-image-preview:large, max-video-preview:-1\" \/>\n<link rel=\"canonical\" href=\"https:\/\/www.editorialjuventud.es\/heu-vist-els-meus-mitjons-blaus-9788426140180\/\" \/>\n<meta property=\"og:locale\" content=\"ca_ES\" \/>\n<meta property=\"og:type\" content=\"article\" \/>\n<meta property=\"og:title\" content=\"Heu vist els meus mitjons blaus? - Editorial Juventud\" \/>\n<meta property=\"og:description\" content=\"L&#039;\u00e0nec no troba els seus mitjons.S\u00f3n nous. S\u00f3n... On s\u00f3n? Qu\u00e8 els heu vist, vosaltres?Un \u00e0lbum per a pre-lectors i primers lectors amb rimes i\" \/>\n<meta property=\"og:url\" content=\"https:\/\/www.editorialjuventud.es\/heu-vist-els-meus-mitjons-blaus-9788426140180\/\" \/>\n<meta property=\"og:site_name\" content=\"Editorial Juventud\" \/>\n<meta property=\"article:modified_time\" content=\"2025-01-22T12:19:51+00:00\" \/>\n<meta property=\"og:image\" content=\"https:\/\/www.editorialjuventud.es\/wp-content\/uploads\/4018.jpg\" \/>\n\t<meta property=\"og:image:width\" content=\"377\" \/>\n\t<meta property=\"og:image:height\" content=\"450\" \/>\n\t<meta property=\"og:image:type\" content=\"image\/jpeg\" \/>\n<meta name=\"twitter:card\" content=\"summary_large_image\" \/>\n<script type=\"application\/ld+json\" class=\"yoast-schema-graph\">{\"@context\":\"https:\\\/\\\/schema.org\",\"@graph\":[{\"@type\":\"WebPage\",\"@id\":\"https:\\\/\\\/www.editorialjuventud.es\\\/heu-vist-els-meus-mitjons-blaus-9788426140180\\\/\",\"url\":\"https:\\\/\\\/www.editorialjuventud.es\\\/heu-vist-els-meus-mitjons-blaus-9788426140180\\\/\",\"name\":\"Heu vist els meus mitjons blaus? - Editorial Juventud\",\"isPartOf\":{\"@id\":\"https:\\\/\\\/www.editorialjuventud.es\\\/#website\"},\"primaryImageOfPage\":{\"@id\":\"https:\\\/\\\/www.editorialjuventud.es\\\/heu-vist-els-meus-mitjons-blaus-9788426140180\\\/#primaryimage\"},\"image\":{\"@id\":\"https:\\\/\\\/www.editorialjuventud.es\\\/heu-vist-els-meus-mitjons-blaus-9788426140180\\\/#primaryimage\"},\"thumbnailUrl\":\"https:\\\/\\\/www.editorialjuventud.es\\\/wp-content\\\/uploads\\\/4018.jpg\",\"datePublished\":\"2018-08-24T09:38:58+00:00\",\"dateModified\":\"2025-01-22T12:19:51+00:00\",\"description\":\"L'\u00e0nec no troba els seus mitjons.S\u00f3n nous. S\u00f3n... On s\u00f3n? Qu\u00e8 els heu vist, vosaltres?Un \u00e0lbum per a pre-lectors i primers lectors amb rimes i\",\"breadcrumb\":{\"@id\":\"https:\\\/\\\/www.editorialjuventud.es\\\/heu-vist-els-meus-mitjons-blaus-9788426140180\\\/#breadcrumb\"},\"inLanguage\":\"ca\",\"potentialAction\":[{\"@type\":\"ReadAction\",\"target\":[\"https:\\\/\\\/www.editorialjuventud.es\\\/heu-vist-els-meus-mitjons-blaus-9788426140180\\\/\"]}]},{\"@type\":\"ImageObject\",\"inLanguage\":\"ca\",\"@id\":\"https:\\\/\\\/www.editorialjuventud.es\\\/heu-vist-els-meus-mitjons-blaus-9788426140180\\\/#primaryimage\",\"url\":\"https:\\\/\\\/www.editorialjuventud.es\\\/wp-content\\\/uploads\\\/4018.jpg\",\"contentUrl\":\"https:\\\/\\\/www.editorialjuventud.es\\\/wp-content\\\/uploads\\\/4018.jpg\",\"width\":377,\"height\":450,\"caption\":\"4018.jpg\"},{\"@type\":\"BreadcrumbList\",\"@id\":\"https:\\\/\\\/www.editorialjuventud.es\\\/heu-vist-els-meus-mitjons-blaus-9788426140180\\\/#breadcrumb\",\"itemListElement\":[{\"@type\":\"ListItem\",\"position\":1,\"name\":\"Portada\",\"item\":\"https:\\\/\\\/www.editorialjuventud.es\\\/\"},{\"@type\":\"ListItem\",\"position\":2,\"name\":\"cat\u00e1logo\",\"item\":\"https:\\\/\\\/www.editorialjuventud.es\\\/coleccion\\\/catalogo\\\/\"},{\"@type\":\"ListItem\",\"position\":3,\"name\":\"catal\u00e0\",\"item\":\"https:\\\/\\\/www.editorialjuventud.es\\\/coleccion\\\/catala\\\/\"},{\"@type\":\"ListItem\",\"position\":4,\"name\":\"\u00c0lbums Il\u00b7lustrats\",\"item\":\"https:\\\/\\\/www.editorialjuventud.es\\\/coleccion\\\/albums-il%c2%b7lustrats\\\/\"},{\"@type\":\"ListItem\",\"position\":5,\"name\":\"Els Meus Primers Contes\",\"item\":\"https:\\\/\\\/www.editorialjuventud.es\\\/coleccion\\\/els-meus-primers-contes\\\/\"},{\"@type\":\"ListItem\",\"position\":6,\"name\":\"Heu vist els meus mitjons blaus?\"}]},{\"@type\":\"WebSite\",\"@id\":\"https:\\\/\\\/www.editorialjuventud.es\\\/#website\",\"url\":\"https:\\\/\\\/www.editorialjuventud.es\\\/\",\"name\":\"Editorial Juventud\",\"description\":\"\",\"potentialAction\":[{\"@type\":\"SearchAction\",\"target\":{\"@type\":\"EntryPoint\",\"urlTemplate\":\"https:\\\/\\\/www.editorialjuventud.es\\\/?s={search_term_string}\"},\"query-input\":{\"@type\":\"PropertyValueSpecification\",\"valueRequired\":true,\"valueName\":\"search_term_string\"}}],\"inLanguage\":\"ca\"}]}<\/script>\n<!-- \/ Yoast SEO plugin. -->","yoast_head_json":{"title":"Heu vist els meus mitjons blaus? - Editorial Juventud","description":"L'\u00e0nec no troba els seus mitjons.S\u00f3n nous. S\u00f3n... On s\u00f3n? Qu\u00e8 els heu vist, vosaltres?Un \u00e0lbum per a pre-lectors i primers lectors amb rimes i","robots":{"index":"index","follow":"follow","max-snippet":"max-snippet:-1","max-image-preview":"max-image-preview:large","max-video-preview":"max-video-preview:-1"},"canonical":"https:\/\/www.editorialjuventud.es\/heu-vist-els-meus-mitjons-blaus-9788426140180\/","og_locale":"ca_ES","og_type":"article","og_title":"Heu vist els meus mitjons blaus? - Editorial Juventud","og_description":"L'\u00e0nec no troba els seus mitjons.S\u00f3n nous. S\u00f3n... On s\u00f3n? Qu\u00e8 els heu vist, vosaltres?Un \u00e0lbum per a pre-lectors i primers lectors amb rimes i","og_url":"https:\/\/www.editorialjuventud.es\/heu-vist-els-meus-mitjons-blaus-9788426140180\/","og_site_name":"Editorial Juventud","article_modified_time":"2025-01-22T12:19:51+00:00","og_image":[{"width":377,"height":450,"url":"https:\/\/www.editorialjuventud.es\/wp-content\/uploads\/4018.jpg","type":"image\/jpeg"}],"twitter_card":"summary_large_image","schema":{"@context":"https:\/\/schema.org","@graph":[{"@type":"WebPage","@id":"https:\/\/www.editorialjuventud.es\/heu-vist-els-meus-mitjons-blaus-9788426140180\/","url":"https:\/\/www.editorialjuventud.es\/heu-vist-els-meus-mitjons-blaus-9788426140180\/","name":"Heu vist els meus mitjons blaus? - Editorial Juventud","isPartOf":{"@id":"https:\/\/www.editorialjuventud.es\/#website"},"primaryImageOfPage":{"@id":"https:\/\/www.editorialjuventud.es\/heu-vist-els-meus-mitjons-blaus-9788426140180\/#primaryimage"},"image":{"@id":"https:\/\/www.editorialjuventud.es\/heu-vist-els-meus-mitjons-blaus-9788426140180\/#primaryimage"},"thumbnailUrl":"https:\/\/www.editorialjuventud.es\/wp-content\/uploads\/4018.jpg","datePublished":"2018-08-24T09:38:58+00:00","dateModified":"2025-01-22T12:19:51+00:00","description":"L'\u00e0nec no troba els seus mitjons.S\u00f3n nous. S\u00f3n... On s\u00f3n? Qu\u00e8 els heu vist, vosaltres?Un \u00e0lbum per a pre-lectors i primers lectors amb rimes i","breadcrumb":{"@id":"https:\/\/www.editorialjuventud.es\/heu-vist-els-meus-mitjons-blaus-9788426140180\/#breadcrumb"},"inLanguage":"ca","potentialAction":[{"@type":"ReadAction","target":["https:\/\/www.editorialjuventud.es\/heu-vist-els-meus-mitjons-blaus-9788426140180\/"]}]},{"@type":"ImageObject","inLanguage":"ca","@id":"https:\/\/www.editorialjuventud.es\/heu-vist-els-meus-mitjons-blaus-9788426140180\/#primaryimage","url":"https:\/\/www.editorialjuventud.es\/wp-content\/uploads\/4018.jpg","contentUrl":"https:\/\/www.editorialjuventud.es\/wp-content\/uploads\/4018.jpg","width":377,"height":450,"caption":"4018.jpg"},{"@type":"BreadcrumbList","@id":"https:\/\/www.editorialjuventud.es\/heu-vist-els-meus-mitjons-blaus-9788426140180\/#breadcrumb","itemListElement":[{"@type":"ListItem","position":1,"name":"Portada","item":"https:\/\/www.editorialjuventud.es\/"},{"@type":"ListItem","position":2,"name":"cat\u00e1logo","item":"https:\/\/www.editorialjuventud.es\/coleccion\/catalogo\/"},{"@type":"ListItem","position":3,"name":"catal\u00e0","item":"https:\/\/www.editorialjuventud.es\/coleccion\/catala\/"},{"@type":"ListItem","position":4,"name":"\u00c0lbums Il\u00b7lustrats","item":"https:\/\/www.editorialjuventud.es\/coleccion\/albums-il%c2%b7lustrats\/"},{"@type":"ListItem","position":5,"name":"Els Meus Primers Contes","item":"https:\/\/www.editorialjuventud.es\/coleccion\/els-meus-primers-contes\/"},{"@type":"ListItem","position":6,"name":"Heu vist els meus mitjons blaus?"}]},{"@type":"WebSite","@id":"https:\/\/www.editorialjuventud.es\/#website","url":"https:\/\/www.editorialjuventud.es\/","name":"Editorial Juventud","description":"","potentialAction":[{"@type":"SearchAction","target":{"@type":"EntryPoint","urlTemplate":"https:\/\/www.editorialjuventud.es\/?s={search_term_string}"},"query-input":{"@type":"PropertyValueSpecification","valueRequired":true,"valueName":"search_term_string"}}],"inLanguage":"ca"}]}},"_links":{"self":[{"href":"https:\/\/www.editorialjuventud.es\/ca\/wp-json\/wp\/v2\/product\/5919","targetHints":{"allow":["GET"]}}],"collection":[{"href":"https:\/\/www.editorialjuventud.es\/ca\/wp-json\/wp\/v2\/product"}],"about":[{"href":"https:\/\/www.editorialjuventud.es\/ca\/wp-json\/wp\/v2\/types\/product"}],"wp:featuredmedia":[{"embeddable":true,"href":"https:\/\/www.editorialjuventud.es\/ca\/wp-json\/wp\/v2\/media\/13351"}],"wp:attachment":[{"href":"https:\/\/www.editorialjuventud.es\/ca\/wp-json\/wp\/v2\/media?parent=5919"}],"wp:term":[{"taxonomy":"product_brand","embeddable":true,"href":"https:\/\/www.editorialjuventud.es\/ca\/wp-json\/wp\/v2\/product_brand?post=5919"},{"taxonomy":"product_cat","embeddable":true,"href":"https:\/\/www.editorialjuventud.es\/ca\/wp-json\/wp\/v2\/product_cat?post=5919"},{"taxonomy":"product_tag","embeddable":true,"href":"https:\/\/www.editorialjuventud.es\/ca\/wp-json\/wp\/v2\/product_tag?post=5919"},{"taxonomy":"coleccion","embeddable":true,"href":"https:\/\/www.editorialjuventud.es\/ca\/wp-json\/wp\/v2\/coleccion?post=5919"}],"curies":[{"name":"wp","href":"https:\/\/api.w.org\/{rel}","templated":true}]}}

<p>L&#8217;ànec no troba els seus mitjons.<br />Són nous. Són&#8230; On són? <br />Què els heu vist, vosaltres?<br />Un àlbum per a pre-lectors i primers lectors amb rimes i repeticions, per enriquir el seu vocabulari, i un final inesperat!</p>

L&#8217;ànec no troba els seus mitjons.Són nous. Són&#8230; On són? Què els heu vist, vosaltres?Un àlbum per a pre-lectors i primers lectors amb rimes i repeticions, per enriquir el seu vocabulari, i un final inesperat!

Cartoné

<!-- This site is optimized with the Yoast SEO plugin v27.3 - https://yoast.com/product/yoast-seo-wordpress/ -->
<title>Heu vist els meus mitjons blaus? - Editorial Juventud</title>
<meta name="description" content="L&#039;ànec no troba els seus mitjons.Són nous. Són... On són? Què els heu vist, vosaltres?Un àlbum per a pre-lectors i primers lectors amb rimes i" />
<meta name="robots" content="index, follow, max-snippet:-1, max-image-preview:large, max-video-preview:-1" />
<link rel="canonical" href="https://www.editorialjuventud.es/heu-vist-els-meus-mitjons-blaus-9788426140180/" />
<meta property="og:locale" content="ca_ES" />
<meta property="og:type" content="article" />
<meta property="og:title" content="Heu vist els meus mitjons blaus? - Editorial Juventud" />
<meta property="og:description" content="L&#039;ànec no troba els seus mitjons.Són nous. Són... On són? Què els heu vist, vosaltres?Un àlbum per a pre-lectors i primers lectors amb rimes i" />
<meta property="og:url" content="https://www.editorialjuventud.es/heu-vist-els-meus-mitjons-blaus-9788426140180/" />
<meta property="og:site_name" content="Editorial Juventud" />
<meta property="article:modified_time" content="2025-01-22T12:19:51+00:00" />
<meta property="og:image" content="https://www.editorialjuventud.es/wp-content/uploads/4018.jpg" />
	<meta property="og:image:width" content="377" />
	<meta property="og:image:height" content="450" />
	<meta property="og:image:type" content="image/jpeg" />
<meta name="twitter:card" content="summary_large_image" />
<script type="application/ld+json" class="yoast-schema-graph">{"@context":"https:\/\/schema.org","@graph":[{"@type":"WebPage","@id":"https:\/\/www.editorialjuventud.es\/heu-vist-els-meus-mitjons-blaus-9788426140180\/","url":"https:\/\/www.editorialjuventud.es\/heu-vist-els-meus-mitjons-blaus-9788426140180\/","name":"Heu vist els meus mitjons blaus? - Editorial Juventud","isPartOf":{"@id":"https:\/\/www.editorialjuventud.es\/#website"},"primaryImageOfPage":{"@id":"https:\/\/www.editorialjuventud.es\/heu-vist-els-meus-mitjons-blaus-9788426140180\/#primaryimage"},"image":{"@id":"https:\/\/www.editorialjuventud.es\/heu-vist-els-meus-mitjons-blaus-9788426140180\/#primaryimage"},"thumbnailUrl":"https:\/\/www.editorialjuventud.es\/wp-content\/uploads\/4018.jpg","datePublished":"2018-08-24T09:38:58+00:00","dateModified":"2025-01-22T12:19:51+00:00","description":"L'ànec no troba els seus mitjons.Són nous. Són... On són? Què els heu vist, vosaltres?Un àlbum per a pre-lectors i primers lectors amb rimes i","breadcrumb":{"@id":"https:\/\/www.editorialjuventud.es\/heu-vist-els-meus-mitjons-blaus-9788426140180\/#breadcrumb"},"inLanguage":"ca","potentialAction":[{"@type":"ReadAction","target":["https:\/\/www.editorialjuventud.es\/heu-vist-els-meus-mitjons-blaus-9788426140180\/"]}]},{"@type":"ImageObject","inLanguage":"ca","@id":"https:\/\/www.editorialjuventud.es\/heu-vist-els-meus-mitjons-blaus-9788426140180\/#primaryimage","url":"https:\/\/www.editorialjuventud.es\/wp-content\/uploads\/4018.jpg","contentUrl":"https:\/\/www.editorialjuventud.es\/wp-content\/uploads\/4018.jpg","width":377,"height":450,"caption":"4018.jpg"},{"@type":"BreadcrumbList","@id":"https:\/\/www.editorialjuventud.es\/heu-vist-els-meus-mitjons-blaus-9788426140180\/#breadcrumb","itemListElement":[{"@type":"ListItem","position":1,"name":"Portada","item":"https:\/\/www.editorialjuventud.es\/"},{"@type":"ListItem","position":2,"name":"catálogo","item":"https:\/\/www.editorialjuventud.es\/coleccion\/catalogo\/"},{"@type":"ListItem","position":3,"name":"català","item":"https:\/\/www.editorialjuventud.es\/coleccion\/catala\/"},{"@type":"ListItem","position":4,"name":"Àlbums Il·lustrats","item":"https:\/\/www.editorialjuventud.es\/coleccion\/albums-il%c2%b7lustrats\/"},{"@type":"ListItem","position":5,"name":"Els Meus Primers Contes","item":"https:\/\/www.editorialjuventud.es\/coleccion\/els-meus-primers-contes\/"},{"@type":"ListItem","position":6,"name":"Heu vist els meus mitjons blaus?"}]},{"@type":"WebSite","@id":"https:\/\/www.editorialjuventud.es\/#website","url":"https:\/\/www.editorialjuventud.es\/","name":"Editorial Juventud","description":"","potentialAction":[{"@type":"SearchAction","target":{"@type":"EntryPoint","urlTemplate":"https:\/\/www.editorialjuventud.es\/?s={search_term_string}"},"query-input":{"@type":"PropertyValueSpecification","valueRequired":true,"valueName":"search_term_string"}}],"inLanguage":"ca"}]}</script>
<!-- / Yoast SEO plugin. -->

L'ànec no troba els seus mitjons.Són nous. Són... On són? Què els heu vist, vosaltres?Un àlbum per a pre-lectors i primers lectors amb rimes i

catálogo

català

Àlbums Il·lustrats
