{"id":5812,"date":"2018-08-24T11:31:02","date_gmt":"2018-08-24T09:31:02","guid":{"rendered":"http:\/\/www.editorialjuventud.es\/yo-duermo\/"},"modified":"2021-10-22T08:41:01","modified_gmt":"2021-10-22T06:41:01","slug":"yo-duermo-9788426139054","status":"publish","type":"product","link":"https:\/\/www.editorialjuventud.es\/ca\/yo-duermo-9788426139054\/","title":{"rendered":"Yo duermo"},"content":{"rendered":"<p>Un libro de im\u00e1genes para tocar y sentir dirigido a los m\u00e1s peque\u00f1os. Con unas ilustraciones modernas de suaves colores para desarrollar el sentido del tacto, los beb\u00e9s aprender\u00e1n a nombrar los objetos y los reconocer\u00e1n f\u00e1cilmente. Desde el desayuno a la hora de acostarse, el ni\u00f1o disfrutar\u00e1 con estos libros de cart\u00f3n adaptados a su edad, y estar\u00e1 feliz de aprender las primeras palabras, y de sentir las diferentes texturas para cada objeto.<\/p>\n","protected":false},"excerpt":{"rendered":"Un libro de im\u00e1genes para tocar y sentir dirigido a los m\u00e1s peque\u00f1os. Con unas ilustraciones modernas de suaves colores para desarrollar el sentido del tacto, los beb\u00e9s aprender\u00e1n a nombrar los objetos y los reconocer\u00e1n f\u00e1cilmente. Desde el desayuno [&hellip;]","protected":false},"featured_media":15105,"template":"","meta":{"_acf_changed":false,"_exactmetrics_skip_tracking":false,"_exactmetrics_sitenote_active":false,"_exactmetrics_sitenote_note":"","_exactmetrics_sitenote_category":0},"product_brand":[],"product_cat":[907,1165,892,1115,1181,1122,1128],"product_tag":[],"coleccion":[916,1299,1296],"class_list":{"0":"post-5812","1":"product","2":"type-product","3":"status-publish","4":"has-post-thumbnail","6":"product_cat-de-0-a-2-anos","7":"product_cat-dormir-sueno","8":"product_cat-edades","9":"product_cat-generos","10":"product_cat-habitos","11":"product_cat-libros-de-carton","12":"product_cat-tematica","13":"coleccion-castellano","14":"coleccion-mis-libros-de-imagenes-para-tocar-mis-primeros-libros","15":"coleccion-mis-primeros-libros","17":"first","18":"instock","19":"taxable","20":"shipping-taxable","21":"purchasable","22":"product-type-simple"},"acf":{"autor":"GRAUX, AM\u00c9LIE","codart":"3905","ediciones":"1","encuadernacion":"Cart\u00f3n","fecha_de_publicacion":"01\/06\/2012","novedad":"0","paginas":"12","subtitulo":"","texto_web_adicional":"","texto_web_novedad":"","orden":"999","portada":"0","texto_web_resaltado":"","indice":"","autores-libros":[16378],"ilustradores-libros":[16378],"traductores-libros":"","fecha_de_reimpresion":"","descripcion_corta":"","recomendamos":"","mas_vendido":"","idioma-libro":"","color":false,"formato":"","mas_informacion_del_producto":false,"premios":false,"texto_enlace_cubierta":"","enlace_cubierta":false,"texto_enlace_ficha_tecnica":"","enlace_ficha_tecnica":false,"ficheros":false,"titulo-fr":"","texto-fr":""},"yoast_head":"<!-- This site is optimized with the Yoast SEO plugin v27.3 - https:\/\/yoast.com\/product\/yoast-seo-wordpress\/ -->\n<title>Yo duermo - Editorial Juventud<\/title>\n<meta name=\"description\" content=\"Un libro de im\u00e1genes para tocar y sentir dirigido a los m\u00e1s peque\u00f1os. Con unas ilustraciones modernas de suaves colores para desarrollar el sentido del\" \/>\n<meta name=\"robots\" content=\"index, follow, max-snippet:-1, max-image-preview:large, max-video-preview:-1\" \/>\n<link rel=\"canonical\" href=\"https:\/\/www.editorialjuventud.es\/yo-duermo-9788426139054\/\" \/>\n<meta property=\"og:locale\" content=\"ca_ES\" \/>\n<meta property=\"og:type\" content=\"article\" \/>\n<meta property=\"og:title\" content=\"Yo duermo - Editorial Juventud\" \/>\n<meta property=\"og:description\" content=\"Un libro de im\u00e1genes para tocar y sentir dirigido a los m\u00e1s peque\u00f1os. Con unas ilustraciones modernas de suaves colores para desarrollar el sentido del\" \/>\n<meta property=\"og:url\" content=\"https:\/\/www.editorialjuventud.es\/yo-duermo-9788426139054\/\" \/>\n<meta property=\"og:site_name\" content=\"Editorial Juventud\" \/>\n<meta property=\"article:modified_time\" content=\"2021-10-22T06:41:01+00:00\" \/>\n<meta property=\"og:image\" content=\"https:\/\/www.editorialjuventud.es\/wp-content\/uploads\/3905.jpg\" \/>\n\t<meta property=\"og:image:width\" content=\"428\" \/>\n\t<meta property=\"og:image:height\" content=\"450\" \/>\n\t<meta property=\"og:image:type\" content=\"image\/jpeg\" \/>\n<meta name=\"twitter:card\" content=\"summary_large_image\" \/>\n<script type=\"application\/ld+json\" class=\"yoast-schema-graph\">{\"@context\":\"https:\\\/\\\/schema.org\",\"@graph\":[{\"@type\":\"WebPage\",\"@id\":\"https:\\\/\\\/www.editorialjuventud.es\\\/yo-duermo-9788426139054\\\/\",\"url\":\"https:\\\/\\\/www.editorialjuventud.es\\\/yo-duermo-9788426139054\\\/\",\"name\":\"Yo duermo - Editorial Juventud\",\"isPartOf\":{\"@id\":\"https:\\\/\\\/www.editorialjuventud.es\\\/#website\"},\"primaryImageOfPage\":{\"@id\":\"https:\\\/\\\/www.editorialjuventud.es\\\/yo-duermo-9788426139054\\\/#primaryimage\"},\"image\":{\"@id\":\"https:\\\/\\\/www.editorialjuventud.es\\\/yo-duermo-9788426139054\\\/#primaryimage\"},\"thumbnailUrl\":\"https:\\\/\\\/www.editorialjuventud.es\\\/wp-content\\\/uploads\\\/3905.jpg\",\"datePublished\":\"2018-08-24T09:31:02+00:00\",\"dateModified\":\"2021-10-22T06:41:01+00:00\",\"description\":\"Un libro de im\u00e1genes para tocar y sentir dirigido a los m\u00e1s peque\u00f1os. Con unas ilustraciones modernas de suaves colores para desarrollar el sentido del\",\"breadcrumb\":{\"@id\":\"https:\\\/\\\/www.editorialjuventud.es\\\/yo-duermo-9788426139054\\\/#breadcrumb\"},\"inLanguage\":\"ca\",\"potentialAction\":[{\"@type\":\"ReadAction\",\"target\":[\"https:\\\/\\\/www.editorialjuventud.es\\\/yo-duermo-9788426139054\\\/\"]}]},{\"@type\":\"ImageObject\",\"inLanguage\":\"ca\",\"@id\":\"https:\\\/\\\/www.editorialjuventud.es\\\/yo-duermo-9788426139054\\\/#primaryimage\",\"url\":\"https:\\\/\\\/www.editorialjuventud.es\\\/wp-content\\\/uploads\\\/3905.jpg\",\"contentUrl\":\"https:\\\/\\\/www.editorialjuventud.es\\\/wp-content\\\/uploads\\\/3905.jpg\",\"width\":428,\"height\":450,\"caption\":\"3905.jpg\"},{\"@type\":\"BreadcrumbList\",\"@id\":\"https:\\\/\\\/www.editorialjuventud.es\\\/yo-duermo-9788426139054\\\/#breadcrumb\",\"itemListElement\":[{\"@type\":\"ListItem\",\"position\":1,\"name\":\"Portada\",\"item\":\"https:\\\/\\\/www.editorialjuventud.es\\\/\"},{\"@type\":\"ListItem\",\"position\":2,\"name\":\"cat\u00e1logo\",\"item\":\"https:\\\/\\\/www.editorialjuventud.es\\\/coleccion\\\/catalogo\\\/\"},{\"@type\":\"ListItem\",\"position\":3,\"name\":\"castellano\",\"item\":\"https:\\\/\\\/www.editorialjuventud.es\\\/coleccion\\\/castellano\\\/\"},{\"@type\":\"ListItem\",\"position\":4,\"name\":\"Yo duermo\"}]},{\"@type\":\"WebSite\",\"@id\":\"https:\\\/\\\/www.editorialjuventud.es\\\/#website\",\"url\":\"https:\\\/\\\/www.editorialjuventud.es\\\/\",\"name\":\"Editorial Juventud\",\"description\":\"\",\"potentialAction\":[{\"@type\":\"SearchAction\",\"target\":{\"@type\":\"EntryPoint\",\"urlTemplate\":\"https:\\\/\\\/www.editorialjuventud.es\\\/?s={search_term_string}\"},\"query-input\":{\"@type\":\"PropertyValueSpecification\",\"valueRequired\":true,\"valueName\":\"search_term_string\"}}],\"inLanguage\":\"ca\"}]}<\/script>\n<!-- \/ Yoast SEO plugin. -->","yoast_head_json":{"title":"Yo duermo - Editorial Juventud","description":"Un libro de im\u00e1genes para tocar y sentir dirigido a los m\u00e1s peque\u00f1os. Con unas ilustraciones modernas de suaves colores para desarrollar el sentido del","robots":{"index":"index","follow":"follow","max-snippet":"max-snippet:-1","max-image-preview":"max-image-preview:large","max-video-preview":"max-video-preview:-1"},"canonical":"https:\/\/www.editorialjuventud.es\/yo-duermo-9788426139054\/","og_locale":"ca_ES","og_type":"article","og_title":"Yo duermo - Editorial Juventud","og_description":"Un libro de im\u00e1genes para tocar y sentir dirigido a los m\u00e1s peque\u00f1os. Con unas ilustraciones modernas de suaves colores para desarrollar el sentido del","og_url":"https:\/\/www.editorialjuventud.es\/yo-duermo-9788426139054\/","og_site_name":"Editorial Juventud","article_modified_time":"2021-10-22T06:41:01+00:00","og_image":[{"width":428,"height":450,"url":"https:\/\/www.editorialjuventud.es\/wp-content\/uploads\/3905.jpg","type":"image\/jpeg"}],"twitter_card":"summary_large_image","schema":{"@context":"https:\/\/schema.org","@graph":[{"@type":"WebPage","@id":"https:\/\/www.editorialjuventud.es\/yo-duermo-9788426139054\/","url":"https:\/\/www.editorialjuventud.es\/yo-duermo-9788426139054\/","name":"Yo duermo - Editorial Juventud","isPartOf":{"@id":"https:\/\/www.editorialjuventud.es\/#website"},"primaryImageOfPage":{"@id":"https:\/\/www.editorialjuventud.es\/yo-duermo-9788426139054\/#primaryimage"},"image":{"@id":"https:\/\/www.editorialjuventud.es\/yo-duermo-9788426139054\/#primaryimage"},"thumbnailUrl":"https:\/\/www.editorialjuventud.es\/wp-content\/uploads\/3905.jpg","datePublished":"2018-08-24T09:31:02+00:00","dateModified":"2021-10-22T06:41:01+00:00","description":"Un libro de im\u00e1genes para tocar y sentir dirigido a los m\u00e1s peque\u00f1os. Con unas ilustraciones modernas de suaves colores para desarrollar el sentido del","breadcrumb":{"@id":"https:\/\/www.editorialjuventud.es\/yo-duermo-9788426139054\/#breadcrumb"},"inLanguage":"ca","potentialAction":[{"@type":"ReadAction","target":["https:\/\/www.editorialjuventud.es\/yo-duermo-9788426139054\/"]}]},{"@type":"ImageObject","inLanguage":"ca","@id":"https:\/\/www.editorialjuventud.es\/yo-duermo-9788426139054\/#primaryimage","url":"https:\/\/www.editorialjuventud.es\/wp-content\/uploads\/3905.jpg","contentUrl":"https:\/\/www.editorialjuventud.es\/wp-content\/uploads\/3905.jpg","width":428,"height":450,"caption":"3905.jpg"},{"@type":"BreadcrumbList","@id":"https:\/\/www.editorialjuventud.es\/yo-duermo-9788426139054\/#breadcrumb","itemListElement":[{"@type":"ListItem","position":1,"name":"Portada","item":"https:\/\/www.editorialjuventud.es\/"},{"@type":"ListItem","position":2,"name":"cat\u00e1logo","item":"https:\/\/www.editorialjuventud.es\/coleccion\/catalogo\/"},{"@type":"ListItem","position":3,"name":"castellano","item":"https:\/\/www.editorialjuventud.es\/coleccion\/castellano\/"},{"@type":"ListItem","position":4,"name":"Yo duermo"}]},{"@type":"WebSite","@id":"https:\/\/www.editorialjuventud.es\/#website","url":"https:\/\/www.editorialjuventud.es\/","name":"Editorial Juventud","description":"","potentialAction":[{"@type":"SearchAction","target":{"@type":"EntryPoint","urlTemplate":"https:\/\/www.editorialjuventud.es\/?s={search_term_string}"},"query-input":{"@type":"PropertyValueSpecification","valueRequired":true,"valueName":"search_term_string"}}],"inLanguage":"ca"}]}},"_links":{"self":[{"href":"https:\/\/www.editorialjuventud.es\/ca\/wp-json\/wp\/v2\/product\/5812","targetHints":{"allow":["GET"]}}],"collection":[{"href":"https:\/\/www.editorialjuventud.es\/ca\/wp-json\/wp\/v2\/product"}],"about":[{"href":"https:\/\/www.editorialjuventud.es\/ca\/wp-json\/wp\/v2\/types\/product"}],"wp:featuredmedia":[{"embeddable":true,"href":"https:\/\/www.editorialjuventud.es\/ca\/wp-json\/wp\/v2\/media\/15105"}],"wp:attachment":[{"href":"https:\/\/www.editorialjuventud.es\/ca\/wp-json\/wp\/v2\/media?parent=5812"}],"wp:term":[{"taxonomy":"product_brand","embeddable":true,"href":"https:\/\/www.editorialjuventud.es\/ca\/wp-json\/wp\/v2\/product_brand?post=5812"},{"taxonomy":"product_cat","embeddable":true,"href":"https:\/\/www.editorialjuventud.es\/ca\/wp-json\/wp\/v2\/product_cat?post=5812"},{"taxonomy":"product_tag","embeddable":true,"href":"https:\/\/www.editorialjuventud.es\/ca\/wp-json\/wp\/v2\/product_tag?post=5812"},{"taxonomy":"coleccion","embeddable":true,"href":"https:\/\/www.editorialjuventud.es\/ca\/wp-json\/wp\/v2\/coleccion?post=5812"}],"curies":[{"name":"wp","href":"https:\/\/api.w.org\/{rel}","templated":true}]}}

<p>Un libro de imágenes para tocar y sentir dirigido a los más pequeños. Con unas ilustraciones modernas de suaves colores para desarrollar el sentido del tacto, los bebés aprenderán a nombrar los objetos y los reconocerán fácilmente. Desde el desayuno a la hora de acostarse, el niño disfrutará con estos libros de cartón adaptados a su edad, y estará feliz de aprender las primeras palabras, y de sentir las diferentes texturas para cada objeto.</p>

Un libro de imágenes para tocar y sentir dirigido a los más pequeños. Con unas ilustraciones modernas de suaves colores para desarrollar el sentido del tacto, los bebés aprenderán a nombrar los objetos y los reconocerán fácilmente. Desde el desayuno [&hellip;]

GRAUX, AMÉLIE

Cartón

<!-- This site is optimized with the Yoast SEO plugin v27.3 - https://yoast.com/product/yoast-seo-wordpress/ -->
<title>Yo duermo - Editorial Juventud</title>
<meta name="description" content="Un libro de imágenes para tocar y sentir dirigido a los más pequeños. Con unas ilustraciones modernas de suaves colores para desarrollar el sentido del" />
<meta name="robots" content="index, follow, max-snippet:-1, max-image-preview:large, max-video-preview:-1" />
<link rel="canonical" href="https://www.editorialjuventud.es/yo-duermo-9788426139054/" />
<meta property="og:locale" content="ca_ES" />
<meta property="og:type" content="article" />
<meta property="og:title" content="Yo duermo - Editorial Juventud" />
<meta property="og:description" content="Un libro de imágenes para tocar y sentir dirigido a los más pequeños. Con unas ilustraciones modernas de suaves colores para desarrollar el sentido del" />
<meta property="og:url" content="https://www.editorialjuventud.es/yo-duermo-9788426139054/" />
<meta property="og:site_name" content="Editorial Juventud" />
<meta property="article:modified_time" content="2021-10-22T06:41:01+00:00" />
<meta property="og:image" content="https://www.editorialjuventud.es/wp-content/uploads/3905.jpg" />
	<meta property="og:image:width" content="428" />
	<meta property="og:image:height" content="450" />
	<meta property="og:image:type" content="image/jpeg" />
<meta name="twitter:card" content="summary_large_image" />
<script type="application/ld+json" class="yoast-schema-graph">{"@context":"https:\/\/schema.org","@graph":[{"@type":"WebPage","@id":"https:\/\/www.editorialjuventud.es\/yo-duermo-9788426139054\/","url":"https:\/\/www.editorialjuventud.es\/yo-duermo-9788426139054\/","name":"Yo duermo - Editorial Juventud","isPartOf":{"@id":"https:\/\/www.editorialjuventud.es\/#website"},"primaryImageOfPage":{"@id":"https:\/\/www.editorialjuventud.es\/yo-duermo-9788426139054\/#primaryimage"},"image":{"@id":"https:\/\/www.editorialjuventud.es\/yo-duermo-9788426139054\/#primaryimage"},"thumbnailUrl":"https:\/\/www.editorialjuventud.es\/wp-content\/uploads\/3905.jpg","datePublished":"2018-08-24T09:31:02+00:00","dateModified":"2021-10-22T06:41:01+00:00","description":"Un libro de imágenes para tocar y sentir dirigido a los más pequeños. Con unas ilustraciones modernas de suaves colores para desarrollar el sentido del","breadcrumb":{"@id":"https:\/\/www.editorialjuventud.es\/yo-duermo-9788426139054\/#breadcrumb"},"inLanguage":"ca","potentialAction":[{"@type":"ReadAction","target":["https:\/\/www.editorialjuventud.es\/yo-duermo-9788426139054\/"]}]},{"@type":"ImageObject","inLanguage":"ca","@id":"https:\/\/www.editorialjuventud.es\/yo-duermo-9788426139054\/#primaryimage","url":"https:\/\/www.editorialjuventud.es\/wp-content\/uploads\/3905.jpg","contentUrl":"https:\/\/www.editorialjuventud.es\/wp-content\/uploads\/3905.jpg","width":428,"height":450,"caption":"3905.jpg"},{"@type":"BreadcrumbList","@id":"https:\/\/www.editorialjuventud.es\/yo-duermo-9788426139054\/#breadcrumb","itemListElement":[{"@type":"ListItem","position":1,"name":"Portada","item":"https:\/\/www.editorialjuventud.es\/"},{"@type":"ListItem","position":2,"name":"catálogo","item":"https:\/\/www.editorialjuventud.es\/coleccion\/catalogo\/"},{"@type":"ListItem","position":3,"name":"castellano","item":"https:\/\/www.editorialjuventud.es\/coleccion\/castellano\/"},{"@type":"ListItem","position":4,"name":"Yo duermo"}]},{"@type":"WebSite","@id":"https:\/\/www.editorialjuventud.es\/#website","url":"https:\/\/www.editorialjuventud.es\/","name":"Editorial Juventud","description":"","potentialAction":[{"@type":"SearchAction","target":{"@type":"EntryPoint","urlTemplate":"https:\/\/www.editorialjuventud.es\/?s={search_term_string}"},"query-input":{"@type":"PropertyValueSpecification","valueRequired":true,"valueName":"search_term_string"}}],"inLanguage":"ca"}]}</script>
<!-- / Yoast SEO plugin. -->

Un libro de imágenes para tocar y sentir dirigido a los más pequeños. Con unas ilustraciones modernas de suaves colores para desarrollar el sentido del

catálogo
