{"id":5751,"date":"2018-08-24T13:16:19","date_gmt":"2018-08-24T09:16:19","guid":{"rendered":"http:\/\/www.editorialjuventud.es\/el-globo-amarillo\/"},"modified":"2025-01-22T13:25:56","modified_gmt":"2025-01-22T12:25:56","slug":"el-globo-amarillo-9788426138460","status":"publish","type":"product","link":"https:\/\/www.editorialjuventud.es\/ca\/el-globo-amarillo-9788426138460\/","title":{"rendered":"El globo amarillo"},"content":{"rendered":"<p>Un globo amarillo se escapa y emprende un viaje a trav\u00e9s del mundo. En cada escena a doble p\u00e1gina descubrimos innumerables detalles, cientos de historias llenas de acci\u00f3n en un mundo donde se mezclan lo contempor\u00e1neo y lo hist\u00f3rico, la realidad y la ficci\u00f3n. Charlotte Dematons nos lleva en un viaje fascinante y colorido a trav\u00e9s del mundo, siguiendo a los cuatro personajes principales del libro: un faquir, un ladr\u00f3n, un coche azul y un globo amarillo. Su exquisito sentido por el detalle y sus art\u00edsticos paisajes nos har\u00e1n pasar horas de entretenimiento. Un libro ideal para una lectura interactiva para todas las edades.<\/p>\n","protected":false},"excerpt":{"rendered":"Un globo amarillo se escapa y emprende un viaje a trav\u00e9s del mundo. En cada escena a doble p\u00e1gina descubrimos innumerables detalles, cientos de historias llenas de acci\u00f3n en un mundo donde se mezclan lo contempor\u00e1neo y lo hist\u00f3rico, la [&hellip;]","protected":false},"featured_media":12667,"template":"","meta":{"_acf_changed":false,"_exactmetrics_skip_tracking":false,"_exactmetrics_sitenote_active":false,"_exactmetrics_sitenote_note":"","_exactmetrics_sitenote_category":0},"product_brand":[],"product_cat":[900,1121,1330,1128],"product_tag":[],"coleccion":[],"class_list":{"0":"post-5751","1":"product","2":"type-product","3":"status-publish","4":"has-post-thumbnail","6":"product_cat-a-partir-de-5-anos","7":"product_cat-albumes-ilustrados","8":"product_cat-llibro-juego","9":"product_cat-tematica","11":"first","12":"instock","13":"taxable","14":"shipping-taxable","15":"purchasable","16":"product-type-simple"},"acf":{"autor":"Dematons, Charlotte","codart":"3846","ediciones":"0","encuadernacion":"Carton\u00e9","fecha_de_publicacion":"01\/06\/2011","novedad":"0","paginas":"32","subtitulo":"","texto_web_adicional":"","texto_web_novedad":"","orden":"999","portada":"0","texto_web_resaltado":"","autores-libros":[16321],"ilustradores-libros":[16321]},"yoast_head":"<!-- This site is optimized with the Yoast SEO plugin v27.3 - https:\/\/yoast.com\/product\/yoast-seo-wordpress\/ -->\n<title>El globo amarillo - Editorial Juventud<\/title>\n<meta name=\"description\" content=\"Un globo amarillo se escapa y emprende un viaje a trav\u00e9s del mundo. En cada escena a doble p\u00e1gina descubrimos innumerables detalles, cientos de historias\" \/>\n<meta name=\"robots\" content=\"index, follow, max-snippet:-1, max-image-preview:large, max-video-preview:-1\" \/>\n<link rel=\"canonical\" href=\"https:\/\/www.editorialjuventud.es\/el-globo-amarillo-9788426138460\/\" \/>\n<meta property=\"og:locale\" content=\"ca_ES\" \/>\n<meta property=\"og:type\" content=\"article\" \/>\n<meta property=\"og:title\" content=\"El globo amarillo - Editorial Juventud\" \/>\n<meta property=\"og:description\" content=\"Un globo amarillo se escapa y emprende un viaje a trav\u00e9s del mundo. En cada escena a doble p\u00e1gina descubrimos innumerables detalles, cientos de historias\" \/>\n<meta property=\"og:url\" content=\"https:\/\/www.editorialjuventud.es\/el-globo-amarillo-9788426138460\/\" \/>\n<meta property=\"og:site_name\" content=\"Editorial Juventud\" \/>\n<meta property=\"article:modified_time\" content=\"2025-01-22T12:25:56+00:00\" \/>\n<meta property=\"og:image\" content=\"https:\/\/www.editorialjuventud.es\/wp-content\/uploads\/3846.jpg\" \/>\n\t<meta property=\"og:image:width\" content=\"326\" \/>\n\t<meta property=\"og:image:height\" content=\"450\" \/>\n\t<meta property=\"og:image:type\" content=\"image\/jpeg\" \/>\n<meta name=\"twitter:card\" content=\"summary_large_image\" \/>\n<meta name=\"twitter:label1\" content=\"Temps estimat de lectura\" \/>\n\t<meta name=\"twitter:data1\" content=\"1 minut\" \/>\n<script type=\"application\/ld+json\" class=\"yoast-schema-graph\">{\"@context\":\"https:\\\/\\\/schema.org\",\"@graph\":[{\"@type\":\"WebPage\",\"@id\":\"https:\\\/\\\/www.editorialjuventud.es\\\/el-globo-amarillo-9788426138460\\\/\",\"url\":\"https:\\\/\\\/www.editorialjuventud.es\\\/el-globo-amarillo-9788426138460\\\/\",\"name\":\"El globo amarillo - Editorial Juventud\",\"isPartOf\":{\"@id\":\"https:\\\/\\\/www.editorialjuventud.es\\\/#website\"},\"primaryImageOfPage\":{\"@id\":\"https:\\\/\\\/www.editorialjuventud.es\\\/el-globo-amarillo-9788426138460\\\/#primaryimage\"},\"image\":{\"@id\":\"https:\\\/\\\/www.editorialjuventud.es\\\/el-globo-amarillo-9788426138460\\\/#primaryimage\"},\"thumbnailUrl\":\"https:\\\/\\\/www.editorialjuventud.es\\\/wp-content\\\/uploads\\\/3846.jpg\",\"datePublished\":\"2018-08-24T09:16:19+00:00\",\"dateModified\":\"2025-01-22T12:25:56+00:00\",\"description\":\"Un globo amarillo se escapa y emprende un viaje a trav\u00e9s del mundo. En cada escena a doble p\u00e1gina descubrimos innumerables detalles, cientos de historias\",\"breadcrumb\":{\"@id\":\"https:\\\/\\\/www.editorialjuventud.es\\\/el-globo-amarillo-9788426138460\\\/#breadcrumb\"},\"inLanguage\":\"ca\",\"potentialAction\":[{\"@type\":\"ReadAction\",\"target\":[\"https:\\\/\\\/www.editorialjuventud.es\\\/el-globo-amarillo-9788426138460\\\/\"]}]},{\"@type\":\"ImageObject\",\"inLanguage\":\"ca\",\"@id\":\"https:\\\/\\\/www.editorialjuventud.es\\\/el-globo-amarillo-9788426138460\\\/#primaryimage\",\"url\":\"https:\\\/\\\/www.editorialjuventud.es\\\/wp-content\\\/uploads\\\/3846.jpg\",\"contentUrl\":\"https:\\\/\\\/www.editorialjuventud.es\\\/wp-content\\\/uploads\\\/3846.jpg\",\"width\":326,\"height\":450,\"caption\":\"3846.jpg\"},{\"@type\":\"BreadcrumbList\",\"@id\":\"https:\\\/\\\/www.editorialjuventud.es\\\/el-globo-amarillo-9788426138460\\\/#breadcrumb\",\"itemListElement\":[{\"@type\":\"ListItem\",\"position\":1,\"name\":\"Portada\",\"item\":\"https:\\\/\\\/www.editorialjuventud.es\\\/\"},{\"@type\":\"ListItem\",\"position\":2,\"name\":\"El globo amarillo\"}]},{\"@type\":\"WebSite\",\"@id\":\"https:\\\/\\\/www.editorialjuventud.es\\\/#website\",\"url\":\"https:\\\/\\\/www.editorialjuventud.es\\\/\",\"name\":\"Editorial Juventud\",\"description\":\"\",\"potentialAction\":[{\"@type\":\"SearchAction\",\"target\":{\"@type\":\"EntryPoint\",\"urlTemplate\":\"https:\\\/\\\/www.editorialjuventud.es\\\/?s={search_term_string}\"},\"query-input\":{\"@type\":\"PropertyValueSpecification\",\"valueRequired\":true,\"valueName\":\"search_term_string\"}}],\"inLanguage\":\"ca\"}]}<\/script>\n<!-- \/ Yoast SEO plugin. -->","yoast_head_json":{"title":"El globo amarillo - Editorial Juventud","description":"Un globo amarillo se escapa y emprende un viaje a trav\u00e9s del mundo. En cada escena a doble p\u00e1gina descubrimos innumerables detalles, cientos de historias","robots":{"index":"index","follow":"follow","max-snippet":"max-snippet:-1","max-image-preview":"max-image-preview:large","max-video-preview":"max-video-preview:-1"},"canonical":"https:\/\/www.editorialjuventud.es\/el-globo-amarillo-9788426138460\/","og_locale":"ca_ES","og_type":"article","og_title":"El globo amarillo - Editorial Juventud","og_description":"Un globo amarillo se escapa y emprende un viaje a trav\u00e9s del mundo. En cada escena a doble p\u00e1gina descubrimos innumerables detalles, cientos de historias","og_url":"https:\/\/www.editorialjuventud.es\/el-globo-amarillo-9788426138460\/","og_site_name":"Editorial Juventud","article_modified_time":"2025-01-22T12:25:56+00:00","og_image":[{"width":326,"height":450,"url":"https:\/\/www.editorialjuventud.es\/wp-content\/uploads\/3846.jpg","type":"image\/jpeg"}],"twitter_card":"summary_large_image","twitter_misc":{"Temps estimat de lectura":"1 minut"},"schema":{"@context":"https:\/\/schema.org","@graph":[{"@type":"WebPage","@id":"https:\/\/www.editorialjuventud.es\/el-globo-amarillo-9788426138460\/","url":"https:\/\/www.editorialjuventud.es\/el-globo-amarillo-9788426138460\/","name":"El globo amarillo - Editorial Juventud","isPartOf":{"@id":"https:\/\/www.editorialjuventud.es\/#website"},"primaryImageOfPage":{"@id":"https:\/\/www.editorialjuventud.es\/el-globo-amarillo-9788426138460\/#primaryimage"},"image":{"@id":"https:\/\/www.editorialjuventud.es\/el-globo-amarillo-9788426138460\/#primaryimage"},"thumbnailUrl":"https:\/\/www.editorialjuventud.es\/wp-content\/uploads\/3846.jpg","datePublished":"2018-08-24T09:16:19+00:00","dateModified":"2025-01-22T12:25:56+00:00","description":"Un globo amarillo se escapa y emprende un viaje a trav\u00e9s del mundo. En cada escena a doble p\u00e1gina descubrimos innumerables detalles, cientos de historias","breadcrumb":{"@id":"https:\/\/www.editorialjuventud.es\/el-globo-amarillo-9788426138460\/#breadcrumb"},"inLanguage":"ca","potentialAction":[{"@type":"ReadAction","target":["https:\/\/www.editorialjuventud.es\/el-globo-amarillo-9788426138460\/"]}]},{"@type":"ImageObject","inLanguage":"ca","@id":"https:\/\/www.editorialjuventud.es\/el-globo-amarillo-9788426138460\/#primaryimage","url":"https:\/\/www.editorialjuventud.es\/wp-content\/uploads\/3846.jpg","contentUrl":"https:\/\/www.editorialjuventud.es\/wp-content\/uploads\/3846.jpg","width":326,"height":450,"caption":"3846.jpg"},{"@type":"BreadcrumbList","@id":"https:\/\/www.editorialjuventud.es\/el-globo-amarillo-9788426138460\/#breadcrumb","itemListElement":[{"@type":"ListItem","position":1,"name":"Portada","item":"https:\/\/www.editorialjuventud.es\/"},{"@type":"ListItem","position":2,"name":"El globo amarillo"}]},{"@type":"WebSite","@id":"https:\/\/www.editorialjuventud.es\/#website","url":"https:\/\/www.editorialjuventud.es\/","name":"Editorial Juventud","description":"","potentialAction":[{"@type":"SearchAction","target":{"@type":"EntryPoint","urlTemplate":"https:\/\/www.editorialjuventud.es\/?s={search_term_string}"},"query-input":{"@type":"PropertyValueSpecification","valueRequired":true,"valueName":"search_term_string"}}],"inLanguage":"ca"}]}},"_links":{"self":[{"href":"https:\/\/www.editorialjuventud.es\/ca\/wp-json\/wp\/v2\/product\/5751","targetHints":{"allow":["GET"]}}],"collection":[{"href":"https:\/\/www.editorialjuventud.es\/ca\/wp-json\/wp\/v2\/product"}],"about":[{"href":"https:\/\/www.editorialjuventud.es\/ca\/wp-json\/wp\/v2\/types\/product"}],"wp:featuredmedia":[{"embeddable":true,"href":"https:\/\/www.editorialjuventud.es\/ca\/wp-json\/wp\/v2\/media\/12667"}],"wp:attachment":[{"href":"https:\/\/www.editorialjuventud.es\/ca\/wp-json\/wp\/v2\/media?parent=5751"}],"wp:term":[{"taxonomy":"product_brand","embeddable":true,"href":"https:\/\/www.editorialjuventud.es\/ca\/wp-json\/wp\/v2\/product_brand?post=5751"},{"taxonomy":"product_cat","embeddable":true,"href":"https:\/\/www.editorialjuventud.es\/ca\/wp-json\/wp\/v2\/product_cat?post=5751"},{"taxonomy":"product_tag","embeddable":true,"href":"https:\/\/www.editorialjuventud.es\/ca\/wp-json\/wp\/v2\/product_tag?post=5751"},{"taxonomy":"coleccion","embeddable":true,"href":"https:\/\/www.editorialjuventud.es\/ca\/wp-json\/wp\/v2\/coleccion?post=5751"}],"curies":[{"name":"wp","href":"https:\/\/api.w.org\/{rel}","templated":true}]}}

<p>Un globo amarillo se escapa y emprende un viaje a través del mundo. En cada escena a doble página descubrimos innumerables detalles, cientos de historias llenas de acción en un mundo donde se mezclan lo contemporáneo y lo histórico, la realidad y la ficción. Charlotte Dematons nos lleva en un viaje fascinante y colorido a través del mundo, siguiendo a los cuatro personajes principales del libro: un faquir, un ladrón, un coche azul y un globo amarillo. Su exquisito sentido por el detalle y sus artísticos paisajes nos harán pasar horas de entretenimiento. Un libro ideal para una lectura interactiva para todas las edades.</p>

Un globo amarillo se escapa y emprende un viaje a través del mundo. En cada escena a doble página descubrimos innumerables detalles, cientos de historias llenas de acción en un mundo donde se mezclan lo contemporáneo y lo histórico, la [&hellip;]

Cartoné

<!-- This site is optimized with the Yoast SEO plugin v27.3 - https://yoast.com/product/yoast-seo-wordpress/ -->
<title>El globo amarillo - Editorial Juventud</title>
<meta name="description" content="Un globo amarillo se escapa y emprende un viaje a través del mundo. En cada escena a doble página descubrimos innumerables detalles, cientos de historias" />
<meta name="robots" content="index, follow, max-snippet:-1, max-image-preview:large, max-video-preview:-1" />
<link rel="canonical" href="https://www.editorialjuventud.es/el-globo-amarillo-9788426138460/" />
<meta property="og:locale" content="ca_ES" />
<meta property="og:type" content="article" />
<meta property="og:title" content="El globo amarillo - Editorial Juventud" />
<meta property="og:description" content="Un globo amarillo se escapa y emprende un viaje a través del mundo. En cada escena a doble página descubrimos innumerables detalles, cientos de historias" />
<meta property="og:url" content="https://www.editorialjuventud.es/el-globo-amarillo-9788426138460/" />
<meta property="og:site_name" content="Editorial Juventud" />
<meta property="article:modified_time" content="2025-01-22T12:25:56+00:00" />
<meta property="og:image" content="https://www.editorialjuventud.es/wp-content/uploads/3846.jpg" />
	<meta property="og:image:width" content="326" />
	<meta property="og:image:height" content="450" />
	<meta property="og:image:type" content="image/jpeg" />
<meta name="twitter:card" content="summary_large_image" />
<meta name="twitter:label1" content="Temps estimat de lectura" />
	<meta name="twitter:data1" content="1 minut" />
<script type="application/ld+json" class="yoast-schema-graph">{"@context":"https:\/\/schema.org","@graph":[{"@type":"WebPage","@id":"https:\/\/www.editorialjuventud.es\/el-globo-amarillo-9788426138460\/","url":"https:\/\/www.editorialjuventud.es\/el-globo-amarillo-9788426138460\/","name":"El globo amarillo - Editorial Juventud","isPartOf":{"@id":"https:\/\/www.editorialjuventud.es\/#website"},"primaryImageOfPage":{"@id":"https:\/\/www.editorialjuventud.es\/el-globo-amarillo-9788426138460\/#primaryimage"},"image":{"@id":"https:\/\/www.editorialjuventud.es\/el-globo-amarillo-9788426138460\/#primaryimage"},"thumbnailUrl":"https:\/\/www.editorialjuventud.es\/wp-content\/uploads\/3846.jpg","datePublished":"2018-08-24T09:16:19+00:00","dateModified":"2025-01-22T12:25:56+00:00","description":"Un globo amarillo se escapa y emprende un viaje a través del mundo. En cada escena a doble página descubrimos innumerables detalles, cientos de historias","breadcrumb":{"@id":"https:\/\/www.editorialjuventud.es\/el-globo-amarillo-9788426138460\/#breadcrumb"},"inLanguage":"ca","potentialAction":[{"@type":"ReadAction","target":["https:\/\/www.editorialjuventud.es\/el-globo-amarillo-9788426138460\/"]}]},{"@type":"ImageObject","inLanguage":"ca","@id":"https:\/\/www.editorialjuventud.es\/el-globo-amarillo-9788426138460\/#primaryimage","url":"https:\/\/www.editorialjuventud.es\/wp-content\/uploads\/3846.jpg","contentUrl":"https:\/\/www.editorialjuventud.es\/wp-content\/uploads\/3846.jpg","width":326,"height":450,"caption":"3846.jpg"},{"@type":"BreadcrumbList","@id":"https:\/\/www.editorialjuventud.es\/el-globo-amarillo-9788426138460\/#breadcrumb","itemListElement":[{"@type":"ListItem","position":1,"name":"Portada","item":"https:\/\/www.editorialjuventud.es\/"},{"@type":"ListItem","position":2,"name":"El globo amarillo"}]},{"@type":"WebSite","@id":"https:\/\/www.editorialjuventud.es\/#website","url":"https:\/\/www.editorialjuventud.es\/","name":"Editorial Juventud","description":"","potentialAction":[{"@type":"SearchAction","target":{"@type":"EntryPoint","urlTemplate":"https:\/\/www.editorialjuventud.es\/?s={search_term_string}"},"query-input":{"@type":"PropertyValueSpecification","valueRequired":true,"valueName":"search_term_string"}}],"inLanguage":"ca"}]}</script>
<!-- / Yoast SEO plugin. -->

Un globo amarillo se escapa y emprende un viaje a través del mundo. En cada escena a doble página descubrimos innumerables detalles, cientos de historias
