{"id":5743,"date":"2018-08-24T11:15:46","date_gmt":"2018-08-24T09:15:46","guid":{"rendered":"http:\/\/www.editorialjuventud.es\/la-gavina-i-una-mar-de-colors\/"},"modified":"2025-01-22T13:26:22","modified_gmt":"2025-01-22T12:26:22","slug":"la-gavina-i-una-mar-de-colors-9788426138392","status":"publish","type":"product","link":"https:\/\/www.editorialjuventud.es\/ca\/la-gavina-i-una-mar-de-colors-9788426138392\/","title":{"rendered":"La gavina i una mar de colors"},"content":{"rendered":"<p>La gavina nom\u00e9s es vol estar on el blau \u00e9s m\u00e9s blau.<br \/>I aix\u00ed \u00e9s com comencen el cel i la mar el seu grandi\u00f3s espectacle dels colors.<br \/>Un llibre d\u2019imatges po\u00e8tiques que estimula la creativitat i desvetlla el desig de pintar.<\/p>\n","protected":false},"excerpt":{"rendered":"La gavina nom\u00e9s es vol estar on el blau \u00e9s m\u00e9s blau.I aix\u00ed \u00e9s com comencen el cel i la mar el seu grandi\u00f3s espectacle dels colors.Un llibre d\u2019imatges po\u00e8tiques que estimula la creativitat i desvetlla el desig de pintar.","protected":false},"featured_media":13559,"template":"","meta":{"_acf_changed":false,"_exactmetrics_skip_tracking":false,"_exactmetrics_sitenote_active":false,"_exactmetrics_sitenote_note":"","_exactmetrics_sitenote_category":0},"product_brand":[],"product_cat":[902,1121,1125,1140,1152,1193,1211,1128],"product_tag":[],"coleccion":[945],"class_list":{"0":"post-5743","1":"product","2":"type-product","3":"status-publish","4":"has-post-thumbnail","6":"product_cat-a-partir-de-7-anos","7":"product_cat-albumes-ilustrados","8":"product_cat-arte","9":"product_cat-arte-y-creatividad","10":"product_cat-colores","11":"product_cat-mar-oceano","12":"product_cat-poesia-rimas","13":"product_cat-tematica","14":"coleccion-art-i-creativitat","16":"first","17":"outofstock","18":"taxable","19":"shipping-taxable","20":"purchasable","21":"product-type-simple"},"acf":{"autor":"Tuckermann, Anja","codart":"3839","ediciones":"0","encuadernacion":"Carton\u00e9","fecha_de_publicacion":"01\/05\/2011","novedad":"0","paginas":"32","subtitulo":"","texto_web_adicional":"","texto_web_novedad":"","orden":"999","portada":"0","texto_web_resaltado":"","autores-libros":[16653],"ilustradores-libros":[17468],"traductores-libros":[18058]},"yoast_head":"<!-- This site is optimized with the Yoast SEO plugin v27.3 - https:\/\/yoast.com\/product\/yoast-seo-wordpress\/ -->\n<title>La gavina i una mar de colors - Editorial Juventud<\/title>\n<meta name=\"description\" content=\"La gavina nom\u00e9s es vol estar on el blau \u00e9s m\u00e9s blau.I aix\u00ed \u00e9s com comencen el cel i la mar el seu grandi\u00f3s espectacle dels colors.Un llibre d\u2019imatges\" \/>\n<meta name=\"robots\" content=\"index, follow, max-snippet:-1, max-image-preview:large, max-video-preview:-1\" \/>\n<link rel=\"canonical\" href=\"https:\/\/www.editorialjuventud.es\/la-gavina-i-una-mar-de-colors-9788426138392\/\" \/>\n<meta property=\"og:locale\" content=\"ca_ES\" \/>\n<meta property=\"og:type\" content=\"article\" \/>\n<meta property=\"og:title\" content=\"La gavina i una mar de colors - Editorial Juventud\" \/>\n<meta property=\"og:description\" content=\"La gavina nom\u00e9s es vol estar on el blau \u00e9s m\u00e9s blau.I aix\u00ed \u00e9s com comencen el cel i la mar el seu grandi\u00f3s espectacle dels colors.Un llibre d\u2019imatges\" \/>\n<meta property=\"og:url\" content=\"https:\/\/www.editorialjuventud.es\/la-gavina-i-una-mar-de-colors-9788426138392\/\" \/>\n<meta property=\"og:site_name\" content=\"Editorial Juventud\" \/>\n<meta property=\"article:modified_time\" content=\"2025-01-22T12:26:22+00:00\" \/>\n<meta property=\"og:image\" content=\"https:\/\/www.editorialjuventud.es\/wp-content\/uploads\/3839.jpg\" \/>\n\t<meta property=\"og:image:width\" content=\"486\" \/>\n\t<meta property=\"og:image:height\" content=\"400\" \/>\n\t<meta property=\"og:image:type\" content=\"image\/jpeg\" \/>\n<meta name=\"twitter:card\" content=\"summary_large_image\" \/>\n<script type=\"application\/ld+json\" class=\"yoast-schema-graph\">{\"@context\":\"https:\\\/\\\/schema.org\",\"@graph\":[{\"@type\":\"WebPage\",\"@id\":\"https:\\\/\\\/www.editorialjuventud.es\\\/la-gavina-i-una-mar-de-colors-9788426138392\\\/\",\"url\":\"https:\\\/\\\/www.editorialjuventud.es\\\/la-gavina-i-una-mar-de-colors-9788426138392\\\/\",\"name\":\"La gavina i una mar de colors - Editorial Juventud\",\"isPartOf\":{\"@id\":\"https:\\\/\\\/www.editorialjuventud.es\\\/#website\"},\"primaryImageOfPage\":{\"@id\":\"https:\\\/\\\/www.editorialjuventud.es\\\/la-gavina-i-una-mar-de-colors-9788426138392\\\/#primaryimage\"},\"image\":{\"@id\":\"https:\\\/\\\/www.editorialjuventud.es\\\/la-gavina-i-una-mar-de-colors-9788426138392\\\/#primaryimage\"},\"thumbnailUrl\":\"https:\\\/\\\/www.editorialjuventud.es\\\/wp-content\\\/uploads\\\/3839.jpg\",\"datePublished\":\"2018-08-24T09:15:46+00:00\",\"dateModified\":\"2025-01-22T12:26:22+00:00\",\"description\":\"La gavina nom\u00e9s es vol estar on el blau \u00e9s m\u00e9s blau.I aix\u00ed \u00e9s com comencen el cel i la mar el seu grandi\u00f3s espectacle dels colors.Un llibre d\u2019imatges\",\"breadcrumb\":{\"@id\":\"https:\\\/\\\/www.editorialjuventud.es\\\/la-gavina-i-una-mar-de-colors-9788426138392\\\/#breadcrumb\"},\"inLanguage\":\"ca\",\"potentialAction\":[{\"@type\":\"ReadAction\",\"target\":[\"https:\\\/\\\/www.editorialjuventud.es\\\/la-gavina-i-una-mar-de-colors-9788426138392\\\/\"]}]},{\"@type\":\"ImageObject\",\"inLanguage\":\"ca\",\"@id\":\"https:\\\/\\\/www.editorialjuventud.es\\\/la-gavina-i-una-mar-de-colors-9788426138392\\\/#primaryimage\",\"url\":\"https:\\\/\\\/www.editorialjuventud.es\\\/wp-content\\\/uploads\\\/3839.jpg\",\"contentUrl\":\"https:\\\/\\\/www.editorialjuventud.es\\\/wp-content\\\/uploads\\\/3839.jpg\",\"width\":486,\"height\":400,\"caption\":\"3839.jpg\"},{\"@type\":\"BreadcrumbList\",\"@id\":\"https:\\\/\\\/www.editorialjuventud.es\\\/la-gavina-i-una-mar-de-colors-9788426138392\\\/#breadcrumb\",\"itemListElement\":[{\"@type\":\"ListItem\",\"position\":1,\"name\":\"Portada\",\"item\":\"https:\\\/\\\/www.editorialjuventud.es\\\/\"},{\"@type\":\"ListItem\",\"position\":2,\"name\":\"cat\u00e1logo\",\"item\":\"https:\\\/\\\/www.editorialjuventud.es\\\/coleccion\\\/catalogo\\\/\"},{\"@type\":\"ListItem\",\"position\":3,\"name\":\"catal\u00e0\",\"item\":\"https:\\\/\\\/www.editorialjuventud.es\\\/coleccion\\\/catala\\\/\"},{\"@type\":\"ListItem\",\"position\":4,\"name\":\"\u00c0lbums Il\u00b7lustrats\",\"item\":\"https:\\\/\\\/www.editorialjuventud.es\\\/coleccion\\\/albums-il%c2%b7lustrats\\\/\"},{\"@type\":\"ListItem\",\"position\":5,\"name\":\"Art i Creativitat\",\"item\":\"https:\\\/\\\/www.editorialjuventud.es\\\/ca\\\/coleccion\\\/art-i-creativitat\\\/\"},{\"@type\":\"ListItem\",\"position\":6,\"name\":\"La gavina i una mar de colors\"}]},{\"@type\":\"WebSite\",\"@id\":\"https:\\\/\\\/www.editorialjuventud.es\\\/#website\",\"url\":\"https:\\\/\\\/www.editorialjuventud.es\\\/\",\"name\":\"Editorial Juventud\",\"description\":\"\",\"potentialAction\":[{\"@type\":\"SearchAction\",\"target\":{\"@type\":\"EntryPoint\",\"urlTemplate\":\"https:\\\/\\\/www.editorialjuventud.es\\\/?s={search_term_string}\"},\"query-input\":{\"@type\":\"PropertyValueSpecification\",\"valueRequired\":true,\"valueName\":\"search_term_string\"}}],\"inLanguage\":\"ca\"}]}<\/script>\n<!-- \/ Yoast SEO plugin. -->","yoast_head_json":{"title":"La gavina i una mar de colors - Editorial Juventud","description":"La gavina nom\u00e9s es vol estar on el blau \u00e9s m\u00e9s blau.I aix\u00ed \u00e9s com comencen el cel i la mar el seu grandi\u00f3s espectacle dels colors.Un llibre d\u2019imatges","robots":{"index":"index","follow":"follow","max-snippet":"max-snippet:-1","max-image-preview":"max-image-preview:large","max-video-preview":"max-video-preview:-1"},"canonical":"https:\/\/www.editorialjuventud.es\/la-gavina-i-una-mar-de-colors-9788426138392\/","og_locale":"ca_ES","og_type":"article","og_title":"La gavina i una mar de colors - Editorial Juventud","og_description":"La gavina nom\u00e9s es vol estar on el blau \u00e9s m\u00e9s blau.I aix\u00ed \u00e9s com comencen el cel i la mar el seu grandi\u00f3s espectacle dels colors.Un llibre d\u2019imatges","og_url":"https:\/\/www.editorialjuventud.es\/la-gavina-i-una-mar-de-colors-9788426138392\/","og_site_name":"Editorial Juventud","article_modified_time":"2025-01-22T12:26:22+00:00","og_image":[{"width":486,"height":400,"url":"https:\/\/www.editorialjuventud.es\/wp-content\/uploads\/3839.jpg","type":"image\/jpeg"}],"twitter_card":"summary_large_image","schema":{"@context":"https:\/\/schema.org","@graph":[{"@type":"WebPage","@id":"https:\/\/www.editorialjuventud.es\/la-gavina-i-una-mar-de-colors-9788426138392\/","url":"https:\/\/www.editorialjuventud.es\/la-gavina-i-una-mar-de-colors-9788426138392\/","name":"La gavina i una mar de colors - Editorial Juventud","isPartOf":{"@id":"https:\/\/www.editorialjuventud.es\/#website"},"primaryImageOfPage":{"@id":"https:\/\/www.editorialjuventud.es\/la-gavina-i-una-mar-de-colors-9788426138392\/#primaryimage"},"image":{"@id":"https:\/\/www.editorialjuventud.es\/la-gavina-i-una-mar-de-colors-9788426138392\/#primaryimage"},"thumbnailUrl":"https:\/\/www.editorialjuventud.es\/wp-content\/uploads\/3839.jpg","datePublished":"2018-08-24T09:15:46+00:00","dateModified":"2025-01-22T12:26:22+00:00","description":"La gavina nom\u00e9s es vol estar on el blau \u00e9s m\u00e9s blau.I aix\u00ed \u00e9s com comencen el cel i la mar el seu grandi\u00f3s espectacle dels colors.Un llibre d\u2019imatges","breadcrumb":{"@id":"https:\/\/www.editorialjuventud.es\/la-gavina-i-una-mar-de-colors-9788426138392\/#breadcrumb"},"inLanguage":"ca","potentialAction":[{"@type":"ReadAction","target":["https:\/\/www.editorialjuventud.es\/la-gavina-i-una-mar-de-colors-9788426138392\/"]}]},{"@type":"ImageObject","inLanguage":"ca","@id":"https:\/\/www.editorialjuventud.es\/la-gavina-i-una-mar-de-colors-9788426138392\/#primaryimage","url":"https:\/\/www.editorialjuventud.es\/wp-content\/uploads\/3839.jpg","contentUrl":"https:\/\/www.editorialjuventud.es\/wp-content\/uploads\/3839.jpg","width":486,"height":400,"caption":"3839.jpg"},{"@type":"BreadcrumbList","@id":"https:\/\/www.editorialjuventud.es\/la-gavina-i-una-mar-de-colors-9788426138392\/#breadcrumb","itemListElement":[{"@type":"ListItem","position":1,"name":"Portada","item":"https:\/\/www.editorialjuventud.es\/"},{"@type":"ListItem","position":2,"name":"cat\u00e1logo","item":"https:\/\/www.editorialjuventud.es\/coleccion\/catalogo\/"},{"@type":"ListItem","position":3,"name":"catal\u00e0","item":"https:\/\/www.editorialjuventud.es\/coleccion\/catala\/"},{"@type":"ListItem","position":4,"name":"\u00c0lbums Il\u00b7lustrats","item":"https:\/\/www.editorialjuventud.es\/coleccion\/albums-il%c2%b7lustrats\/"},{"@type":"ListItem","position":5,"name":"Art i Creativitat","item":"https:\/\/www.editorialjuventud.es\/ca\/coleccion\/art-i-creativitat\/"},{"@type":"ListItem","position":6,"name":"La gavina i una mar de colors"}]},{"@type":"WebSite","@id":"https:\/\/www.editorialjuventud.es\/#website","url":"https:\/\/www.editorialjuventud.es\/","name":"Editorial Juventud","description":"","potentialAction":[{"@type":"SearchAction","target":{"@type":"EntryPoint","urlTemplate":"https:\/\/www.editorialjuventud.es\/?s={search_term_string}"},"query-input":{"@type":"PropertyValueSpecification","valueRequired":true,"valueName":"search_term_string"}}],"inLanguage":"ca"}]}},"_links":{"self":[{"href":"https:\/\/www.editorialjuventud.es\/ca\/wp-json\/wp\/v2\/product\/5743","targetHints":{"allow":["GET"]}}],"collection":[{"href":"https:\/\/www.editorialjuventud.es\/ca\/wp-json\/wp\/v2\/product"}],"about":[{"href":"https:\/\/www.editorialjuventud.es\/ca\/wp-json\/wp\/v2\/types\/product"}],"wp:featuredmedia":[{"embeddable":true,"href":"https:\/\/www.editorialjuventud.es\/ca\/wp-json\/wp\/v2\/media\/13559"}],"wp:attachment":[{"href":"https:\/\/www.editorialjuventud.es\/ca\/wp-json\/wp\/v2\/media?parent=5743"}],"wp:term":[{"taxonomy":"product_brand","embeddable":true,"href":"https:\/\/www.editorialjuventud.es\/ca\/wp-json\/wp\/v2\/product_brand?post=5743"},{"taxonomy":"product_cat","embeddable":true,"href":"https:\/\/www.editorialjuventud.es\/ca\/wp-json\/wp\/v2\/product_cat?post=5743"},{"taxonomy":"product_tag","embeddable":true,"href":"https:\/\/www.editorialjuventud.es\/ca\/wp-json\/wp\/v2\/product_tag?post=5743"},{"taxonomy":"coleccion","embeddable":true,"href":"https:\/\/www.editorialjuventud.es\/ca\/wp-json\/wp\/v2\/coleccion?post=5743"}],"curies":[{"name":"wp","href":"https:\/\/api.w.org\/{rel}","templated":true}]}}

<p>La gavina només es vol estar on el blau és més blau.<br />I així és com comencen el cel i la mar el seu grandiós espectacle dels colors.<br />Un llibre d’imatges poètiques que estimula la creativitat i desvetlla el desig de pintar.</p>

La gavina només es vol estar on el blau és més blau.I així és com comencen el cel i la mar el seu grandiós espectacle dels colors.Un llibre d’imatges poètiques que estimula la creativitat i desvetlla el desig de pintar.

Cartoné

<!-- This site is optimized with the Yoast SEO plugin v27.3 - https://yoast.com/product/yoast-seo-wordpress/ -->
<title>La gavina i una mar de colors - Editorial Juventud</title>
<meta name="description" content="La gavina només es vol estar on el blau és més blau.I així és com comencen el cel i la mar el seu grandiós espectacle dels colors.Un llibre d’imatges" />
<meta name="robots" content="index, follow, max-snippet:-1, max-image-preview:large, max-video-preview:-1" />
<link rel="canonical" href="https://www.editorialjuventud.es/la-gavina-i-una-mar-de-colors-9788426138392/" />
<meta property="og:locale" content="ca_ES" />
<meta property="og:type" content="article" />
<meta property="og:title" content="La gavina i una mar de colors - Editorial Juventud" />
<meta property="og:description" content="La gavina només es vol estar on el blau és més blau.I així és com comencen el cel i la mar el seu grandiós espectacle dels colors.Un llibre d’imatges" />
<meta property="og:url" content="https://www.editorialjuventud.es/la-gavina-i-una-mar-de-colors-9788426138392/" />
<meta property="og:site_name" content="Editorial Juventud" />
<meta property="article:modified_time" content="2025-01-22T12:26:22+00:00" />
<meta property="og:image" content="https://www.editorialjuventud.es/wp-content/uploads/3839.jpg" />
	<meta property="og:image:width" content="486" />
	<meta property="og:image:height" content="400" />
	<meta property="og:image:type" content="image/jpeg" />
<meta name="twitter:card" content="summary_large_image" />
<script type="application/ld+json" class="yoast-schema-graph">{"@context":"https:\/\/schema.org","@graph":[{"@type":"WebPage","@id":"https:\/\/www.editorialjuventud.es\/la-gavina-i-una-mar-de-colors-9788426138392\/","url":"https:\/\/www.editorialjuventud.es\/la-gavina-i-una-mar-de-colors-9788426138392\/","name":"La gavina i una mar de colors - Editorial Juventud","isPartOf":{"@id":"https:\/\/www.editorialjuventud.es\/#website"},"primaryImageOfPage":{"@id":"https:\/\/www.editorialjuventud.es\/la-gavina-i-una-mar-de-colors-9788426138392\/#primaryimage"},"image":{"@id":"https:\/\/www.editorialjuventud.es\/la-gavina-i-una-mar-de-colors-9788426138392\/#primaryimage"},"thumbnailUrl":"https:\/\/www.editorialjuventud.es\/wp-content\/uploads\/3839.jpg","datePublished":"2018-08-24T09:15:46+00:00","dateModified":"2025-01-22T12:26:22+00:00","description":"La gavina només es vol estar on el blau és més blau.I així és com comencen el cel i la mar el seu grandiós espectacle dels colors.Un llibre d’imatges","breadcrumb":{"@id":"https:\/\/www.editorialjuventud.es\/la-gavina-i-una-mar-de-colors-9788426138392\/#breadcrumb"},"inLanguage":"ca","potentialAction":[{"@type":"ReadAction","target":["https:\/\/www.editorialjuventud.es\/la-gavina-i-una-mar-de-colors-9788426138392\/"]}]},{"@type":"ImageObject","inLanguage":"ca","@id":"https:\/\/www.editorialjuventud.es\/la-gavina-i-una-mar-de-colors-9788426138392\/#primaryimage","url":"https:\/\/www.editorialjuventud.es\/wp-content\/uploads\/3839.jpg","contentUrl":"https:\/\/www.editorialjuventud.es\/wp-content\/uploads\/3839.jpg","width":486,"height":400,"caption":"3839.jpg"},{"@type":"BreadcrumbList","@id":"https:\/\/www.editorialjuventud.es\/la-gavina-i-una-mar-de-colors-9788426138392\/#breadcrumb","itemListElement":[{"@type":"ListItem","position":1,"name":"Portada","item":"https:\/\/www.editorialjuventud.es\/"},{"@type":"ListItem","position":2,"name":"catálogo","item":"https:\/\/www.editorialjuventud.es\/coleccion\/catalogo\/"},{"@type":"ListItem","position":3,"name":"català","item":"https:\/\/www.editorialjuventud.es\/coleccion\/catala\/"},{"@type":"ListItem","position":4,"name":"Àlbums Il·lustrats","item":"https:\/\/www.editorialjuventud.es\/coleccion\/albums-il%c2%b7lustrats\/"},{"@type":"ListItem","position":5,"name":"Art i Creativitat","item":"https:\/\/www.editorialjuventud.es\/ca\/coleccion\/art-i-creativitat\/"},{"@type":"ListItem","position":6,"name":"La gavina i una mar de colors"}]},{"@type":"WebSite","@id":"https:\/\/www.editorialjuventud.es\/#website","url":"https:\/\/www.editorialjuventud.es\/","name":"Editorial Juventud","description":"","potentialAction":[{"@type":"SearchAction","target":{"@type":"EntryPoint","urlTemplate":"https:\/\/www.editorialjuventud.es\/?s={search_term_string}"},"query-input":{"@type":"PropertyValueSpecification","valueRequired":true,"valueName":"search_term_string"}}],"inLanguage":"ca"}]}</script>
<!-- / Yoast SEO plugin. -->

La gavina només es vol estar on el blau és més blau.I així és com comencen el cel i la mar el seu grandiós espectacle dels colors.Un llibre d’imatges

catálogo

català

Àlbums Il·lustrats
