{"id":5742,"date":"2018-08-24T13:15:41","date_gmt":"2018-08-24T09:15:41","guid":{"rendered":"http:\/\/www.editorialjuventud.es\/la-gaviota-y-un-mar-de-colores\/"},"modified":"2025-01-22T13:26:17","modified_gmt":"2025-01-22T12:26:17","slug":"la-gaviota-y-un-mar-de-colores-9788426138385","status":"publish","type":"product","link":"https:\/\/www.editorialjuventud.es\/ca\/la-gaviota-y-un-mar-de-colores-9788426138385\/","title":{"rendered":"La gaviota y un mar de colores"},"content":{"rendered":"<p>La gaviota solo quiere estar donde el azul es m\u00e1s azul. As\u00ed es como empiezan el cielo y el mar su grandioso espect\u00e1culo de colores. Un libro de im\u00e1genes po\u00e9ticas que estimula la creatividad y despierta el deseo de pintar.<\/p>\n","protected":false},"excerpt":{"rendered":"La gaviota solo quiere estar donde el azul es m\u00e1s azul. As\u00ed es como empiezan el cielo y el mar su grandioso espect\u00e1culo de colores. Un libro de im\u00e1genes po\u00e9ticas que estimula la creatividad y despierta el deseo de pintar.","protected":false},"featured_media":13573,"template":"","meta":{"_acf_changed":false,"_exactmetrics_skip_tracking":false,"_exactmetrics_sitenote_active":false,"_exactmetrics_sitenote_note":"","_exactmetrics_sitenote_category":0},"product_brand":[],"product_cat":[902,1121,1125,1140,1152,1193,1211],"product_tag":[],"coleccion":[986],"class_list":{"0":"post-5742","1":"product","2":"type-product","3":"status-publish","4":"has-post-thumbnail","6":"product_cat-a-partir-de-7-anos","7":"product_cat-albumes-ilustrados","8":"product_cat-arte","9":"product_cat-arte-y-creatividad","10":"product_cat-colores","11":"product_cat-mar-oceano","12":"product_cat-poesia-rimas","13":"coleccion-arte-y-creatividad","15":"first","16":"outofstock","17":"taxable","18":"shipping-taxable","19":"purchasable","20":"product-type-simple"},"acf":{"autor":"Tuckermann, Anja","codart":"3838","ediciones":"1","encuadernacion":"Carton\u00e9","fecha_de_publicacion":"01\/05\/2011","novedad":"0","paginas":"32","subtitulo":"","texto_web_adicional":"","texto_web_novedad":"","orden":"999","portada":"0","texto_web_resaltado":"","autores-libros":[16653],"ilustradores-libros":[17468],"traductores-libros":[16176]},"yoast_head":"<!-- This site is optimized with the Yoast SEO plugin v27.3 - https:\/\/yoast.com\/product\/yoast-seo-wordpress\/ -->\n<title>La gaviota y un mar de colores - Editorial Juventud<\/title>\n<meta name=\"description\" content=\"La gaviota solo quiere estar donde el azul es m\u00e1s azul. As\u00ed es como empiezan el cielo y el mar su grandioso espect\u00e1culo de colores. Un libro de im\u00e1genes\" \/>\n<meta name=\"robots\" content=\"index, follow, max-snippet:-1, max-image-preview:large, max-video-preview:-1\" \/>\n<link rel=\"canonical\" href=\"https:\/\/www.editorialjuventud.es\/la-gaviota-y-un-mar-de-colores-9788426138385\/\" \/>\n<meta property=\"og:locale\" content=\"ca_ES\" \/>\n<meta property=\"og:type\" content=\"article\" \/>\n<meta property=\"og:title\" content=\"La gaviota y un mar de colores - Editorial Juventud\" \/>\n<meta property=\"og:description\" content=\"La gaviota solo quiere estar donde el azul es m\u00e1s azul. As\u00ed es como empiezan el cielo y el mar su grandioso espect\u00e1culo de colores. Un libro de im\u00e1genes\" \/>\n<meta property=\"og:url\" content=\"https:\/\/www.editorialjuventud.es\/la-gaviota-y-un-mar-de-colores-9788426138385\/\" \/>\n<meta property=\"og:site_name\" content=\"Editorial Juventud\" \/>\n<meta property=\"article:modified_time\" content=\"2025-01-22T12:26:17+00:00\" \/>\n<meta property=\"og:image\" content=\"https:\/\/www.editorialjuventud.es\/wp-content\/uploads\/3838.jpg\" \/>\n\t<meta property=\"og:image:width\" content=\"488\" \/>\n\t<meta property=\"og:image:height\" content=\"400\" \/>\n\t<meta property=\"og:image:type\" content=\"image\/jpeg\" \/>\n<meta name=\"twitter:card\" content=\"summary_large_image\" \/>\n<script type=\"application\/ld+json\" class=\"yoast-schema-graph\">{\"@context\":\"https:\\\/\\\/schema.org\",\"@graph\":[{\"@type\":\"WebPage\",\"@id\":\"https:\\\/\\\/www.editorialjuventud.es\\\/la-gaviota-y-un-mar-de-colores-9788426138385\\\/\",\"url\":\"https:\\\/\\\/www.editorialjuventud.es\\\/la-gaviota-y-un-mar-de-colores-9788426138385\\\/\",\"name\":\"La gaviota y un mar de colores - Editorial Juventud\",\"isPartOf\":{\"@id\":\"https:\\\/\\\/www.editorialjuventud.es\\\/#website\"},\"primaryImageOfPage\":{\"@id\":\"https:\\\/\\\/www.editorialjuventud.es\\\/la-gaviota-y-un-mar-de-colores-9788426138385\\\/#primaryimage\"},\"image\":{\"@id\":\"https:\\\/\\\/www.editorialjuventud.es\\\/la-gaviota-y-un-mar-de-colores-9788426138385\\\/#primaryimage\"},\"thumbnailUrl\":\"https:\\\/\\\/www.editorialjuventud.es\\\/wp-content\\\/uploads\\\/3838.jpg\",\"datePublished\":\"2018-08-24T09:15:41+00:00\",\"dateModified\":\"2025-01-22T12:26:17+00:00\",\"description\":\"La gaviota solo quiere estar donde el azul es m\u00e1s azul. As\u00ed es como empiezan el cielo y el mar su grandioso espect\u00e1culo de colores. Un libro de im\u00e1genes\",\"breadcrumb\":{\"@id\":\"https:\\\/\\\/www.editorialjuventud.es\\\/la-gaviota-y-un-mar-de-colores-9788426138385\\\/#breadcrumb\"},\"inLanguage\":\"ca\",\"potentialAction\":[{\"@type\":\"ReadAction\",\"target\":[\"https:\\\/\\\/www.editorialjuventud.es\\\/la-gaviota-y-un-mar-de-colores-9788426138385\\\/\"]}]},{\"@type\":\"ImageObject\",\"inLanguage\":\"ca\",\"@id\":\"https:\\\/\\\/www.editorialjuventud.es\\\/la-gaviota-y-un-mar-de-colores-9788426138385\\\/#primaryimage\",\"url\":\"https:\\\/\\\/www.editorialjuventud.es\\\/wp-content\\\/uploads\\\/3838.jpg\",\"contentUrl\":\"https:\\\/\\\/www.editorialjuventud.es\\\/wp-content\\\/uploads\\\/3838.jpg\",\"width\":488,\"height\":400,\"caption\":\"3838.jpg\"},{\"@type\":\"BreadcrumbList\",\"@id\":\"https:\\\/\\\/www.editorialjuventud.es\\\/la-gaviota-y-un-mar-de-colores-9788426138385\\\/#breadcrumb\",\"itemListElement\":[{\"@type\":\"ListItem\",\"position\":1,\"name\":\"Portada\",\"item\":\"https:\\\/\\\/www.editorialjuventud.es\\\/\"},{\"@type\":\"ListItem\",\"position\":2,\"name\":\"cat\u00e1logo\",\"item\":\"https:\\\/\\\/www.editorialjuventud.es\\\/coleccion\\\/catalogo\\\/\"},{\"@type\":\"ListItem\",\"position\":3,\"name\":\"castellano\",\"item\":\"https:\\\/\\\/www.editorialjuventud.es\\\/coleccion\\\/castellano\\\/\"},{\"@type\":\"ListItem\",\"position\":4,\"name\":\"\u00c1lbumes Ilustrados\",\"item\":\"https:\\\/\\\/www.editorialjuventud.es\\\/coleccion\\\/albumes-ilustrados\\\/\"},{\"@type\":\"ListItem\",\"position\":5,\"name\":\"Arte y Creatividad\",\"item\":\"https:\\\/\\\/www.editorialjuventud.es\\\/ca\\\/coleccion\\\/arte-y-creatividad\\\/\"},{\"@type\":\"ListItem\",\"position\":6,\"name\":\"La gaviota y un mar de colores\"}]},{\"@type\":\"WebSite\",\"@id\":\"https:\\\/\\\/www.editorialjuventud.es\\\/#website\",\"url\":\"https:\\\/\\\/www.editorialjuventud.es\\\/\",\"name\":\"Editorial Juventud\",\"description\":\"\",\"potentialAction\":[{\"@type\":\"SearchAction\",\"target\":{\"@type\":\"EntryPoint\",\"urlTemplate\":\"https:\\\/\\\/www.editorialjuventud.es\\\/?s={search_term_string}\"},\"query-input\":{\"@type\":\"PropertyValueSpecification\",\"valueRequired\":true,\"valueName\":\"search_term_string\"}}],\"inLanguage\":\"ca\"}]}<\/script>\n<!-- \/ Yoast SEO plugin. -->","yoast_head_json":{"title":"La gaviota y un mar de colores - Editorial Juventud","description":"La gaviota solo quiere estar donde el azul es m\u00e1s azul. As\u00ed es como empiezan el cielo y el mar su grandioso espect\u00e1culo de colores. Un libro de im\u00e1genes","robots":{"index":"index","follow":"follow","max-snippet":"max-snippet:-1","max-image-preview":"max-image-preview:large","max-video-preview":"max-video-preview:-1"},"canonical":"https:\/\/www.editorialjuventud.es\/la-gaviota-y-un-mar-de-colores-9788426138385\/","og_locale":"ca_ES","og_type":"article","og_title":"La gaviota y un mar de colores - Editorial Juventud","og_description":"La gaviota solo quiere estar donde el azul es m\u00e1s azul. As\u00ed es como empiezan el cielo y el mar su grandioso espect\u00e1culo de colores. Un libro de im\u00e1genes","og_url":"https:\/\/www.editorialjuventud.es\/la-gaviota-y-un-mar-de-colores-9788426138385\/","og_site_name":"Editorial Juventud","article_modified_time":"2025-01-22T12:26:17+00:00","og_image":[{"width":488,"height":400,"url":"https:\/\/www.editorialjuventud.es\/wp-content\/uploads\/3838.jpg","type":"image\/jpeg"}],"twitter_card":"summary_large_image","schema":{"@context":"https:\/\/schema.org","@graph":[{"@type":"WebPage","@id":"https:\/\/www.editorialjuventud.es\/la-gaviota-y-un-mar-de-colores-9788426138385\/","url":"https:\/\/www.editorialjuventud.es\/la-gaviota-y-un-mar-de-colores-9788426138385\/","name":"La gaviota y un mar de colores - Editorial Juventud","isPartOf":{"@id":"https:\/\/www.editorialjuventud.es\/#website"},"primaryImageOfPage":{"@id":"https:\/\/www.editorialjuventud.es\/la-gaviota-y-un-mar-de-colores-9788426138385\/#primaryimage"},"image":{"@id":"https:\/\/www.editorialjuventud.es\/la-gaviota-y-un-mar-de-colores-9788426138385\/#primaryimage"},"thumbnailUrl":"https:\/\/www.editorialjuventud.es\/wp-content\/uploads\/3838.jpg","datePublished":"2018-08-24T09:15:41+00:00","dateModified":"2025-01-22T12:26:17+00:00","description":"La gaviota solo quiere estar donde el azul es m\u00e1s azul. As\u00ed es como empiezan el cielo y el mar su grandioso espect\u00e1culo de colores. Un libro de im\u00e1genes","breadcrumb":{"@id":"https:\/\/www.editorialjuventud.es\/la-gaviota-y-un-mar-de-colores-9788426138385\/#breadcrumb"},"inLanguage":"ca","potentialAction":[{"@type":"ReadAction","target":["https:\/\/www.editorialjuventud.es\/la-gaviota-y-un-mar-de-colores-9788426138385\/"]}]},{"@type":"ImageObject","inLanguage":"ca","@id":"https:\/\/www.editorialjuventud.es\/la-gaviota-y-un-mar-de-colores-9788426138385\/#primaryimage","url":"https:\/\/www.editorialjuventud.es\/wp-content\/uploads\/3838.jpg","contentUrl":"https:\/\/www.editorialjuventud.es\/wp-content\/uploads\/3838.jpg","width":488,"height":400,"caption":"3838.jpg"},{"@type":"BreadcrumbList","@id":"https:\/\/www.editorialjuventud.es\/la-gaviota-y-un-mar-de-colores-9788426138385\/#breadcrumb","itemListElement":[{"@type":"ListItem","position":1,"name":"Portada","item":"https:\/\/www.editorialjuventud.es\/"},{"@type":"ListItem","position":2,"name":"cat\u00e1logo","item":"https:\/\/www.editorialjuventud.es\/coleccion\/catalogo\/"},{"@type":"ListItem","position":3,"name":"castellano","item":"https:\/\/www.editorialjuventud.es\/coleccion\/castellano\/"},{"@type":"ListItem","position":4,"name":"\u00c1lbumes Ilustrados","item":"https:\/\/www.editorialjuventud.es\/coleccion\/albumes-ilustrados\/"},{"@type":"ListItem","position":5,"name":"Arte y Creatividad","item":"https:\/\/www.editorialjuventud.es\/ca\/coleccion\/arte-y-creatividad\/"},{"@type":"ListItem","position":6,"name":"La gaviota y un mar de colores"}]},{"@type":"WebSite","@id":"https:\/\/www.editorialjuventud.es\/#website","url":"https:\/\/www.editorialjuventud.es\/","name":"Editorial Juventud","description":"","potentialAction":[{"@type":"SearchAction","target":{"@type":"EntryPoint","urlTemplate":"https:\/\/www.editorialjuventud.es\/?s={search_term_string}"},"query-input":{"@type":"PropertyValueSpecification","valueRequired":true,"valueName":"search_term_string"}}],"inLanguage":"ca"}]}},"_links":{"self":[{"href":"https:\/\/www.editorialjuventud.es\/ca\/wp-json\/wp\/v2\/product\/5742","targetHints":{"allow":["GET"]}}],"collection":[{"href":"https:\/\/www.editorialjuventud.es\/ca\/wp-json\/wp\/v2\/product"}],"about":[{"href":"https:\/\/www.editorialjuventud.es\/ca\/wp-json\/wp\/v2\/types\/product"}],"wp:featuredmedia":[{"embeddable":true,"href":"https:\/\/www.editorialjuventud.es\/ca\/wp-json\/wp\/v2\/media\/13573"}],"wp:attachment":[{"href":"https:\/\/www.editorialjuventud.es\/ca\/wp-json\/wp\/v2\/media?parent=5742"}],"wp:term":[{"taxonomy":"product_brand","embeddable":true,"href":"https:\/\/www.editorialjuventud.es\/ca\/wp-json\/wp\/v2\/product_brand?post=5742"},{"taxonomy":"product_cat","embeddable":true,"href":"https:\/\/www.editorialjuventud.es\/ca\/wp-json\/wp\/v2\/product_cat?post=5742"},{"taxonomy":"product_tag","embeddable":true,"href":"https:\/\/www.editorialjuventud.es\/ca\/wp-json\/wp\/v2\/product_tag?post=5742"},{"taxonomy":"coleccion","embeddable":true,"href":"https:\/\/www.editorialjuventud.es\/ca\/wp-json\/wp\/v2\/coleccion?post=5742"}],"curies":[{"name":"wp","href":"https:\/\/api.w.org\/{rel}","templated":true}]}}

<p>La gaviota solo quiere estar donde el azul es más azul. Así es como empiezan el cielo y el mar su grandioso espectáculo de colores. Un libro de imágenes poéticas que estimula la creatividad y despierta el deseo de pintar.</p>

La gaviota solo quiere estar donde el azul es más azul. Así es como empiezan el cielo y el mar su grandioso espectáculo de colores. Un libro de imágenes poéticas que estimula la creatividad y despierta el deseo de pintar.

Cartoné

<!-- This site is optimized with the Yoast SEO plugin v27.3 - https://yoast.com/product/yoast-seo-wordpress/ -->
<title>La gaviota y un mar de colores - Editorial Juventud</title>
<meta name="description" content="La gaviota solo quiere estar donde el azul es más azul. Así es como empiezan el cielo y el mar su grandioso espectáculo de colores. Un libro de imágenes" />
<meta name="robots" content="index, follow, max-snippet:-1, max-image-preview:large, max-video-preview:-1" />
<link rel="canonical" href="https://www.editorialjuventud.es/la-gaviota-y-un-mar-de-colores-9788426138385/" />
<meta property="og:locale" content="ca_ES" />
<meta property="og:type" content="article" />
<meta property="og:title" content="La gaviota y un mar de colores - Editorial Juventud" />
<meta property="og:description" content="La gaviota solo quiere estar donde el azul es más azul. Así es como empiezan el cielo y el mar su grandioso espectáculo de colores. Un libro de imágenes" />
<meta property="og:url" content="https://www.editorialjuventud.es/la-gaviota-y-un-mar-de-colores-9788426138385/" />
<meta property="og:site_name" content="Editorial Juventud" />
<meta property="article:modified_time" content="2025-01-22T12:26:17+00:00" />
<meta property="og:image" content="https://www.editorialjuventud.es/wp-content/uploads/3838.jpg" />
	<meta property="og:image:width" content="488" />
	<meta property="og:image:height" content="400" />
	<meta property="og:image:type" content="image/jpeg" />
<meta name="twitter:card" content="summary_large_image" />
<script type="application/ld+json" class="yoast-schema-graph">{"@context":"https:\/\/schema.org","@graph":[{"@type":"WebPage","@id":"https:\/\/www.editorialjuventud.es\/la-gaviota-y-un-mar-de-colores-9788426138385\/","url":"https:\/\/www.editorialjuventud.es\/la-gaviota-y-un-mar-de-colores-9788426138385\/","name":"La gaviota y un mar de colores - Editorial Juventud","isPartOf":{"@id":"https:\/\/www.editorialjuventud.es\/#website"},"primaryImageOfPage":{"@id":"https:\/\/www.editorialjuventud.es\/la-gaviota-y-un-mar-de-colores-9788426138385\/#primaryimage"},"image":{"@id":"https:\/\/www.editorialjuventud.es\/la-gaviota-y-un-mar-de-colores-9788426138385\/#primaryimage"},"thumbnailUrl":"https:\/\/www.editorialjuventud.es\/wp-content\/uploads\/3838.jpg","datePublished":"2018-08-24T09:15:41+00:00","dateModified":"2025-01-22T12:26:17+00:00","description":"La gaviota solo quiere estar donde el azul es más azul. Así es como empiezan el cielo y el mar su grandioso espectáculo de colores. Un libro de imágenes","breadcrumb":{"@id":"https:\/\/www.editorialjuventud.es\/la-gaviota-y-un-mar-de-colores-9788426138385\/#breadcrumb"},"inLanguage":"ca","potentialAction":[{"@type":"ReadAction","target":["https:\/\/www.editorialjuventud.es\/la-gaviota-y-un-mar-de-colores-9788426138385\/"]}]},{"@type":"ImageObject","inLanguage":"ca","@id":"https:\/\/www.editorialjuventud.es\/la-gaviota-y-un-mar-de-colores-9788426138385\/#primaryimage","url":"https:\/\/www.editorialjuventud.es\/wp-content\/uploads\/3838.jpg","contentUrl":"https:\/\/www.editorialjuventud.es\/wp-content\/uploads\/3838.jpg","width":488,"height":400,"caption":"3838.jpg"},{"@type":"BreadcrumbList","@id":"https:\/\/www.editorialjuventud.es\/la-gaviota-y-un-mar-de-colores-9788426138385\/#breadcrumb","itemListElement":[{"@type":"ListItem","position":1,"name":"Portada","item":"https:\/\/www.editorialjuventud.es\/"},{"@type":"ListItem","position":2,"name":"catálogo","item":"https:\/\/www.editorialjuventud.es\/coleccion\/catalogo\/"},{"@type":"ListItem","position":3,"name":"castellano","item":"https:\/\/www.editorialjuventud.es\/coleccion\/castellano\/"},{"@type":"ListItem","position":4,"name":"Álbumes Ilustrados","item":"https:\/\/www.editorialjuventud.es\/coleccion\/albumes-ilustrados\/"},{"@type":"ListItem","position":5,"name":"Arte y Creatividad","item":"https:\/\/www.editorialjuventud.es\/ca\/coleccion\/arte-y-creatividad\/"},{"@type":"ListItem","position":6,"name":"La gaviota y un mar de colores"}]},{"@type":"WebSite","@id":"https:\/\/www.editorialjuventud.es\/#website","url":"https:\/\/www.editorialjuventud.es\/","name":"Editorial Juventud","description":"","potentialAction":[{"@type":"SearchAction","target":{"@type":"EntryPoint","urlTemplate":"https:\/\/www.editorialjuventud.es\/?s={search_term_string}"},"query-input":{"@type":"PropertyValueSpecification","valueRequired":true,"valueName":"search_term_string"}}],"inLanguage":"ca"}]}</script>
<!-- / Yoast SEO plugin. -->

La gaviota solo quiere estar donde el azul es más azul. Así es como empiezan el cielo y el mar su grandioso espectáculo de colores. Un libro de imágenes

catálogo

Álbumes Ilustrados
