{"id":5740,"date":"2018-08-24T13:15:33","date_gmt":"2018-08-24T09:15:33","guid":{"rendered":"http:\/\/www.editorialjuventud.es\/detras-del-muro\/"},"modified":"2025-01-22T13:26:39","modified_gmt":"2025-01-22T12:26:39","slug":"detras-del-muro-9788426138361","status":"publish","type":"product","link":"https:\/\/www.editorialjuventud.es\/ca\/detras-del-muro-9788426138361\/","title":{"rendered":"Detr\u00e1s del muro"},"content":{"rendered":"<p>Un ni\u00f1o sufre la ausencia de su padre en la c\u00e1rcel. El \u00e1lbum alterna escenas que recuerdan la complicidad entre padre e hijo y otras en que el ni\u00f1o est\u00e1 solo y totalmente desconcertado. A pesar de su falta de comprensi\u00f3n sobre la situaci\u00f3n, nada puede cambiar el amor que se tienen el padre y el hijo.<\/p>\n","protected":false},"excerpt":{"rendered":"Un ni\u00f1o sufre la ausencia de su padre en la c\u00e1rcel. El \u00e1lbum alterna escenas que recuerdan la complicidad entre padre e hijo y otras en que el ni\u00f1o est\u00e1 solo y totalmente desconcertado. A pesar de su falta de [&hellip;]","protected":false},"featured_media":12445,"template":"","meta":{"_acf_changed":false,"_exactmetrics_skip_tracking":false,"_exactmetrics_sitenote_active":false,"_exactmetrics_sitenote_note":"","_exactmetrics_sitenote_category":0},"product_brand":[],"product_cat":[902,1121,1137,1172,1223],"product_tag":[],"coleccion":[988],"class_list":{"0":"post-5740","1":"product","2":"type-product","3":"status-publish","4":"has-post-thumbnail","6":"product_cat-a-partir-de-7-anos","7":"product_cat-albumes-ilustrados","8":"product_cat-amor","9":"product_cat-emociones","10":"product_cat-supervivencia","11":"coleccion-convivencia-y-multiculturalidad","13":"first","14":"instock","15":"taxable","16":"shipping-taxable","17":"purchasable","18":"product-type-simple"},"acf":{"autor":"Carrier, Isabelle","codart":"3836","ediciones":"1","encuadernacion":"Carton\u00e9","fecha_de_publicacion":"15\/02\/2011","novedad":"0","paginas":"32","subtitulo":"","texto_web_adicional":"","texto_web_novedad":"","orden":"999","portada":"0","texto_web_resaltado":"","indice":"","autores-libros":[16266],"ilustradores-libros":[16655],"traductores-libros":"","fecha_de_reimpresion":"","descripcion_corta":"","recomendamos":"","mas_vendido":"","idioma-libro":"","color":false,"formato":"","mas_informacion_del_producto":false,"premios":false,"deshabilitar_compra":["deshabilitar"],"texto_enlace_cubierta":"","enlace_cubierta":false,"texto_enlace_ficha_tecnica":"","enlace_ficha_tecnica":false,"ficheros":false,"titulo-fr":"","texto-fr":""},"yoast_head":"<!-- This site is optimized with the Yoast SEO plugin v27.3 - https:\/\/yoast.com\/product\/yoast-seo-wordpress\/ -->\n<title>Detr\u00e1s del muro - Editorial Juventud<\/title>\n<meta name=\"description\" content=\"Un ni\u00f1o sufre la ausencia de su padre en la c\u00e1rcel. El \u00e1lbum alterna escenas que recuerdan la complicidad entre padre e hijo y otras en que el ni\u00f1o est\u00e1\" \/>\n<meta name=\"robots\" content=\"index, follow, max-snippet:-1, max-image-preview:large, max-video-preview:-1\" \/>\n<link rel=\"canonical\" href=\"https:\/\/www.editorialjuventud.es\/detras-del-muro-9788426138361\/\" \/>\n<meta property=\"og:locale\" content=\"ca_ES\" \/>\n<meta property=\"og:type\" content=\"article\" \/>\n<meta property=\"og:title\" content=\"Detr\u00e1s del muro - Editorial Juventud\" \/>\n<meta property=\"og:description\" content=\"Un ni\u00f1o sufre la ausencia de su padre en la c\u00e1rcel. El \u00e1lbum alterna escenas que recuerdan la complicidad entre padre e hijo y otras en que el ni\u00f1o est\u00e1\" \/>\n<meta property=\"og:url\" content=\"https:\/\/www.editorialjuventud.es\/detras-del-muro-9788426138361\/\" \/>\n<meta property=\"og:site_name\" content=\"Editorial Juventud\" \/>\n<meta property=\"article:modified_time\" content=\"2025-01-22T12:26:39+00:00\" \/>\n<meta property=\"og:image\" content=\"https:\/\/www.editorialjuventud.es\/wp-content\/uploads\/3836.jpg\" \/>\n\t<meta property=\"og:image:width\" content=\"312\" \/>\n\t<meta property=\"og:image:height\" content=\"450\" \/>\n\t<meta property=\"og:image:type\" content=\"image\/jpeg\" \/>\n<meta name=\"twitter:card\" content=\"summary_large_image\" \/>\n<script type=\"application\/ld+json\" class=\"yoast-schema-graph\">{\"@context\":\"https:\\\/\\\/schema.org\",\"@graph\":[{\"@type\":\"WebPage\",\"@id\":\"https:\\\/\\\/www.editorialjuventud.es\\\/detras-del-muro-9788426138361\\\/\",\"url\":\"https:\\\/\\\/www.editorialjuventud.es\\\/detras-del-muro-9788426138361\\\/\",\"name\":\"Detr\u00e1s del muro - Editorial Juventud\",\"isPartOf\":{\"@id\":\"https:\\\/\\\/www.editorialjuventud.es\\\/#website\"},\"primaryImageOfPage\":{\"@id\":\"https:\\\/\\\/www.editorialjuventud.es\\\/detras-del-muro-9788426138361\\\/#primaryimage\"},\"image\":{\"@id\":\"https:\\\/\\\/www.editorialjuventud.es\\\/detras-del-muro-9788426138361\\\/#primaryimage\"},\"thumbnailUrl\":\"https:\\\/\\\/www.editorialjuventud.es\\\/wp-content\\\/uploads\\\/3836.jpg\",\"datePublished\":\"2018-08-24T09:15:33+00:00\",\"dateModified\":\"2025-01-22T12:26:39+00:00\",\"description\":\"Un ni\u00f1o sufre la ausencia de su padre en la c\u00e1rcel. El \u00e1lbum alterna escenas que recuerdan la complicidad entre padre e hijo y otras en que el ni\u00f1o est\u00e1\",\"breadcrumb\":{\"@id\":\"https:\\\/\\\/www.editorialjuventud.es\\\/detras-del-muro-9788426138361\\\/#breadcrumb\"},\"inLanguage\":\"ca\",\"potentialAction\":[{\"@type\":\"ReadAction\",\"target\":[\"https:\\\/\\\/www.editorialjuventud.es\\\/detras-del-muro-9788426138361\\\/\"]}]},{\"@type\":\"ImageObject\",\"inLanguage\":\"ca\",\"@id\":\"https:\\\/\\\/www.editorialjuventud.es\\\/detras-del-muro-9788426138361\\\/#primaryimage\",\"url\":\"https:\\\/\\\/www.editorialjuventud.es\\\/wp-content\\\/uploads\\\/3836.jpg\",\"contentUrl\":\"https:\\\/\\\/www.editorialjuventud.es\\\/wp-content\\\/uploads\\\/3836.jpg\",\"width\":312,\"height\":450,\"caption\":\"3836.jpg\"},{\"@type\":\"BreadcrumbList\",\"@id\":\"https:\\\/\\\/www.editorialjuventud.es\\\/detras-del-muro-9788426138361\\\/#breadcrumb\",\"itemListElement\":[{\"@type\":\"ListItem\",\"position\":1,\"name\":\"Portada\",\"item\":\"https:\\\/\\\/www.editorialjuventud.es\\\/\"},{\"@type\":\"ListItem\",\"position\":2,\"name\":\"cat\u00e1logo\",\"item\":\"https:\\\/\\\/www.editorialjuventud.es\\\/coleccion\\\/catalogo\\\/\"},{\"@type\":\"ListItem\",\"position\":3,\"name\":\"castellano\",\"item\":\"https:\\\/\\\/www.editorialjuventud.es\\\/coleccion\\\/castellano\\\/\"},{\"@type\":\"ListItem\",\"position\":4,\"name\":\"\u00c1lbumes Ilustrados\",\"item\":\"https:\\\/\\\/www.editorialjuventud.es\\\/coleccion\\\/albumes-ilustrados\\\/\"},{\"@type\":\"ListItem\",\"position\":5,\"name\":\"Convivencia y Multiculturalidad\",\"item\":\"https:\\\/\\\/www.editorialjuventud.es\\\/coleccion\\\/convivencia-y-multiculturalidad\\\/\"},{\"@type\":\"ListItem\",\"position\":6,\"name\":\"Detr\u00e1s del muro\"}]},{\"@type\":\"WebSite\",\"@id\":\"https:\\\/\\\/www.editorialjuventud.es\\\/#website\",\"url\":\"https:\\\/\\\/www.editorialjuventud.es\\\/\",\"name\":\"Editorial Juventud\",\"description\":\"\",\"potentialAction\":[{\"@type\":\"SearchAction\",\"target\":{\"@type\":\"EntryPoint\",\"urlTemplate\":\"https:\\\/\\\/www.editorialjuventud.es\\\/?s={search_term_string}\"},\"query-input\":{\"@type\":\"PropertyValueSpecification\",\"valueRequired\":true,\"valueName\":\"search_term_string\"}}],\"inLanguage\":\"ca\"}]}<\/script>\n<!-- \/ Yoast SEO plugin. -->","yoast_head_json":{"title":"Detr\u00e1s del muro - Editorial Juventud","description":"Un ni\u00f1o sufre la ausencia de su padre en la c\u00e1rcel. El \u00e1lbum alterna escenas que recuerdan la complicidad entre padre e hijo y otras en que el ni\u00f1o est\u00e1","robots":{"index":"index","follow":"follow","max-snippet":"max-snippet:-1","max-image-preview":"max-image-preview:large","max-video-preview":"max-video-preview:-1"},"canonical":"https:\/\/www.editorialjuventud.es\/detras-del-muro-9788426138361\/","og_locale":"ca_ES","og_type":"article","og_title":"Detr\u00e1s del muro - Editorial Juventud","og_description":"Un ni\u00f1o sufre la ausencia de su padre en la c\u00e1rcel. El \u00e1lbum alterna escenas que recuerdan la complicidad entre padre e hijo y otras en que el ni\u00f1o est\u00e1","og_url":"https:\/\/www.editorialjuventud.es\/detras-del-muro-9788426138361\/","og_site_name":"Editorial Juventud","article_modified_time":"2025-01-22T12:26:39+00:00","og_image":[{"width":312,"height":450,"url":"https:\/\/www.editorialjuventud.es\/wp-content\/uploads\/3836.jpg","type":"image\/jpeg"}],"twitter_card":"summary_large_image","schema":{"@context":"https:\/\/schema.org","@graph":[{"@type":"WebPage","@id":"https:\/\/www.editorialjuventud.es\/detras-del-muro-9788426138361\/","url":"https:\/\/www.editorialjuventud.es\/detras-del-muro-9788426138361\/","name":"Detr\u00e1s del muro - Editorial Juventud","isPartOf":{"@id":"https:\/\/www.editorialjuventud.es\/#website"},"primaryImageOfPage":{"@id":"https:\/\/www.editorialjuventud.es\/detras-del-muro-9788426138361\/#primaryimage"},"image":{"@id":"https:\/\/www.editorialjuventud.es\/detras-del-muro-9788426138361\/#primaryimage"},"thumbnailUrl":"https:\/\/www.editorialjuventud.es\/wp-content\/uploads\/3836.jpg","datePublished":"2018-08-24T09:15:33+00:00","dateModified":"2025-01-22T12:26:39+00:00","description":"Un ni\u00f1o sufre la ausencia de su padre en la c\u00e1rcel. El \u00e1lbum alterna escenas que recuerdan la complicidad entre padre e hijo y otras en que el ni\u00f1o est\u00e1","breadcrumb":{"@id":"https:\/\/www.editorialjuventud.es\/detras-del-muro-9788426138361\/#breadcrumb"},"inLanguage":"ca","potentialAction":[{"@type":"ReadAction","target":["https:\/\/www.editorialjuventud.es\/detras-del-muro-9788426138361\/"]}]},{"@type":"ImageObject","inLanguage":"ca","@id":"https:\/\/www.editorialjuventud.es\/detras-del-muro-9788426138361\/#primaryimage","url":"https:\/\/www.editorialjuventud.es\/wp-content\/uploads\/3836.jpg","contentUrl":"https:\/\/www.editorialjuventud.es\/wp-content\/uploads\/3836.jpg","width":312,"height":450,"caption":"3836.jpg"},{"@type":"BreadcrumbList","@id":"https:\/\/www.editorialjuventud.es\/detras-del-muro-9788426138361\/#breadcrumb","itemListElement":[{"@type":"ListItem","position":1,"name":"Portada","item":"https:\/\/www.editorialjuventud.es\/"},{"@type":"ListItem","position":2,"name":"cat\u00e1logo","item":"https:\/\/www.editorialjuventud.es\/coleccion\/catalogo\/"},{"@type":"ListItem","position":3,"name":"castellano","item":"https:\/\/www.editorialjuventud.es\/coleccion\/castellano\/"},{"@type":"ListItem","position":4,"name":"\u00c1lbumes Ilustrados","item":"https:\/\/www.editorialjuventud.es\/coleccion\/albumes-ilustrados\/"},{"@type":"ListItem","position":5,"name":"Convivencia y Multiculturalidad","item":"https:\/\/www.editorialjuventud.es\/coleccion\/convivencia-y-multiculturalidad\/"},{"@type":"ListItem","position":6,"name":"Detr\u00e1s del muro"}]},{"@type":"WebSite","@id":"https:\/\/www.editorialjuventud.es\/#website","url":"https:\/\/www.editorialjuventud.es\/","name":"Editorial Juventud","description":"","potentialAction":[{"@type":"SearchAction","target":{"@type":"EntryPoint","urlTemplate":"https:\/\/www.editorialjuventud.es\/?s={search_term_string}"},"query-input":{"@type":"PropertyValueSpecification","valueRequired":true,"valueName":"search_term_string"}}],"inLanguage":"ca"}]}},"_links":{"self":[{"href":"https:\/\/www.editorialjuventud.es\/ca\/wp-json\/wp\/v2\/product\/5740","targetHints":{"allow":["GET"]}}],"collection":[{"href":"https:\/\/www.editorialjuventud.es\/ca\/wp-json\/wp\/v2\/product"}],"about":[{"href":"https:\/\/www.editorialjuventud.es\/ca\/wp-json\/wp\/v2\/types\/product"}],"wp:featuredmedia":[{"embeddable":true,"href":"https:\/\/www.editorialjuventud.es\/ca\/wp-json\/wp\/v2\/media\/12445"}],"wp:attachment":[{"href":"https:\/\/www.editorialjuventud.es\/ca\/wp-json\/wp\/v2\/media?parent=5740"}],"wp:term":[{"taxonomy":"product_brand","embeddable":true,"href":"https:\/\/www.editorialjuventud.es\/ca\/wp-json\/wp\/v2\/product_brand?post=5740"},{"taxonomy":"product_cat","embeddable":true,"href":"https:\/\/www.editorialjuventud.es\/ca\/wp-json\/wp\/v2\/product_cat?post=5740"},{"taxonomy":"product_tag","embeddable":true,"href":"https:\/\/www.editorialjuventud.es\/ca\/wp-json\/wp\/v2\/product_tag?post=5740"},{"taxonomy":"coleccion","embeddable":true,"href":"https:\/\/www.editorialjuventud.es\/ca\/wp-json\/wp\/v2\/coleccion?post=5740"}],"curies":[{"name":"wp","href":"https:\/\/api.w.org\/{rel}","templated":true}]}}

Detrás del muro

<p>Un niño sufre la ausencia de su padre en la cárcel. El álbum alterna escenas que recuerdan la complicidad entre padre e hijo y otras en que el niño está solo y totalmente desconcertado. A pesar de su falta de comprensión sobre la situación, nada puede cambiar el amor que se tienen el padre y el hijo.</p>

Un niño sufre la ausencia de su padre en la cárcel. El álbum alterna escenas que recuerdan la complicidad entre padre e hijo y otras en que el niño está solo y totalmente desconcertado. A pesar de su falta de [&hellip;]

Cartoné

<!-- This site is optimized with the Yoast SEO plugin v27.3 - https://yoast.com/product/yoast-seo-wordpress/ -->
<title>Detrás del muro - Editorial Juventud</title>
<meta name="description" content="Un niño sufre la ausencia de su padre en la cárcel. El álbum alterna escenas que recuerdan la complicidad entre padre e hijo y otras en que el niño está" />
<meta name="robots" content="index, follow, max-snippet:-1, max-image-preview:large, max-video-preview:-1" />
<link rel="canonical" href="https://www.editorialjuventud.es/detras-del-muro-9788426138361/" />
<meta property="og:locale" content="ca_ES" />
<meta property="og:type" content="article" />
<meta property="og:title" content="Detrás del muro - Editorial Juventud" />
<meta property="og:description" content="Un niño sufre la ausencia de su padre en la cárcel. El álbum alterna escenas que recuerdan la complicidad entre padre e hijo y otras en que el niño está" />
<meta property="og:url" content="https://www.editorialjuventud.es/detras-del-muro-9788426138361/" />
<meta property="og:site_name" content="Editorial Juventud" />
<meta property="article:modified_time" content="2025-01-22T12:26:39+00:00" />
<meta property="og:image" content="https://www.editorialjuventud.es/wp-content/uploads/3836.jpg" />
	<meta property="og:image:width" content="312" />
	<meta property="og:image:height" content="450" />
	<meta property="og:image:type" content="image/jpeg" />
<meta name="twitter:card" content="summary_large_image" />
<script type="application/ld+json" class="yoast-schema-graph">{"@context":"https:\/\/schema.org","@graph":[{"@type":"WebPage","@id":"https:\/\/www.editorialjuventud.es\/detras-del-muro-9788426138361\/","url":"https:\/\/www.editorialjuventud.es\/detras-del-muro-9788426138361\/","name":"Detrás del muro - Editorial Juventud","isPartOf":{"@id":"https:\/\/www.editorialjuventud.es\/#website"},"primaryImageOfPage":{"@id":"https:\/\/www.editorialjuventud.es\/detras-del-muro-9788426138361\/#primaryimage"},"image":{"@id":"https:\/\/www.editorialjuventud.es\/detras-del-muro-9788426138361\/#primaryimage"},"thumbnailUrl":"https:\/\/www.editorialjuventud.es\/wp-content\/uploads\/3836.jpg","datePublished":"2018-08-24T09:15:33+00:00","dateModified":"2025-01-22T12:26:39+00:00","description":"Un niño sufre la ausencia de su padre en la cárcel. El álbum alterna escenas que recuerdan la complicidad entre padre e hijo y otras en que el niño está","breadcrumb":{"@id":"https:\/\/www.editorialjuventud.es\/detras-del-muro-9788426138361\/#breadcrumb"},"inLanguage":"ca","potentialAction":[{"@type":"ReadAction","target":["https:\/\/www.editorialjuventud.es\/detras-del-muro-9788426138361\/"]}]},{"@type":"ImageObject","inLanguage":"ca","@id":"https:\/\/www.editorialjuventud.es\/detras-del-muro-9788426138361\/#primaryimage","url":"https:\/\/www.editorialjuventud.es\/wp-content\/uploads\/3836.jpg","contentUrl":"https:\/\/www.editorialjuventud.es\/wp-content\/uploads\/3836.jpg","width":312,"height":450,"caption":"3836.jpg"},{"@type":"BreadcrumbList","@id":"https:\/\/www.editorialjuventud.es\/detras-del-muro-9788426138361\/#breadcrumb","itemListElement":[{"@type":"ListItem","position":1,"name":"Portada","item":"https:\/\/www.editorialjuventud.es\/"},{"@type":"ListItem","position":2,"name":"catálogo","item":"https:\/\/www.editorialjuventud.es\/coleccion\/catalogo\/"},{"@type":"ListItem","position":3,"name":"castellano","item":"https:\/\/www.editorialjuventud.es\/coleccion\/castellano\/"},{"@type":"ListItem","position":4,"name":"Álbumes Ilustrados","item":"https:\/\/www.editorialjuventud.es\/coleccion\/albumes-ilustrados\/"},{"@type":"ListItem","position":5,"name":"Convivencia y Multiculturalidad","item":"https:\/\/www.editorialjuventud.es\/coleccion\/convivencia-y-multiculturalidad\/"},{"@type":"ListItem","position":6,"name":"Detrás del muro"}]},{"@type":"WebSite","@id":"https:\/\/www.editorialjuventud.es\/#website","url":"https:\/\/www.editorialjuventud.es\/","name":"Editorial Juventud","description":"","potentialAction":[{"@type":"SearchAction","target":{"@type":"EntryPoint","urlTemplate":"https:\/\/www.editorialjuventud.es\/?s={search_term_string}"},"query-input":{"@type":"PropertyValueSpecification","valueRequired":true,"valueName":"search_term_string"}}],"inLanguage":"ca"}]}</script>
<!-- / Yoast SEO plugin. -->

Detrás del muro - Editorial Juventud

Un niño sufre la ausencia de su padre en la cárcel. El álbum alterna escenas que recuerdan la complicidad entre padre e hijo y otras en que el niño está

catálogo

Álbumes Ilustrados
