{"id":5713,"date":"2018-08-24T11:13:36","date_gmt":"2018-08-24T09:13:36","guid":{"rendered":"http:\/\/www.editorialjuventud.es\/el-meu-primer-cotxe-era-vermell\/"},"modified":"2025-01-22T13:27:47","modified_gmt":"2025-01-22T12:27:47","slug":"el-meu-primer-cotxe-era-vermell-9788426138118","status":"publish","type":"product","link":"https:\/\/www.editorialjuventud.es\/ca\/el-meu-primer-cotxe-era-vermell-9788426138118\/","title":{"rendered":"El meu primer cotxe era vermell"},"content":{"rendered":"<p>El meu primer cotxe era vermell. Era un cotxe vell de pedals que em va regalar l\u2019avi.<br \/>El primer cotxe sempre \u00e9s el millor.<br \/>I el primer recorregut \u00e9s el m\u00e9s formidable, encara que estigui ple d\u2019obstacles i sorpreses.<\/p>\n","protected":false},"excerpt":{"rendered":"El meu primer cotxe era vermell. Era un cotxe vell de pedals que em va regalar l\u2019avi.El primer cotxe sempre \u00e9s el millor.I el primer recorregut \u00e9s el m\u00e9s formidable, encara que estigui ple d\u2019obstacles i sorpreses.","protected":false},"featured_media":12917,"template":"","meta":{"_acf_changed":false,"_exactmetrics_skip_tracking":false,"_exactmetrics_sitenote_active":false,"_exactmetrics_sitenote_note":"","_exactmetrics_sitenote_category":0},"product_brand":[],"product_cat":[900,1129,1121,1182,1128],"product_tag":[],"coleccion":[917,958],"class_list":{"0":"post-5713","1":"product","2":"type-product","3":"status-publish","4":"has-post-thumbnail","6":"product_cat-a-partir-de-5-anos","7":"product_cat-abuelos","8":"product_cat-albumes-ilustrados","9":"product_cat-hermanos","10":"product_cat-tematica","11":"coleccion-albums-illustrats","12":"coleccion-per-parlar-en-familia","14":"first","15":"instock","16":"taxable","17":"shipping-taxable","18":"purchasable","19":"product-type-simple"},"acf":{"autor":"Sch\u00f6ssow, Peter","codart":"3811","ediciones":"1","encuadernacion":"Carton\u00e9","fecha_de_publicacion":"01\/02\/2011","novedad":"0","paginas":"48","subtitulo":"","texto_web_adicional":"","texto_web_novedad":"","orden":"999","portada":"0","texto_web_resaltado":"","autores-libros":[16605],"ilustradores-libros":[16605]},"yoast_head":"<!-- This site is optimized with the Yoast SEO plugin v27.3 - https:\/\/yoast.com\/product\/yoast-seo-wordpress\/ -->\n<title>El meu primer cotxe era vermell - Editorial Juventud<\/title>\n<meta name=\"description\" content=\"El meu primer cotxe era vermell. Era un cotxe vell de pedals que em va regalar l\u2019avi.El primer cotxe sempre \u00e9s el millor.I el primer recorregut \u00e9s el m\u00e9s\" \/>\n<meta name=\"robots\" content=\"index, follow, max-snippet:-1, max-image-preview:large, max-video-preview:-1\" \/>\n<link rel=\"canonical\" href=\"https:\/\/www.editorialjuventud.es\/el-meu-primer-cotxe-era-vermell-9788426138118\/\" \/>\n<meta property=\"og:locale\" content=\"ca_ES\" \/>\n<meta property=\"og:type\" content=\"article\" \/>\n<meta property=\"og:title\" content=\"El meu primer cotxe era vermell - Editorial Juventud\" \/>\n<meta property=\"og:description\" content=\"El meu primer cotxe era vermell. Era un cotxe vell de pedals que em va regalar l\u2019avi.El primer cotxe sempre \u00e9s el millor.I el primer recorregut \u00e9s el m\u00e9s\" \/>\n<meta property=\"og:url\" content=\"https:\/\/www.editorialjuventud.es\/el-meu-primer-cotxe-era-vermell-9788426138118\/\" \/>\n<meta property=\"og:site_name\" content=\"Editorial Juventud\" \/>\n<meta property=\"article:modified_time\" content=\"2025-01-22T12:27:47+00:00\" \/>\n<meta property=\"og:image\" content=\"https:\/\/www.editorialjuventud.es\/wp-content\/uploads\/3811.jpg\" \/>\n\t<meta property=\"og:image:width\" content=\"441\" \/>\n\t<meta property=\"og:image:height\" content=\"450\" \/>\n\t<meta property=\"og:image:type\" content=\"image\/jpeg\" \/>\n<meta name=\"twitter:card\" content=\"summary_large_image\" \/>\n<script type=\"application\/ld+json\" class=\"yoast-schema-graph\">{\"@context\":\"https:\\\/\\\/schema.org\",\"@graph\":[{\"@type\":\"WebPage\",\"@id\":\"https:\\\/\\\/www.editorialjuventud.es\\\/el-meu-primer-cotxe-era-vermell-9788426138118\\\/\",\"url\":\"https:\\\/\\\/www.editorialjuventud.es\\\/el-meu-primer-cotxe-era-vermell-9788426138118\\\/\",\"name\":\"El meu primer cotxe era vermell - Editorial Juventud\",\"isPartOf\":{\"@id\":\"https:\\\/\\\/www.editorialjuventud.es\\\/#website\"},\"primaryImageOfPage\":{\"@id\":\"https:\\\/\\\/www.editorialjuventud.es\\\/el-meu-primer-cotxe-era-vermell-9788426138118\\\/#primaryimage\"},\"image\":{\"@id\":\"https:\\\/\\\/www.editorialjuventud.es\\\/el-meu-primer-cotxe-era-vermell-9788426138118\\\/#primaryimage\"},\"thumbnailUrl\":\"https:\\\/\\\/www.editorialjuventud.es\\\/wp-content\\\/uploads\\\/3811.jpg\",\"datePublished\":\"2018-08-24T09:13:36+00:00\",\"dateModified\":\"2025-01-22T12:27:47+00:00\",\"description\":\"El meu primer cotxe era vermell. Era un cotxe vell de pedals que em va regalar l\u2019avi.El primer cotxe sempre \u00e9s el millor.I el primer recorregut \u00e9s el m\u00e9s\",\"breadcrumb\":{\"@id\":\"https:\\\/\\\/www.editorialjuventud.es\\\/el-meu-primer-cotxe-era-vermell-9788426138118\\\/#breadcrumb\"},\"inLanguage\":\"ca\",\"potentialAction\":[{\"@type\":\"ReadAction\",\"target\":[\"https:\\\/\\\/www.editorialjuventud.es\\\/el-meu-primer-cotxe-era-vermell-9788426138118\\\/\"]}]},{\"@type\":\"ImageObject\",\"inLanguage\":\"ca\",\"@id\":\"https:\\\/\\\/www.editorialjuventud.es\\\/el-meu-primer-cotxe-era-vermell-9788426138118\\\/#primaryimage\",\"url\":\"https:\\\/\\\/www.editorialjuventud.es\\\/wp-content\\\/uploads\\\/3811.jpg\",\"contentUrl\":\"https:\\\/\\\/www.editorialjuventud.es\\\/wp-content\\\/uploads\\\/3811.jpg\",\"width\":441,\"height\":450,\"caption\":\"3811.jpg\"},{\"@type\":\"BreadcrumbList\",\"@id\":\"https:\\\/\\\/www.editorialjuventud.es\\\/el-meu-primer-cotxe-era-vermell-9788426138118\\\/#breadcrumb\",\"itemListElement\":[{\"@type\":\"ListItem\",\"position\":1,\"name\":\"Portada\",\"item\":\"https:\\\/\\\/www.editorialjuventud.es\\\/\"},{\"@type\":\"ListItem\",\"position\":2,\"name\":\"cat\u00e1logo\",\"item\":\"https:\\\/\\\/www.editorialjuventud.es\\\/coleccion\\\/catalogo\\\/\"},{\"@type\":\"ListItem\",\"position\":3,\"name\":\"catal\u00e0\",\"item\":\"https:\\\/\\\/www.editorialjuventud.es\\\/coleccion\\\/catala\\\/\"},{\"@type\":\"ListItem\",\"position\":4,\"name\":\"\u00c0lbums Il\u00b7lustrats\",\"item\":\"https:\\\/\\\/www.editorialjuventud.es\\\/coleccion\\\/albums-il%c2%b7lustrats\\\/\"},{\"@type\":\"ListItem\",\"position\":5,\"name\":\"Per Parlar en Fam\u00edlia\",\"item\":\"https:\\\/\\\/www.editorialjuventud.es\\\/ca\\\/coleccion\\\/per-parlar-en-familia\\\/\"},{\"@type\":\"ListItem\",\"position\":6,\"name\":\"El meu primer cotxe era vermell\"}]},{\"@type\":\"WebSite\",\"@id\":\"https:\\\/\\\/www.editorialjuventud.es\\\/#website\",\"url\":\"https:\\\/\\\/www.editorialjuventud.es\\\/\",\"name\":\"Editorial Juventud\",\"description\":\"\",\"potentialAction\":[{\"@type\":\"SearchAction\",\"target\":{\"@type\":\"EntryPoint\",\"urlTemplate\":\"https:\\\/\\\/www.editorialjuventud.es\\\/?s={search_term_string}\"},\"query-input\":{\"@type\":\"PropertyValueSpecification\",\"valueRequired\":true,\"valueName\":\"search_term_string\"}}],\"inLanguage\":\"ca\"}]}<\/script>\n<!-- \/ Yoast SEO plugin. -->","yoast_head_json":{"title":"El meu primer cotxe era vermell - Editorial Juventud","description":"El meu primer cotxe era vermell. Era un cotxe vell de pedals que em va regalar l\u2019avi.El primer cotxe sempre \u00e9s el millor.I el primer recorregut \u00e9s el m\u00e9s","robots":{"index":"index","follow":"follow","max-snippet":"max-snippet:-1","max-image-preview":"max-image-preview:large","max-video-preview":"max-video-preview:-1"},"canonical":"https:\/\/www.editorialjuventud.es\/el-meu-primer-cotxe-era-vermell-9788426138118\/","og_locale":"ca_ES","og_type":"article","og_title":"El meu primer cotxe era vermell - Editorial Juventud","og_description":"El meu primer cotxe era vermell. Era un cotxe vell de pedals que em va regalar l\u2019avi.El primer cotxe sempre \u00e9s el millor.I el primer recorregut \u00e9s el m\u00e9s","og_url":"https:\/\/www.editorialjuventud.es\/el-meu-primer-cotxe-era-vermell-9788426138118\/","og_site_name":"Editorial Juventud","article_modified_time":"2025-01-22T12:27:47+00:00","og_image":[{"width":441,"height":450,"url":"https:\/\/www.editorialjuventud.es\/wp-content\/uploads\/3811.jpg","type":"image\/jpeg"}],"twitter_card":"summary_large_image","schema":{"@context":"https:\/\/schema.org","@graph":[{"@type":"WebPage","@id":"https:\/\/www.editorialjuventud.es\/el-meu-primer-cotxe-era-vermell-9788426138118\/","url":"https:\/\/www.editorialjuventud.es\/el-meu-primer-cotxe-era-vermell-9788426138118\/","name":"El meu primer cotxe era vermell - Editorial Juventud","isPartOf":{"@id":"https:\/\/www.editorialjuventud.es\/#website"},"primaryImageOfPage":{"@id":"https:\/\/www.editorialjuventud.es\/el-meu-primer-cotxe-era-vermell-9788426138118\/#primaryimage"},"image":{"@id":"https:\/\/www.editorialjuventud.es\/el-meu-primer-cotxe-era-vermell-9788426138118\/#primaryimage"},"thumbnailUrl":"https:\/\/www.editorialjuventud.es\/wp-content\/uploads\/3811.jpg","datePublished":"2018-08-24T09:13:36+00:00","dateModified":"2025-01-22T12:27:47+00:00","description":"El meu primer cotxe era vermell. Era un cotxe vell de pedals que em va regalar l\u2019avi.El primer cotxe sempre \u00e9s el millor.I el primer recorregut \u00e9s el m\u00e9s","breadcrumb":{"@id":"https:\/\/www.editorialjuventud.es\/el-meu-primer-cotxe-era-vermell-9788426138118\/#breadcrumb"},"inLanguage":"ca","potentialAction":[{"@type":"ReadAction","target":["https:\/\/www.editorialjuventud.es\/el-meu-primer-cotxe-era-vermell-9788426138118\/"]}]},{"@type":"ImageObject","inLanguage":"ca","@id":"https:\/\/www.editorialjuventud.es\/el-meu-primer-cotxe-era-vermell-9788426138118\/#primaryimage","url":"https:\/\/www.editorialjuventud.es\/wp-content\/uploads\/3811.jpg","contentUrl":"https:\/\/www.editorialjuventud.es\/wp-content\/uploads\/3811.jpg","width":441,"height":450,"caption":"3811.jpg"},{"@type":"BreadcrumbList","@id":"https:\/\/www.editorialjuventud.es\/el-meu-primer-cotxe-era-vermell-9788426138118\/#breadcrumb","itemListElement":[{"@type":"ListItem","position":1,"name":"Portada","item":"https:\/\/www.editorialjuventud.es\/"},{"@type":"ListItem","position":2,"name":"cat\u00e1logo","item":"https:\/\/www.editorialjuventud.es\/coleccion\/catalogo\/"},{"@type":"ListItem","position":3,"name":"catal\u00e0","item":"https:\/\/www.editorialjuventud.es\/coleccion\/catala\/"},{"@type":"ListItem","position":4,"name":"\u00c0lbums Il\u00b7lustrats","item":"https:\/\/www.editorialjuventud.es\/coleccion\/albums-il%c2%b7lustrats\/"},{"@type":"ListItem","position":5,"name":"Per Parlar en Fam\u00edlia","item":"https:\/\/www.editorialjuventud.es\/ca\/coleccion\/per-parlar-en-familia\/"},{"@type":"ListItem","position":6,"name":"El meu primer cotxe era vermell"}]},{"@type":"WebSite","@id":"https:\/\/www.editorialjuventud.es\/#website","url":"https:\/\/www.editorialjuventud.es\/","name":"Editorial Juventud","description":"","potentialAction":[{"@type":"SearchAction","target":{"@type":"EntryPoint","urlTemplate":"https:\/\/www.editorialjuventud.es\/?s={search_term_string}"},"query-input":{"@type":"PropertyValueSpecification","valueRequired":true,"valueName":"search_term_string"}}],"inLanguage":"ca"}]}},"_links":{"self":[{"href":"https:\/\/www.editorialjuventud.es\/ca\/wp-json\/wp\/v2\/product\/5713","targetHints":{"allow":["GET"]}}],"collection":[{"href":"https:\/\/www.editorialjuventud.es\/ca\/wp-json\/wp\/v2\/product"}],"about":[{"href":"https:\/\/www.editorialjuventud.es\/ca\/wp-json\/wp\/v2\/types\/product"}],"wp:featuredmedia":[{"embeddable":true,"href":"https:\/\/www.editorialjuventud.es\/ca\/wp-json\/wp\/v2\/media\/12917"}],"wp:attachment":[{"href":"https:\/\/www.editorialjuventud.es\/ca\/wp-json\/wp\/v2\/media?parent=5713"}],"wp:term":[{"taxonomy":"product_brand","embeddable":true,"href":"https:\/\/www.editorialjuventud.es\/ca\/wp-json\/wp\/v2\/product_brand?post=5713"},{"taxonomy":"product_cat","embeddable":true,"href":"https:\/\/www.editorialjuventud.es\/ca\/wp-json\/wp\/v2\/product_cat?post=5713"},{"taxonomy":"product_tag","embeddable":true,"href":"https:\/\/www.editorialjuventud.es\/ca\/wp-json\/wp\/v2\/product_tag?post=5713"},{"taxonomy":"coleccion","embeddable":true,"href":"https:\/\/www.editorialjuventud.es\/ca\/wp-json\/wp\/v2\/coleccion?post=5713"}],"curies":[{"name":"wp","href":"https:\/\/api.w.org\/{rel}","templated":true}]}}

<p>El meu primer cotxe era vermell. Era un cotxe vell de pedals que em va regalar l’avi.<br />El primer cotxe sempre és el millor.<br />I el primer recorregut és el més formidable, encara que estigui ple d’obstacles i sorpreses.</p>

El meu primer cotxe era vermell. Era un cotxe vell de pedals que em va regalar l’avi.El primer cotxe sempre és el millor.I el primer recorregut és el més formidable, encara que estigui ple d’obstacles i sorpreses.

Schössow, Peter

Cartoné

<!-- This site is optimized with the Yoast SEO plugin v27.3 - https://yoast.com/product/yoast-seo-wordpress/ -->
<title>El meu primer cotxe era vermell - Editorial Juventud</title>
<meta name="description" content="El meu primer cotxe era vermell. Era un cotxe vell de pedals que em va regalar l’avi.El primer cotxe sempre és el millor.I el primer recorregut és el més" />
<meta name="robots" content="index, follow, max-snippet:-1, max-image-preview:large, max-video-preview:-1" />
<link rel="canonical" href="https://www.editorialjuventud.es/el-meu-primer-cotxe-era-vermell-9788426138118/" />
<meta property="og:locale" content="ca_ES" />
<meta property="og:type" content="article" />
<meta property="og:title" content="El meu primer cotxe era vermell - Editorial Juventud" />
<meta property="og:description" content="El meu primer cotxe era vermell. Era un cotxe vell de pedals que em va regalar l’avi.El primer cotxe sempre és el millor.I el primer recorregut és el més" />
<meta property="og:url" content="https://www.editorialjuventud.es/el-meu-primer-cotxe-era-vermell-9788426138118/" />
<meta property="og:site_name" content="Editorial Juventud" />
<meta property="article:modified_time" content="2025-01-22T12:27:47+00:00" />
<meta property="og:image" content="https://www.editorialjuventud.es/wp-content/uploads/3811.jpg" />
	<meta property="og:image:width" content="441" />
	<meta property="og:image:height" content="450" />
	<meta property="og:image:type" content="image/jpeg" />
<meta name="twitter:card" content="summary_large_image" />
<script type="application/ld+json" class="yoast-schema-graph">{"@context":"https:\/\/schema.org","@graph":[{"@type":"WebPage","@id":"https:\/\/www.editorialjuventud.es\/el-meu-primer-cotxe-era-vermell-9788426138118\/","url":"https:\/\/www.editorialjuventud.es\/el-meu-primer-cotxe-era-vermell-9788426138118\/","name":"El meu primer cotxe era vermell - Editorial Juventud","isPartOf":{"@id":"https:\/\/www.editorialjuventud.es\/#website"},"primaryImageOfPage":{"@id":"https:\/\/www.editorialjuventud.es\/el-meu-primer-cotxe-era-vermell-9788426138118\/#primaryimage"},"image":{"@id":"https:\/\/www.editorialjuventud.es\/el-meu-primer-cotxe-era-vermell-9788426138118\/#primaryimage"},"thumbnailUrl":"https:\/\/www.editorialjuventud.es\/wp-content\/uploads\/3811.jpg","datePublished":"2018-08-24T09:13:36+00:00","dateModified":"2025-01-22T12:27:47+00:00","description":"El meu primer cotxe era vermell. Era un cotxe vell de pedals que em va regalar l’avi.El primer cotxe sempre és el millor.I el primer recorregut és el més","breadcrumb":{"@id":"https:\/\/www.editorialjuventud.es\/el-meu-primer-cotxe-era-vermell-9788426138118\/#breadcrumb"},"inLanguage":"ca","potentialAction":[{"@type":"ReadAction","target":["https:\/\/www.editorialjuventud.es\/el-meu-primer-cotxe-era-vermell-9788426138118\/"]}]},{"@type":"ImageObject","inLanguage":"ca","@id":"https:\/\/www.editorialjuventud.es\/el-meu-primer-cotxe-era-vermell-9788426138118\/#primaryimage","url":"https:\/\/www.editorialjuventud.es\/wp-content\/uploads\/3811.jpg","contentUrl":"https:\/\/www.editorialjuventud.es\/wp-content\/uploads\/3811.jpg","width":441,"height":450,"caption":"3811.jpg"},{"@type":"BreadcrumbList","@id":"https:\/\/www.editorialjuventud.es\/el-meu-primer-cotxe-era-vermell-9788426138118\/#breadcrumb","itemListElement":[{"@type":"ListItem","position":1,"name":"Portada","item":"https:\/\/www.editorialjuventud.es\/"},{"@type":"ListItem","position":2,"name":"catálogo","item":"https:\/\/www.editorialjuventud.es\/coleccion\/catalogo\/"},{"@type":"ListItem","position":3,"name":"català","item":"https:\/\/www.editorialjuventud.es\/coleccion\/catala\/"},{"@type":"ListItem","position":4,"name":"Àlbums Il·lustrats","item":"https:\/\/www.editorialjuventud.es\/coleccion\/albums-il%c2%b7lustrats\/"},{"@type":"ListItem","position":5,"name":"Per Parlar en Família","item":"https:\/\/www.editorialjuventud.es\/ca\/coleccion\/per-parlar-en-familia\/"},{"@type":"ListItem","position":6,"name":"El meu primer cotxe era vermell"}]},{"@type":"WebSite","@id":"https:\/\/www.editorialjuventud.es\/#website","url":"https:\/\/www.editorialjuventud.es\/","name":"Editorial Juventud","description":"","potentialAction":[{"@type":"SearchAction","target":{"@type":"EntryPoint","urlTemplate":"https:\/\/www.editorialjuventud.es\/?s={search_term_string}"},"query-input":{"@type":"PropertyValueSpecification","valueRequired":true,"valueName":"search_term_string"}}],"inLanguage":"ca"}]}</script>
<!-- / Yoast SEO plugin. -->

El meu primer cotxe era vermell. Era un cotxe vell de pedals que em va regalar l’avi.El primer cotxe sempre és el millor.I el primer recorregut és el més

catálogo

català

Àlbums Il·lustrats

Per Parlar en Família
