{"id":5176,"date":"2018-08-24T10:28:44","date_gmt":"2018-08-24T08:28:44","guid":{"rendered":"http:\/\/www.editorialjuventud.es\/quien-salta\/"},"modified":"2019-10-10T00:08:27","modified_gmt":"2019-10-09T22:08:27","slug":"quien-salta-9788426131331","status":"publish","type":"product","link":"https:\/\/www.editorialjuventud.es\/ca\/quien-salta-9788426131331\/","title":{"rendered":"\u00bfQui\u00e9n salta?"},"content":{"rendered":"<p>Las ranas saltan, los conejos saltan, las vacas saltan&#8230; \u00bfLas vacas saltan?&#8230;.  Un libro divertido e instructivo para hacer pensar y re\u00edr a los m\u00e1s peque\u00f1os, con grandes ilustraciones y vivos colores.<\/p>\n","protected":false},"excerpt":{"rendered":"Las ranas saltan, los conejos saltan, las vacas saltan&#8230; \u00bfLas vacas saltan?&#8230;. Un libro divertido e instructivo para hacer pensar y re\u00edr a los m\u00e1s peque\u00f1os, con grandes ilustraciones y vivos colores.","protected":false},"featured_media":7366,"template":"","meta":{"_acf_changed":false,"_exactmetrics_skip_tracking":false,"_exactmetrics_sitenote_active":false,"_exactmetrics_sitenote_note":"","_exactmetrics_sitenote_category":0},"product_brand":[],"product_cat":[899,1121,1138,892,1115,1184,1213,1128],"product_tag":[],"coleccion":[928,916,997],"class_list":{"0":"post-5176","1":"product","2":"type-product","3":"status-publish","4":"has-post-thumbnail","6":"product_cat-a-partir-de-3-anos","7":"product_cat-albumes-ilustrados","8":"product_cat-animales","9":"product_cat-edades","10":"product_cat-generos","11":"product_cat-humor","12":"product_cat-primeros-conceptos","13":"product_cat-tematica","14":"coleccion-albumes-ilustrados","15":"coleccion-castellano","16":"coleccion-mis-primeros-cuentos","18":"first","19":"instock","20":"taxable","21":"shipping-taxable","22":"purchasable","23":"product-type-simple"},"acf":{"autores-libros":[16312],"ilustradores-libros":[17496]},"yoast_head":"<!-- This site is optimized with the Yoast SEO plugin v27.3 - https:\/\/yoast.com\/product\/yoast-seo-wordpress\/ -->\n<title>\u00bfQui\u00e9n salta? - Editorial Juventud<\/title>\n<meta name=\"description\" content=\"Las ranas saltan, los conejos saltan, las vacas saltan... \u00bfLas vacas saltan?.... Un libro divertido e instructivo para hacer pensar y re\u00edr a los m\u00e1s\" \/>\n<meta name=\"robots\" content=\"index, follow, max-snippet:-1, max-image-preview:large, max-video-preview:-1\" \/>\n<link rel=\"canonical\" href=\"https:\/\/www.editorialjuventud.es\/quien-salta-9788426131331\/\" \/>\n<meta property=\"og:locale\" content=\"ca_ES\" \/>\n<meta property=\"og:type\" content=\"article\" \/>\n<meta property=\"og:title\" content=\"\u00bfQui\u00e9n salta? - Editorial Juventud\" \/>\n<meta property=\"og:description\" content=\"Las ranas saltan, los conejos saltan, las vacas saltan... \u00bfLas vacas saltan?.... Un libro divertido e instructivo para hacer pensar y re\u00edr a los m\u00e1s\" \/>\n<meta property=\"og:url\" content=\"https:\/\/www.editorialjuventud.es\/quien-salta-9788426131331\/\" \/>\n<meta property=\"og:site_name\" content=\"Editorial Juventud\" \/>\n<meta property=\"article:modified_time\" content=\"2019-10-09T22:08:27+00:00\" \/>\n<meta property=\"og:image\" content=\"https:\/\/www.editorialjuventud.es\/wp-content\/uploads\/3133-1.jpg\" \/>\n\t<meta property=\"og:image:width\" content=\"220\" \/>\n\t<meta property=\"og:image:height\" content=\"280\" \/>\n\t<meta property=\"og:image:type\" content=\"image\/jpeg\" \/>\n<meta name=\"twitter:card\" content=\"summary_large_image\" \/>\n<script type=\"application\/ld+json\" class=\"yoast-schema-graph\">{\"@context\":\"https:\\\/\\\/schema.org\",\"@graph\":[{\"@type\":\"WebPage\",\"@id\":\"https:\\\/\\\/www.editorialjuventud.es\\\/quien-salta-9788426131331\\\/\",\"url\":\"https:\\\/\\\/www.editorialjuventud.es\\\/quien-salta-9788426131331\\\/\",\"name\":\"\u00bfQui\u00e9n salta? - Editorial Juventud\",\"isPartOf\":{\"@id\":\"https:\\\/\\\/www.editorialjuventud.es\\\/#website\"},\"primaryImageOfPage\":{\"@id\":\"https:\\\/\\\/www.editorialjuventud.es\\\/quien-salta-9788426131331\\\/#primaryimage\"},\"image\":{\"@id\":\"https:\\\/\\\/www.editorialjuventud.es\\\/quien-salta-9788426131331\\\/#primaryimage\"},\"thumbnailUrl\":\"https:\\\/\\\/www.editorialjuventud.es\\\/wp-content\\\/uploads\\\/3133-1.jpg\",\"datePublished\":\"2018-08-24T08:28:44+00:00\",\"dateModified\":\"2019-10-09T22:08:27+00:00\",\"description\":\"Las ranas saltan, los conejos saltan, las vacas saltan... \u00bfLas vacas saltan?.... Un libro divertido e instructivo para hacer pensar y re\u00edr a los m\u00e1s\",\"breadcrumb\":{\"@id\":\"https:\\\/\\\/www.editorialjuventud.es\\\/quien-salta-9788426131331\\\/#breadcrumb\"},\"inLanguage\":\"ca\",\"potentialAction\":[{\"@type\":\"ReadAction\",\"target\":[\"https:\\\/\\\/www.editorialjuventud.es\\\/quien-salta-9788426131331\\\/\"]}]},{\"@type\":\"ImageObject\",\"inLanguage\":\"ca\",\"@id\":\"https:\\\/\\\/www.editorialjuventud.es\\\/quien-salta-9788426131331\\\/#primaryimage\",\"url\":\"https:\\\/\\\/www.editorialjuventud.es\\\/wp-content\\\/uploads\\\/3133-1.jpg\",\"contentUrl\":\"https:\\\/\\\/www.editorialjuventud.es\\\/wp-content\\\/uploads\\\/3133-1.jpg\",\"width\":220,\"height\":280,\"caption\":\"3133.jpg\"},{\"@type\":\"BreadcrumbList\",\"@id\":\"https:\\\/\\\/www.editorialjuventud.es\\\/quien-salta-9788426131331\\\/#breadcrumb\",\"itemListElement\":[{\"@type\":\"ListItem\",\"position\":1,\"name\":\"Portada\",\"item\":\"https:\\\/\\\/www.editorialjuventud.es\\\/\"},{\"@type\":\"ListItem\",\"position\":2,\"name\":\"cat\u00e1logo\",\"item\":\"https:\\\/\\\/www.editorialjuventud.es\\\/coleccion\\\/catalogo\\\/\"},{\"@type\":\"ListItem\",\"position\":3,\"name\":\"castellano\",\"item\":\"https:\\\/\\\/www.editorialjuventud.es\\\/coleccion\\\/castellano\\\/\"},{\"@type\":\"ListItem\",\"position\":4,\"name\":\"\u00c1lbumes Ilustrados\",\"item\":\"https:\\\/\\\/www.editorialjuventud.es\\\/coleccion\\\/albumes-ilustrados\\\/\"},{\"@type\":\"ListItem\",\"position\":5,\"name\":\"Mis Primeros Cuentos\",\"item\":\"https:\\\/\\\/www.editorialjuventud.es\\\/coleccion\\\/mis-primeros-cuentos\\\/\"},{\"@type\":\"ListItem\",\"position\":6,\"name\":\"\u00bfQui\u00e9n salta?\"}]},{\"@type\":\"WebSite\",\"@id\":\"https:\\\/\\\/www.editorialjuventud.es\\\/#website\",\"url\":\"https:\\\/\\\/www.editorialjuventud.es\\\/\",\"name\":\"Editorial Juventud\",\"description\":\"\",\"potentialAction\":[{\"@type\":\"SearchAction\",\"target\":{\"@type\":\"EntryPoint\",\"urlTemplate\":\"https:\\\/\\\/www.editorialjuventud.es\\\/?s={search_term_string}\"},\"query-input\":{\"@type\":\"PropertyValueSpecification\",\"valueRequired\":true,\"valueName\":\"search_term_string\"}}],\"inLanguage\":\"ca\"}]}<\/script>\n<!-- \/ Yoast SEO plugin. -->","yoast_head_json":{"title":"\u00bfQui\u00e9n salta? - Editorial Juventud","description":"Las ranas saltan, los conejos saltan, las vacas saltan... \u00bfLas vacas saltan?.... Un libro divertido e instructivo para hacer pensar y re\u00edr a los m\u00e1s","robots":{"index":"index","follow":"follow","max-snippet":"max-snippet:-1","max-image-preview":"max-image-preview:large","max-video-preview":"max-video-preview:-1"},"canonical":"https:\/\/www.editorialjuventud.es\/quien-salta-9788426131331\/","og_locale":"ca_ES","og_type":"article","og_title":"\u00bfQui\u00e9n salta? - Editorial Juventud","og_description":"Las ranas saltan, los conejos saltan, las vacas saltan... \u00bfLas vacas saltan?.... Un libro divertido e instructivo para hacer pensar y re\u00edr a los m\u00e1s","og_url":"https:\/\/www.editorialjuventud.es\/quien-salta-9788426131331\/","og_site_name":"Editorial Juventud","article_modified_time":"2019-10-09T22:08:27+00:00","og_image":[{"width":220,"height":280,"url":"https:\/\/www.editorialjuventud.es\/wp-content\/uploads\/3133-1.jpg","type":"image\/jpeg"}],"twitter_card":"summary_large_image","schema":{"@context":"https:\/\/schema.org","@graph":[{"@type":"WebPage","@id":"https:\/\/www.editorialjuventud.es\/quien-salta-9788426131331\/","url":"https:\/\/www.editorialjuventud.es\/quien-salta-9788426131331\/","name":"\u00bfQui\u00e9n salta? - Editorial Juventud","isPartOf":{"@id":"https:\/\/www.editorialjuventud.es\/#website"},"primaryImageOfPage":{"@id":"https:\/\/www.editorialjuventud.es\/quien-salta-9788426131331\/#primaryimage"},"image":{"@id":"https:\/\/www.editorialjuventud.es\/quien-salta-9788426131331\/#primaryimage"},"thumbnailUrl":"https:\/\/www.editorialjuventud.es\/wp-content\/uploads\/3133-1.jpg","datePublished":"2018-08-24T08:28:44+00:00","dateModified":"2019-10-09T22:08:27+00:00","description":"Las ranas saltan, los conejos saltan, las vacas saltan... \u00bfLas vacas saltan?.... Un libro divertido e instructivo para hacer pensar y re\u00edr a los m\u00e1s","breadcrumb":{"@id":"https:\/\/www.editorialjuventud.es\/quien-salta-9788426131331\/#breadcrumb"},"inLanguage":"ca","potentialAction":[{"@type":"ReadAction","target":["https:\/\/www.editorialjuventud.es\/quien-salta-9788426131331\/"]}]},{"@type":"ImageObject","inLanguage":"ca","@id":"https:\/\/www.editorialjuventud.es\/quien-salta-9788426131331\/#primaryimage","url":"https:\/\/www.editorialjuventud.es\/wp-content\/uploads\/3133-1.jpg","contentUrl":"https:\/\/www.editorialjuventud.es\/wp-content\/uploads\/3133-1.jpg","width":220,"height":280,"caption":"3133.jpg"},{"@type":"BreadcrumbList","@id":"https:\/\/www.editorialjuventud.es\/quien-salta-9788426131331\/#breadcrumb","itemListElement":[{"@type":"ListItem","position":1,"name":"Portada","item":"https:\/\/www.editorialjuventud.es\/"},{"@type":"ListItem","position":2,"name":"cat\u00e1logo","item":"https:\/\/www.editorialjuventud.es\/coleccion\/catalogo\/"},{"@type":"ListItem","position":3,"name":"castellano","item":"https:\/\/www.editorialjuventud.es\/coleccion\/castellano\/"},{"@type":"ListItem","position":4,"name":"\u00c1lbumes Ilustrados","item":"https:\/\/www.editorialjuventud.es\/coleccion\/albumes-ilustrados\/"},{"@type":"ListItem","position":5,"name":"Mis Primeros Cuentos","item":"https:\/\/www.editorialjuventud.es\/coleccion\/mis-primeros-cuentos\/"},{"@type":"ListItem","position":6,"name":"\u00bfQui\u00e9n salta?"}]},{"@type":"WebSite","@id":"https:\/\/www.editorialjuventud.es\/#website","url":"https:\/\/www.editorialjuventud.es\/","name":"Editorial Juventud","description":"","potentialAction":[{"@type":"SearchAction","target":{"@type":"EntryPoint","urlTemplate":"https:\/\/www.editorialjuventud.es\/?s={search_term_string}"},"query-input":{"@type":"PropertyValueSpecification","valueRequired":true,"valueName":"search_term_string"}}],"inLanguage":"ca"}]}},"_links":{"self":[{"href":"https:\/\/www.editorialjuventud.es\/ca\/wp-json\/wp\/v2\/product\/5176","targetHints":{"allow":["GET"]}}],"collection":[{"href":"https:\/\/www.editorialjuventud.es\/ca\/wp-json\/wp\/v2\/product"}],"about":[{"href":"https:\/\/www.editorialjuventud.es\/ca\/wp-json\/wp\/v2\/types\/product"}],"wp:featuredmedia":[{"embeddable":true,"href":"https:\/\/www.editorialjuventud.es\/ca\/wp-json\/wp\/v2\/media\/7366"}],"wp:attachment":[{"href":"https:\/\/www.editorialjuventud.es\/ca\/wp-json\/wp\/v2\/media?parent=5176"}],"wp:term":[{"taxonomy":"product_brand","embeddable":true,"href":"https:\/\/www.editorialjuventud.es\/ca\/wp-json\/wp\/v2\/product_brand?post=5176"},{"taxonomy":"product_cat","embeddable":true,"href":"https:\/\/www.editorialjuventud.es\/ca\/wp-json\/wp\/v2\/product_cat?post=5176"},{"taxonomy":"product_tag","embeddable":true,"href":"https:\/\/www.editorialjuventud.es\/ca\/wp-json\/wp\/v2\/product_tag?post=5176"},{"taxonomy":"coleccion","embeddable":true,"href":"https:\/\/www.editorialjuventud.es\/ca\/wp-json\/wp\/v2\/coleccion?post=5176"}],"curies":[{"name":"wp","href":"https:\/\/api.w.org\/{rel}","templated":true}]}}

¿Quién salta?

<p>Las ranas saltan, los conejos saltan, las vacas saltan&#8230; ¿Las vacas saltan?&#8230;.  Un libro divertido e instructivo para hacer pensar y reír a los más pequeños, con grandes ilustraciones y vivos colores.</p>

Las ranas saltan, los conejos saltan, las vacas saltan&#8230; ¿Las vacas saltan?&#8230;. Un libro divertido e instructivo para hacer pensar y reír a los más pequeños, con grandes ilustraciones y vivos colores.

<!-- This site is optimized with the Yoast SEO plugin v27.3 - https://yoast.com/product/yoast-seo-wordpress/ -->
<title>¿Quién salta? - Editorial Juventud</title>
<meta name="description" content="Las ranas saltan, los conejos saltan, las vacas saltan... ¿Las vacas saltan?.... Un libro divertido e instructivo para hacer pensar y reír a los más" />
<meta name="robots" content="index, follow, max-snippet:-1, max-image-preview:large, max-video-preview:-1" />
<link rel="canonical" href="https://www.editorialjuventud.es/quien-salta-9788426131331/" />
<meta property="og:locale" content="ca_ES" />
<meta property="og:type" content="article" />
<meta property="og:title" content="¿Quién salta? - Editorial Juventud" />
<meta property="og:description" content="Las ranas saltan, los conejos saltan, las vacas saltan... ¿Las vacas saltan?.... Un libro divertido e instructivo para hacer pensar y reír a los más" />
<meta property="og:url" content="https://www.editorialjuventud.es/quien-salta-9788426131331/" />
<meta property="og:site_name" content="Editorial Juventud" />
<meta property="article:modified_time" content="2019-10-09T22:08:27+00:00" />
<meta property="og:image" content="https://www.editorialjuventud.es/wp-content/uploads/3133-1.jpg" />
	<meta property="og:image:width" content="220" />
	<meta property="og:image:height" content="280" />
	<meta property="og:image:type" content="image/jpeg" />
<meta name="twitter:card" content="summary_large_image" />
<script type="application/ld+json" class="yoast-schema-graph">{"@context":"https:\/\/schema.org","@graph":[{"@type":"WebPage","@id":"https:\/\/www.editorialjuventud.es\/quien-salta-9788426131331\/","url":"https:\/\/www.editorialjuventud.es\/quien-salta-9788426131331\/","name":"¿Quién salta? - Editorial Juventud","isPartOf":{"@id":"https:\/\/www.editorialjuventud.es\/#website"},"primaryImageOfPage":{"@id":"https:\/\/www.editorialjuventud.es\/quien-salta-9788426131331\/#primaryimage"},"image":{"@id":"https:\/\/www.editorialjuventud.es\/quien-salta-9788426131331\/#primaryimage"},"thumbnailUrl":"https:\/\/www.editorialjuventud.es\/wp-content\/uploads\/3133-1.jpg","datePublished":"2018-08-24T08:28:44+00:00","dateModified":"2019-10-09T22:08:27+00:00","description":"Las ranas saltan, los conejos saltan, las vacas saltan... ¿Las vacas saltan?.... Un libro divertido e instructivo para hacer pensar y reír a los más","breadcrumb":{"@id":"https:\/\/www.editorialjuventud.es\/quien-salta-9788426131331\/#breadcrumb"},"inLanguage":"ca","potentialAction":[{"@type":"ReadAction","target":["https:\/\/www.editorialjuventud.es\/quien-salta-9788426131331\/"]}]},{"@type":"ImageObject","inLanguage":"ca","@id":"https:\/\/www.editorialjuventud.es\/quien-salta-9788426131331\/#primaryimage","url":"https:\/\/www.editorialjuventud.es\/wp-content\/uploads\/3133-1.jpg","contentUrl":"https:\/\/www.editorialjuventud.es\/wp-content\/uploads\/3133-1.jpg","width":220,"height":280,"caption":"3133.jpg"},{"@type":"BreadcrumbList","@id":"https:\/\/www.editorialjuventud.es\/quien-salta-9788426131331\/#breadcrumb","itemListElement":[{"@type":"ListItem","position":1,"name":"Portada","item":"https:\/\/www.editorialjuventud.es\/"},{"@type":"ListItem","position":2,"name":"catálogo","item":"https:\/\/www.editorialjuventud.es\/coleccion\/catalogo\/"},{"@type":"ListItem","position":3,"name":"castellano","item":"https:\/\/www.editorialjuventud.es\/coleccion\/castellano\/"},{"@type":"ListItem","position":4,"name":"Álbumes Ilustrados","item":"https:\/\/www.editorialjuventud.es\/coleccion\/albumes-ilustrados\/"},{"@type":"ListItem","position":5,"name":"Mis Primeros Cuentos","item":"https:\/\/www.editorialjuventud.es\/coleccion\/mis-primeros-cuentos\/"},{"@type":"ListItem","position":6,"name":"¿Quién salta?"}]},{"@type":"WebSite","@id":"https:\/\/www.editorialjuventud.es\/#website","url":"https:\/\/www.editorialjuventud.es\/","name":"Editorial Juventud","description":"","potentialAction":[{"@type":"SearchAction","target":{"@type":"EntryPoint","urlTemplate":"https:\/\/www.editorialjuventud.es\/?s={search_term_string}"},"query-input":{"@type":"PropertyValueSpecification","valueRequired":true,"valueName":"search_term_string"}}],"inLanguage":"ca"}]}</script>
<!-- / Yoast SEO plugin. -->

¿Quién salta? - Editorial Juventud

Las ranas saltan, los conejos saltan, las vacas saltan... ¿Las vacas saltan?.... Un libro divertido e instructivo para hacer pensar y reír a los más

catálogo

Álbumes Ilustrados
