{"id":36803,"date":"2020-01-24T10:37:21","date_gmt":"2020-01-24T09:37:21","guid":{"rendered":"http:\/\/www.editorialjuventud.es\/wp-content\/uploads\/Taller-del-Abecedario-escondido-y-N\u00fameros-escondidos.pdf"},"modified":"2020-01-24T10:37:21","modified_gmt":"2020-01-24T09:37:21","slug":"taller-del-abecedario-escondido-y-numeros-escondidos-2","status":"inherit","type":"attachment","link":"https:\/\/www.editorialjuventud.es\/ca\/taller-del-abecedario-escondido-y-numeros-escondidos-2\/","title":{"rendered":"Taller del Abecedario escondido y N\u00fameros escondidos"},"author":47,"featured_media":0,"comment_status":"open","ping_status":"closed","template":"","meta":{"_acf_changed":false,"_exactmetrics_skip_tracking":false,"_exactmetrics_sitenote_active":false,"_exactmetrics_sitenote_note":"","_exactmetrics_sitenote_category":0},"class_list":["post-36803","attachment","type-attachment","status-inherit","hentry"],"acf":[],"yoast_head":"<!-- This site is optimized with the Yoast SEO plugin v27.3 - https:\/\/yoast.com\/product\/yoast-seo-wordpress\/ -->\n<title>Taller del Abecedario escondido y N\u00fameros escondidos - Editorial Juventud<\/title>\n<meta name=\"robots\" content=\"index, follow, max-snippet:-1, max-image-preview:large, max-video-preview:-1\" \/>\n<link rel=\"canonical\" href=\"https:\/\/www.editorialjuventud.es\/wp-content\/uploads\/Taller-del-Abecedario-escondido-y-N\u00fameros-escondidos.pdf\" \/>\n<meta property=\"og:locale\" content=\"ca_ES\" \/>\n<meta property=\"og:type\" content=\"article\" \/>\n<meta property=\"og:title\" content=\"Taller del Abecedario escondido y N\u00fameros escondidos - Editorial Juventud\" \/>\n<meta property=\"og:description\" content=\"Taller del Abecedario escondido y N\u00fameros escondidos\" \/>\n<meta property=\"og:url\" content=\"https:\/\/www.editorialjuventud.es\/wp-content\/uploads\/Taller-del-Abecedario-escondido-y-N\u00fameros-escondidos.pdf\" \/>\n<meta property=\"og:site_name\" content=\"Editorial Juventud\" \/>\n<meta name=\"twitter:card\" content=\"summary_large_image\" \/>\n<script type=\"application\/ld+json\" class=\"yoast-schema-graph\">{\"@context\":\"https:\\\/\\\/schema.org\",\"@graph\":[{\"@type\":\"WebPage\",\"@id\":\"https:\\\/\\\/www.editorialjuventud.es\\\/wp-content\\\/uploads\\\/Taller-del-Abecedario-escondido-y-N\u00fameros-escondidos.pdf\",\"url\":\"https:\\\/\\\/www.editorialjuventud.es\\\/wp-content\\\/uploads\\\/Taller-del-Abecedario-escondido-y-N\u00fameros-escondidos.pdf\",\"name\":\"Taller del Abecedario escondido y N\u00fameros escondidos - Editorial Juventud\",\"isPartOf\":{\"@id\":\"https:\\\/\\\/www.editorialjuventud.es\\\/#website\"},\"datePublished\":\"2020-01-24T09:37:21+00:00\",\"breadcrumb\":{\"@id\":\"https:\\\/\\\/www.editorialjuventud.es\\\/wp-content\\\/uploads\\\/Taller-del-Abecedario-escondido-y-N\u00fameros-escondidos.pdf#breadcrumb\"},\"inLanguage\":\"ca\",\"potentialAction\":[{\"@type\":\"ReadAction\",\"target\":[\"https:\\\/\\\/www.editorialjuventud.es\\\/wp-content\\\/uploads\\\/Taller-del-Abecedario-escondido-y-N\u00fameros-escondidos.pdf\"]}]},{\"@type\":\"BreadcrumbList\",\"@id\":\"https:\\\/\\\/www.editorialjuventud.es\\\/wp-content\\\/uploads\\\/Taller-del-Abecedario-escondido-y-N\u00fameros-escondidos.pdf#breadcrumb\",\"itemListElement\":[{\"@type\":\"ListItem\",\"position\":1,\"name\":\"Portada\",\"item\":\"https:\\\/\\\/www.editorialjuventud.es\\\/\"},{\"@type\":\"ListItem\",\"position\":2,\"name\":\"Taller del Abecedario escondido y N\u00fameros escondidos\"}]},{\"@type\":\"WebSite\",\"@id\":\"https:\\\/\\\/www.editorialjuventud.es\\\/#website\",\"url\":\"https:\\\/\\\/www.editorialjuventud.es\\\/\",\"name\":\"Editorial Juventud\",\"description\":\"\",\"potentialAction\":[{\"@type\":\"SearchAction\",\"target\":{\"@type\":\"EntryPoint\",\"urlTemplate\":\"https:\\\/\\\/www.editorialjuventud.es\\\/?s={search_term_string}\"},\"query-input\":{\"@type\":\"PropertyValueSpecification\",\"valueRequired\":true,\"valueName\":\"search_term_string\"}}],\"inLanguage\":\"ca\"}]}<\/script>\n<!-- \/ Yoast SEO plugin. -->","yoast_head_json":{"title":"Taller del Abecedario escondido y N\u00fameros escondidos - Editorial Juventud","robots":{"index":"index","follow":"follow","max-snippet":"max-snippet:-1","max-image-preview":"max-image-preview:large","max-video-preview":"max-video-preview:-1"},"canonical":"https:\/\/www.editorialjuventud.es\/wp-content\/uploads\/Taller-del-Abecedario-escondido-y-N\u00fameros-escondidos.pdf","og_locale":"ca_ES","og_type":"article","og_title":"Taller del Abecedario escondido y N\u00fameros escondidos - Editorial Juventud","og_description":"Taller del Abecedario escondido y N\u00fameros escondidos","og_url":"https:\/\/www.editorialjuventud.es\/wp-content\/uploads\/Taller-del-Abecedario-escondido-y-N\u00fameros-escondidos.pdf","og_site_name":"Editorial Juventud","twitter_card":"summary_large_image","schema":{"@context":"https:\/\/schema.org","@graph":[{"@type":"WebPage","@id":"https:\/\/www.editorialjuventud.es\/wp-content\/uploads\/Taller-del-Abecedario-escondido-y-N\u00fameros-escondidos.pdf","url":"https:\/\/www.editorialjuventud.es\/wp-content\/uploads\/Taller-del-Abecedario-escondido-y-N\u00fameros-escondidos.pdf","name":"Taller del Abecedario escondido y N\u00fameros escondidos - Editorial Juventud","isPartOf":{"@id":"https:\/\/www.editorialjuventud.es\/#website"},"datePublished":"2020-01-24T09:37:21+00:00","breadcrumb":{"@id":"https:\/\/www.editorialjuventud.es\/wp-content\/uploads\/Taller-del-Abecedario-escondido-y-N\u00fameros-escondidos.pdf#breadcrumb"},"inLanguage":"ca","potentialAction":[{"@type":"ReadAction","target":["https:\/\/www.editorialjuventud.es\/wp-content\/uploads\/Taller-del-Abecedario-escondido-y-N\u00fameros-escondidos.pdf"]}]},{"@type":"BreadcrumbList","@id":"https:\/\/www.editorialjuventud.es\/wp-content\/uploads\/Taller-del-Abecedario-escondido-y-N\u00fameros-escondidos.pdf#breadcrumb","itemListElement":[{"@type":"ListItem","position":1,"name":"Portada","item":"https:\/\/www.editorialjuventud.es\/"},{"@type":"ListItem","position":2,"name":"Taller del Abecedario escondido y N\u00fameros escondidos"}]},{"@type":"WebSite","@id":"https:\/\/www.editorialjuventud.es\/#website","url":"https:\/\/www.editorialjuventud.es\/","name":"Editorial Juventud","description":"","potentialAction":[{"@type":"SearchAction","target":{"@type":"EntryPoint","urlTemplate":"https:\/\/www.editorialjuventud.es\/?s={search_term_string}"},"query-input":{"@type":"PropertyValueSpecification","valueRequired":true,"valueName":"search_term_string"}}],"inLanguage":"ca"}]}},"description":{"rendered":"<p class=\"attachment\"><a href='https:\/\/www.editorialjuventud.es\/wp-content\/uploads\/Taller-del-Abecedario-escondido-y-N\u00fameros-escondidos.pdf'>Taller del Abecedario escondido y N\u00fameros escondidos<\/a><\/p>\n"},"caption":{"rendered":"Taller del Abecedario escondido y N\u00fameros escondidos"},"alt_text":"","media_type":"file","mime_type":"application\/pdf","media_details":{},"post":null,"source_url":"https:\/\/www.editorialjuventud.es\/wp-content\/uploads\/Taller-del-Abecedario-escondido-y-N\u00fameros-escondidos.pdf","_links":{"self":[{"href":"https:\/\/www.editorialjuventud.es\/ca\/wp-json\/wp\/v2\/media\/36803","targetHints":{"allow":["GET"]}}],"collection":[{"href":"https:\/\/www.editorialjuventud.es\/ca\/wp-json\/wp\/v2\/media"}],"about":[{"href":"https:\/\/www.editorialjuventud.es\/ca\/wp-json\/wp\/v2\/types\/attachment"}],"author":[{"embeddable":true,"href":"https:\/\/www.editorialjuventud.es\/ca\/wp-json\/wp\/v2\/users\/47"}],"replies":[{"embeddable":true,"href":"https:\/\/www.editorialjuventud.es\/ca\/wp-json\/wp\/v2\/comments?post=36803"}]}}

http://www.editorialjuventud.es/wp-content/uploads/Taller-del-Abecedario-escondido-y-Números-escondidos.pdf

Taller del Abecedario escondido y Números escondidos

<!-- This site is optimized with the Yoast SEO plugin v27.3 - https://yoast.com/product/yoast-seo-wordpress/ -->
<title>Taller del Abecedario escondido y Números escondidos - Editorial Juventud</title>
<meta name="robots" content="index, follow, max-snippet:-1, max-image-preview:large, max-video-preview:-1" />
<link rel="canonical" href="https://www.editorialjuventud.es/wp-content/uploads/Taller-del-Abecedario-escondido-y-Números-escondidos.pdf" />
<meta property="og:locale" content="ca_ES" />
<meta property="og:type" content="article" />
<meta property="og:title" content="Taller del Abecedario escondido y Números escondidos - Editorial Juventud" />
<meta property="og:description" content="Taller del Abecedario escondido y Números escondidos" />
<meta property="og:url" content="https://www.editorialjuventud.es/wp-content/uploads/Taller-del-Abecedario-escondido-y-Números-escondidos.pdf" />
<meta property="og:site_name" content="Editorial Juventud" />
<meta name="twitter:card" content="summary_large_image" />
<script type="application/ld+json" class="yoast-schema-graph">{"@context":"https:\/\/schema.org","@graph":[{"@type":"WebPage","@id":"https:\/\/www.editorialjuventud.es\/wp-content\/uploads\/Taller-del-Abecedario-escondido-y-Números-escondidos.pdf","url":"https:\/\/www.editorialjuventud.es\/wp-content\/uploads\/Taller-del-Abecedario-escondido-y-Números-escondidos.pdf","name":"Taller del Abecedario escondido y Números escondidos - Editorial Juventud","isPartOf":{"@id":"https:\/\/www.editorialjuventud.es\/#website"},"datePublished":"2020-01-24T09:37:21+00:00","breadcrumb":{"@id":"https:\/\/www.editorialjuventud.es\/wp-content\/uploads\/Taller-del-Abecedario-escondido-y-Números-escondidos.pdf#breadcrumb"},"inLanguage":"ca","potentialAction":[{"@type":"ReadAction","target":["https:\/\/www.editorialjuventud.es\/wp-content\/uploads\/Taller-del-Abecedario-escondido-y-Números-escondidos.pdf"]}]},{"@type":"BreadcrumbList","@id":"https:\/\/www.editorialjuventud.es\/wp-content\/uploads\/Taller-del-Abecedario-escondido-y-Números-escondidos.pdf#breadcrumb","itemListElement":[{"@type":"ListItem","position":1,"name":"Portada","item":"https:\/\/www.editorialjuventud.es\/"},{"@type":"ListItem","position":2,"name":"Taller del Abecedario escondido y Números escondidos"}]},{"@type":"WebSite","@id":"https:\/\/www.editorialjuventud.es\/#website","url":"https:\/\/www.editorialjuventud.es\/","name":"Editorial Juventud","description":"","potentialAction":[{"@type":"SearchAction","target":{"@type":"EntryPoint","urlTemplate":"https:\/\/www.editorialjuventud.es\/?s={search_term_string}"},"query-input":{"@type":"PropertyValueSpecification","valueRequired":true,"valueName":"search_term_string"}}],"inLanguage":"ca"}]}</script>
<!-- / Yoast SEO plugin. -->

Taller del Abecedario escondido y Números escondidos - Editorial Juventud

https://www.editorialjuventud.es/wp-content/uploads/Taller-del-Abecedario-escondido-y-Números-escondidos.pdf

https://www.editorialjuventud.es/wp-content/uploads/Taller-del-Abecedario-escondido-y-Números-escondidos.pdf#breadcrumb

<p class="attachment"><a href='https://www.editorialjuventud.es/wp-content/uploads/Taller-del-Abecedario-escondido-y-Números-escondidos.pdf'>Taller del Abecedario escondido y Números escondidos</a></p>
