{"id":92087,"date":"2025-09-02T10:08:00","date_gmt":"2025-09-02T08:08:00","guid":{"rendered":"https:\/\/www.editorialjuventud.es\/autores\/mikankey-3\/"},"modified":"2026-01-14T09:40:56","modified_gmt":"2026-01-14T08:40:56","slug":"mikankey-3","status":"publish","type":"autores","link":"https:\/\/www.editorialjuventud.es\/ca\/autores\/mikankey-3\/","title":{"rendered":"Mikankey"},"content":{"rendered":"<p>A parte de ser ilustradora, es tambi\u00e9n autora y est\u00e1 especializada en arte e historia. Empez\u00f3 a darse a conocer con unas tiras c\u00f3micas que hablaban de c\u00f3mo la historia invisibiliza a las mujeres. Desde 2020 se dedica a la ilustraci\u00f3n en editoriales y prensa, as\u00ed como a la elaboraci\u00f3n de contenidos digitales e informativos.<\/p>\n","protected":false},"author":2,"featured_media":99933,"template":"","class_list":["post-92087","autores","type-autores","status-publish","has-post-thumbnail","hentry"],"acf":{"nombre":"","apellidos":"Mikankey","ilustradores-libros":[88028,88031],"lugar_de_nacimiento":"","fecha_de_nacimiento":"","web_del_autor":"https:\/\/www.mikankey.com\/ ","correo_del_autor":"","telefono_del_autor":"","foto_del_autor":false,"galeria_del_autor":false,"mas_informacion_del_autor":false,"texto-autor-ca":"<p>A part d\u2019il\u00b7lustradora, tamb\u00e9 \u00e9s autora i est\u00e0 especialitzada en art i hist\u00f2ria. Es va donar a con\u00e8ixer amb unes tires c\u00f2miques que abordaven com la hist\u00f2ria invisibilitza les dones. Des del 2020, es dedica a la il\u00b7lustraci\u00f3 per editorials i premsa, i elabora continguts digitals i informatius.<\/p>\n<p>&nbsp;<\/p>\n","biografia-ca":"","texto-autor-fr":"","biografia-fr":"","autores-libros":"","traductores-libros":"","autores_relacionados":""},"yoast_head":"<!-- This site is optimized with the Yoast SEO plugin v27.3 - https:\/\/yoast.com\/product\/yoast-seo-wordpress\/ -->\n<title>Mikankey - Editorial Juventud<\/title>\n<meta name=\"description\" content=\"A parte de ser ilustradora, es tambi\u00e9n autora y est\u00e1 especializada en arte e historia. Empez\u00f3 a darse a conocer con unas tiras c\u00f3micas que hablaban de\" \/>\n<meta name=\"robots\" content=\"index, follow, max-snippet:-1, max-image-preview:large, max-video-preview:-1\" \/>\n<link rel=\"canonical\" href=\"https:\/\/www.editorialjuventud.es\/autores\/mikankey-3\/\" \/>\n<meta property=\"og:locale\" content=\"ca_ES\" \/>\n<meta property=\"og:type\" content=\"article\" \/>\n<meta property=\"og:title\" content=\"Mikankey - Editorial Juventud\" \/>\n<meta property=\"og:description\" content=\"A parte de ser ilustradora, es tambi\u00e9n autora y est\u00e1 especializada en arte e historia. Empez\u00f3 a darse a conocer con unas tiras c\u00f3micas que hablaban de\" \/>\n<meta property=\"og:url\" content=\"https:\/\/www.editorialjuventud.es\/autores\/mikankey-3\/\" \/>\n<meta property=\"og:site_name\" content=\"Editorial Juventud\" \/>\n<meta property=\"article:modified_time\" content=\"2026-01-14T08:40:56+00:00\" \/>\n<meta property=\"og:image\" content=\"https:\/\/www.editorialjuventud.es\/wp-content\/uploads\/Foto-Mikankey-1.jpg\" \/>\n\t<meta property=\"og:image:width\" content=\"1365\" \/>\n\t<meta property=\"og:image:height\" content=\"2048\" \/>\n\t<meta property=\"og:image:type\" content=\"image\/jpeg\" \/>\n<meta name=\"twitter:card\" content=\"summary_large_image\" \/>\n<meta name=\"twitter:label1\" content=\"Temps estimat de lectura\" \/>\n\t<meta name=\"twitter:data1\" content=\"1 minut\" \/>\n<script type=\"application\/ld+json\" class=\"yoast-schema-graph\">{\"@context\":\"https:\\\/\\\/schema.org\",\"@graph\":[{\"@type\":\"WebPage\",\"@id\":\"https:\\\/\\\/www.editorialjuventud.es\\\/autores\\\/mikankey-3\\\/\",\"url\":\"https:\\\/\\\/www.editorialjuventud.es\\\/autores\\\/mikankey-3\\\/\",\"name\":\"Mikankey - Editorial Juventud\",\"isPartOf\":{\"@id\":\"https:\\\/\\\/www.editorialjuventud.es\\\/#website\"},\"primaryImageOfPage\":{\"@id\":\"https:\\\/\\\/www.editorialjuventud.es\\\/autores\\\/mikankey-3\\\/#primaryimage\"},\"image\":{\"@id\":\"https:\\\/\\\/www.editorialjuventud.es\\\/autores\\\/mikankey-3\\\/#primaryimage\"},\"thumbnailUrl\":\"https:\\\/\\\/www.editorialjuventud.es\\\/wp-content\\\/uploads\\\/Foto-Mikankey-1.jpg\",\"datePublished\":\"2025-09-02T08:08:00+00:00\",\"dateModified\":\"2026-01-14T08:40:56+00:00\",\"description\":\"A parte de ser ilustradora, es tambi\u00e9n autora y est\u00e1 especializada en arte e historia. Empez\u00f3 a darse a conocer con unas tiras c\u00f3micas que hablaban de\",\"breadcrumb\":{\"@id\":\"https:\\\/\\\/www.editorialjuventud.es\\\/autores\\\/mikankey-3\\\/#breadcrumb\"},\"inLanguage\":\"ca\",\"potentialAction\":[{\"@type\":\"ReadAction\",\"target\":[\"https:\\\/\\\/www.editorialjuventud.es\\\/autores\\\/mikankey-3\\\/\"]}]},{\"@type\":\"ImageObject\",\"inLanguage\":\"ca\",\"@id\":\"https:\\\/\\\/www.editorialjuventud.es\\\/autores\\\/mikankey-3\\\/#primaryimage\",\"url\":\"https:\\\/\\\/www.editorialjuventud.es\\\/wp-content\\\/uploads\\\/Foto-Mikankey-1.jpg\",\"contentUrl\":\"https:\\\/\\\/www.editorialjuventud.es\\\/wp-content\\\/uploads\\\/Foto-Mikankey-1.jpg\",\"width\":1365,\"height\":2048},{\"@type\":\"BreadcrumbList\",\"@id\":\"https:\\\/\\\/www.editorialjuventud.es\\\/autores\\\/mikankey-3\\\/#breadcrumb\",\"itemListElement\":[{\"@type\":\"ListItem\",\"position\":1,\"name\":\"Portada\",\"item\":\"https:\\\/\\\/www.editorialjuventud.es\\\/\"},{\"@type\":\"ListItem\",\"position\":2,\"name\":\"Mikankey\"}]},{\"@type\":\"WebSite\",\"@id\":\"https:\\\/\\\/www.editorialjuventud.es\\\/#website\",\"url\":\"https:\\\/\\\/www.editorialjuventud.es\\\/\",\"name\":\"Editorial Juventud\",\"description\":\"\",\"potentialAction\":[{\"@type\":\"SearchAction\",\"target\":{\"@type\":\"EntryPoint\",\"urlTemplate\":\"https:\\\/\\\/www.editorialjuventud.es\\\/?s={search_term_string}\"},\"query-input\":{\"@type\":\"PropertyValueSpecification\",\"valueRequired\":true,\"valueName\":\"search_term_string\"}}],\"inLanguage\":\"ca\"}]}<\/script>\n<!-- \/ Yoast SEO plugin. -->","yoast_head_json":{"title":"Mikankey - Editorial Juventud","description":"A parte de ser ilustradora, es tambi\u00e9n autora y est\u00e1 especializada en arte e historia. Empez\u00f3 a darse a conocer con unas tiras c\u00f3micas que hablaban de","robots":{"index":"index","follow":"follow","max-snippet":"max-snippet:-1","max-image-preview":"max-image-preview:large","max-video-preview":"max-video-preview:-1"},"canonical":"https:\/\/www.editorialjuventud.es\/autores\/mikankey-3\/","og_locale":"ca_ES","og_type":"article","og_title":"Mikankey - Editorial Juventud","og_description":"A parte de ser ilustradora, es tambi\u00e9n autora y est\u00e1 especializada en arte e historia. Empez\u00f3 a darse a conocer con unas tiras c\u00f3micas que hablaban de","og_url":"https:\/\/www.editorialjuventud.es\/autores\/mikankey-3\/","og_site_name":"Editorial Juventud","article_modified_time":"2026-01-14T08:40:56+00:00","og_image":[{"width":1365,"height":2048,"url":"https:\/\/www.editorialjuventud.es\/wp-content\/uploads\/Foto-Mikankey-1.jpg","type":"image\/jpeg"}],"twitter_card":"summary_large_image","twitter_misc":{"Temps estimat de lectura":"1 minut"},"schema":{"@context":"https:\/\/schema.org","@graph":[{"@type":"WebPage","@id":"https:\/\/www.editorialjuventud.es\/autores\/mikankey-3\/","url":"https:\/\/www.editorialjuventud.es\/autores\/mikankey-3\/","name":"Mikankey - Editorial Juventud","isPartOf":{"@id":"https:\/\/www.editorialjuventud.es\/#website"},"primaryImageOfPage":{"@id":"https:\/\/www.editorialjuventud.es\/autores\/mikankey-3\/#primaryimage"},"image":{"@id":"https:\/\/www.editorialjuventud.es\/autores\/mikankey-3\/#primaryimage"},"thumbnailUrl":"https:\/\/www.editorialjuventud.es\/wp-content\/uploads\/Foto-Mikankey-1.jpg","datePublished":"2025-09-02T08:08:00+00:00","dateModified":"2026-01-14T08:40:56+00:00","description":"A parte de ser ilustradora, es tambi\u00e9n autora y est\u00e1 especializada en arte e historia. Empez\u00f3 a darse a conocer con unas tiras c\u00f3micas que hablaban de","breadcrumb":{"@id":"https:\/\/www.editorialjuventud.es\/autores\/mikankey-3\/#breadcrumb"},"inLanguage":"ca","potentialAction":[{"@type":"ReadAction","target":["https:\/\/www.editorialjuventud.es\/autores\/mikankey-3\/"]}]},{"@type":"ImageObject","inLanguage":"ca","@id":"https:\/\/www.editorialjuventud.es\/autores\/mikankey-3\/#primaryimage","url":"https:\/\/www.editorialjuventud.es\/wp-content\/uploads\/Foto-Mikankey-1.jpg","contentUrl":"https:\/\/www.editorialjuventud.es\/wp-content\/uploads\/Foto-Mikankey-1.jpg","width":1365,"height":2048},{"@type":"BreadcrumbList","@id":"https:\/\/www.editorialjuventud.es\/autores\/mikankey-3\/#breadcrumb","itemListElement":[{"@type":"ListItem","position":1,"name":"Portada","item":"https:\/\/www.editorialjuventud.es\/"},{"@type":"ListItem","position":2,"name":"Mikankey"}]},{"@type":"WebSite","@id":"https:\/\/www.editorialjuventud.es\/#website","url":"https:\/\/www.editorialjuventud.es\/","name":"Editorial Juventud","description":"","potentialAction":[{"@type":"SearchAction","target":{"@type":"EntryPoint","urlTemplate":"https:\/\/www.editorialjuventud.es\/?s={search_term_string}"},"query-input":{"@type":"PropertyValueSpecification","valueRequired":true,"valueName":"search_term_string"}}],"inLanguage":"ca"}]}},"_links":{"self":[{"href":"https:\/\/www.editorialjuventud.es\/ca\/wp-json\/wp\/v2\/autores\/92087","targetHints":{"allow":["GET"]}}],"collection":[{"href":"https:\/\/www.editorialjuventud.es\/ca\/wp-json\/wp\/v2\/autores"}],"about":[{"href":"https:\/\/www.editorialjuventud.es\/ca\/wp-json\/wp\/v2\/types\/autores"}],"author":[{"embeddable":true,"href":"https:\/\/www.editorialjuventud.es\/ca\/wp-json\/wp\/v2\/users\/2"}],"wp:featuredmedia":[{"embeddable":true,"href":"https:\/\/www.editorialjuventud.es\/ca\/wp-json\/wp\/v2\/media\/99933"}],"wp:attachment":[{"href":"https:\/\/www.editorialjuventud.es\/ca\/wp-json\/wp\/v2\/media?parent=92087"}],"curies":[{"name":"wp","href":"https:\/\/api.w.org\/{rel}","templated":true}]}}

<p>A parte de ser ilustradora, es también autora y está especializada en arte e historia. Empezó a darse a conocer con unas tiras cómicas que hablaban de cómo la historia invisibiliza a las mujeres. Desde 2020 se dedica a la ilustración en editoriales y prensa, así como a la elaboración de contenidos digitales e informativos.</p>

<p>A part d’il·lustradora, també és autora i està especialitzada en art i història. Es va donar a conèixer amb unes tires còmiques que abordaven com la història invisibilitza les dones. Des del 2020, es dedica a la il·lustració per editorials i premsa, i elabora continguts digitals i informatius.</p>
<p>&nbsp;</p>

<!-- This site is optimized with the Yoast SEO plugin v27.3 - https://yoast.com/product/yoast-seo-wordpress/ -->
<title>Mikankey - Editorial Juventud</title>
<meta name="description" content="A parte de ser ilustradora, es también autora y está especializada en arte e historia. Empezó a darse a conocer con unas tiras cómicas que hablaban de" />
<meta name="robots" content="index, follow, max-snippet:-1, max-image-preview:large, max-video-preview:-1" />
<link rel="canonical" href="https://www.editorialjuventud.es/autores/mikankey-3/" />
<meta property="og:locale" content="ca_ES" />
<meta property="og:type" content="article" />
<meta property="og:title" content="Mikankey - Editorial Juventud" />
<meta property="og:description" content="A parte de ser ilustradora, es también autora y está especializada en arte e historia. Empezó a darse a conocer con unas tiras cómicas que hablaban de" />
<meta property="og:url" content="https://www.editorialjuventud.es/autores/mikankey-3/" />
<meta property="og:site_name" content="Editorial Juventud" />
<meta property="article:modified_time" content="2026-01-14T08:40:56+00:00" />
<meta property="og:image" content="https://www.editorialjuventud.es/wp-content/uploads/Foto-Mikankey-1.jpg" />
	<meta property="og:image:width" content="1365" />
	<meta property="og:image:height" content="2048" />
	<meta property="og:image:type" content="image/jpeg" />
<meta name="twitter:card" content="summary_large_image" />
<meta name="twitter:label1" content="Temps estimat de lectura" />
	<meta name="twitter:data1" content="1 minut" />
<script type="application/ld+json" class="yoast-schema-graph">{"@context":"https:\/\/schema.org","@graph":[{"@type":"WebPage","@id":"https:\/\/www.editorialjuventud.es\/autores\/mikankey-3\/","url":"https:\/\/www.editorialjuventud.es\/autores\/mikankey-3\/","name":"Mikankey - Editorial Juventud","isPartOf":{"@id":"https:\/\/www.editorialjuventud.es\/#website"},"primaryImageOfPage":{"@id":"https:\/\/www.editorialjuventud.es\/autores\/mikankey-3\/#primaryimage"},"image":{"@id":"https:\/\/www.editorialjuventud.es\/autores\/mikankey-3\/#primaryimage"},"thumbnailUrl":"https:\/\/www.editorialjuventud.es\/wp-content\/uploads\/Foto-Mikankey-1.jpg","datePublished":"2025-09-02T08:08:00+00:00","dateModified":"2026-01-14T08:40:56+00:00","description":"A parte de ser ilustradora, es también autora y está especializada en arte e historia. Empezó a darse a conocer con unas tiras cómicas que hablaban de","breadcrumb":{"@id":"https:\/\/www.editorialjuventud.es\/autores\/mikankey-3\/#breadcrumb"},"inLanguage":"ca","potentialAction":[{"@type":"ReadAction","target":["https:\/\/www.editorialjuventud.es\/autores\/mikankey-3\/"]}]},{"@type":"ImageObject","inLanguage":"ca","@id":"https:\/\/www.editorialjuventud.es\/autores\/mikankey-3\/#primaryimage","url":"https:\/\/www.editorialjuventud.es\/wp-content\/uploads\/Foto-Mikankey-1.jpg","contentUrl":"https:\/\/www.editorialjuventud.es\/wp-content\/uploads\/Foto-Mikankey-1.jpg","width":1365,"height":2048},{"@type":"BreadcrumbList","@id":"https:\/\/www.editorialjuventud.es\/autores\/mikankey-3\/#breadcrumb","itemListElement":[{"@type":"ListItem","position":1,"name":"Portada","item":"https:\/\/www.editorialjuventud.es\/"},{"@type":"ListItem","position":2,"name":"Mikankey"}]},{"@type":"WebSite","@id":"https:\/\/www.editorialjuventud.es\/#website","url":"https:\/\/www.editorialjuventud.es\/","name":"Editorial Juventud","description":"","potentialAction":[{"@type":"SearchAction","target":{"@type":"EntryPoint","urlTemplate":"https:\/\/www.editorialjuventud.es\/?s={search_term_string}"},"query-input":{"@type":"PropertyValueSpecification","valueRequired":true,"valueName":"search_term_string"}}],"inLanguage":"ca"}]}</script>
<!-- / Yoast SEO plugin. -->

A parte de ser ilustradora, es también autora y está especializada en arte e historia. Empezó a darse a conocer con unas tiras cómicas que hablaban de
