{"id":92086,"date":"2025-09-02T10:07:59","date_gmt":"2025-09-02T08:07:59","guid":{"rendered":"https:\/\/www.editorialjuventud.es\/autores\/karim-ouaffi-16\/"},"modified":"2026-01-14T09:41:20","modified_gmt":"2026-01-14T08:41:20","slug":"karim-ouaffi-16","status":"publish","type":"autores","link":"https:\/\/www.editorialjuventud.es\/ca\/autores\/karim-ouaffi-16\/","title":{"rendered":"Karim Ouaffi"},"content":{"rendered":"<p>Es licenciado en periodismo y ha participado en numerosos reportajes de televisi\u00f3n durante los \u00faltimos quince a\u00f1os. Se ha especializado en temas de extremismo religioso, igualdad de g\u00e9nero y sexualidades. En <em>Ser un chico<\/em>, su primera obra juvenil, cumple con sus objetivos de ofrecer a los j\u00f3venes formas de deconstruir la masculinidad rompiendo con roles opresores de g\u00e9nero.<\/p>\n","protected":false},"author":2,"featured_media":99931,"template":"","class_list":["post-92086","autores","type-autores","status-publish","has-post-thumbnail","hentry"],"acf":{"nombre":"Karim","apellidos":"Ouaffi","autores-libros":[88028,88031],"lugar_de_nacimiento":"","fecha_de_nacimiento":"","web_del_autor":"","correo_del_autor":"","telefono_del_autor":"","foto_del_autor":false,"galeria_del_autor":false,"mas_informacion_del_autor":false,"texto-autor-ca":"<p>\u00c9s llicenciat en periodisme i ha participat en nombrosos reportatges de televisi\u00f3 durant els \u00faltims quinze anys. S\u2019ha especialitzat en temes d\u2019extremisme religi\u00f3s, igualtat de g\u00e8nere i sexualitats. A <em>Ser un noi<\/em>, la seva primera obra juvenil, aconsegueix els seus objectius de mostrar als joves maneres de desconstruir la seva masculinitat trencant amb els rols de g\u00e8nere opressors.<\/p>\n","biografia-ca":"","texto-autor-fr":"","biografia-fr":"","ilustradores-libros":"","traductores-libros":"","autores_relacionados":""},"yoast_head":"<!-- This site is optimized with the Yoast SEO plugin v27.3 - https:\/\/yoast.com\/product\/yoast-seo-wordpress\/ -->\n<title>Karim Ouaffi - Editorial Juventud<\/title>\n<meta name=\"description\" content=\"Es licenciado en periodismo y ha participado en numerosos reportajes de televisi\u00f3n durante los \u00faltimos quince a\u00f1os. Se ha especializado en temas de\" \/>\n<meta name=\"robots\" content=\"index, follow, max-snippet:-1, max-image-preview:large, max-video-preview:-1\" \/>\n<link rel=\"canonical\" href=\"https:\/\/www.editorialjuventud.es\/autores\/karim-ouaffi-16\/\" \/>\n<meta property=\"og:locale\" content=\"ca_ES\" \/>\n<meta property=\"og:type\" content=\"article\" \/>\n<meta property=\"og:title\" content=\"Karim Ouaffi - Editorial Juventud\" \/>\n<meta property=\"og:description\" content=\"Es licenciado en periodismo y ha participado en numerosos reportajes de televisi\u00f3n durante los \u00faltimos quince a\u00f1os. Se ha especializado en temas de\" \/>\n<meta property=\"og:url\" content=\"https:\/\/www.editorialjuventud.es\/autores\/karim-ouaffi-16\/\" \/>\n<meta property=\"og:site_name\" content=\"Editorial Juventud\" \/>\n<meta property=\"article:modified_time\" content=\"2026-01-14T08:41:20+00:00\" \/>\n<meta property=\"og:image\" content=\"https:\/\/www.editorialjuventud.es\/wp-content\/uploads\/Foto-Karim-Ouaffi-1-scaled.jpg\" \/>\n\t<meta property=\"og:image:width\" content=\"1708\" \/>\n\t<meta property=\"og:image:height\" content=\"2560\" \/>\n\t<meta property=\"og:image:type\" content=\"image\/jpeg\" \/>\n<meta name=\"twitter:card\" content=\"summary_large_image\" \/>\n<meta name=\"twitter:label1\" content=\"Temps estimat de lectura\" \/>\n\t<meta name=\"twitter:data1\" content=\"1 minut\" \/>\n<script type=\"application\/ld+json\" class=\"yoast-schema-graph\">{\"@context\":\"https:\\\/\\\/schema.org\",\"@graph\":[{\"@type\":\"WebPage\",\"@id\":\"https:\\\/\\\/www.editorialjuventud.es\\\/autores\\\/karim-ouaffi-16\\\/\",\"url\":\"https:\\\/\\\/www.editorialjuventud.es\\\/autores\\\/karim-ouaffi-16\\\/\",\"name\":\"Karim Ouaffi - Editorial Juventud\",\"isPartOf\":{\"@id\":\"https:\\\/\\\/www.editorialjuventud.es\\\/#website\"},\"primaryImageOfPage\":{\"@id\":\"https:\\\/\\\/www.editorialjuventud.es\\\/autores\\\/karim-ouaffi-16\\\/#primaryimage\"},\"image\":{\"@id\":\"https:\\\/\\\/www.editorialjuventud.es\\\/autores\\\/karim-ouaffi-16\\\/#primaryimage\"},\"thumbnailUrl\":\"https:\\\/\\\/www.editorialjuventud.es\\\/wp-content\\\/uploads\\\/Foto-Karim-Ouaffi-1-scaled.jpg\",\"datePublished\":\"2025-09-02T08:07:59+00:00\",\"dateModified\":\"2026-01-14T08:41:20+00:00\",\"description\":\"Es licenciado en periodismo y ha participado en numerosos reportajes de televisi\u00f3n durante los \u00faltimos quince a\u00f1os. Se ha especializado en temas de\",\"breadcrumb\":{\"@id\":\"https:\\\/\\\/www.editorialjuventud.es\\\/autores\\\/karim-ouaffi-16\\\/#breadcrumb\"},\"inLanguage\":\"ca\",\"potentialAction\":[{\"@type\":\"ReadAction\",\"target\":[\"https:\\\/\\\/www.editorialjuventud.es\\\/autores\\\/karim-ouaffi-16\\\/\"]}]},{\"@type\":\"ImageObject\",\"inLanguage\":\"ca\",\"@id\":\"https:\\\/\\\/www.editorialjuventud.es\\\/autores\\\/karim-ouaffi-16\\\/#primaryimage\",\"url\":\"https:\\\/\\\/www.editorialjuventud.es\\\/wp-content\\\/uploads\\\/Foto-Karim-Ouaffi-1-scaled.jpg\",\"contentUrl\":\"https:\\\/\\\/www.editorialjuventud.es\\\/wp-content\\\/uploads\\\/Foto-Karim-Ouaffi-1-scaled.jpg\",\"width\":1708,\"height\":2560},{\"@type\":\"BreadcrumbList\",\"@id\":\"https:\\\/\\\/www.editorialjuventud.es\\\/autores\\\/karim-ouaffi-16\\\/#breadcrumb\",\"itemListElement\":[{\"@type\":\"ListItem\",\"position\":1,\"name\":\"Portada\",\"item\":\"https:\\\/\\\/www.editorialjuventud.es\\\/\"},{\"@type\":\"ListItem\",\"position\":2,\"name\":\"Karim Ouaffi\"}]},{\"@type\":\"WebSite\",\"@id\":\"https:\\\/\\\/www.editorialjuventud.es\\\/#website\",\"url\":\"https:\\\/\\\/www.editorialjuventud.es\\\/\",\"name\":\"Editorial Juventud\",\"description\":\"\",\"potentialAction\":[{\"@type\":\"SearchAction\",\"target\":{\"@type\":\"EntryPoint\",\"urlTemplate\":\"https:\\\/\\\/www.editorialjuventud.es\\\/?s={search_term_string}\"},\"query-input\":{\"@type\":\"PropertyValueSpecification\",\"valueRequired\":true,\"valueName\":\"search_term_string\"}}],\"inLanguage\":\"ca\"}]}<\/script>\n<!-- \/ Yoast SEO plugin. -->","yoast_head_json":{"title":"Karim Ouaffi - Editorial Juventud","description":"Es licenciado en periodismo y ha participado en numerosos reportajes de televisi\u00f3n durante los \u00faltimos quince a\u00f1os. Se ha especializado en temas de","robots":{"index":"index","follow":"follow","max-snippet":"max-snippet:-1","max-image-preview":"max-image-preview:large","max-video-preview":"max-video-preview:-1"},"canonical":"https:\/\/www.editorialjuventud.es\/autores\/karim-ouaffi-16\/","og_locale":"ca_ES","og_type":"article","og_title":"Karim Ouaffi - Editorial Juventud","og_description":"Es licenciado en periodismo y ha participado en numerosos reportajes de televisi\u00f3n durante los \u00faltimos quince a\u00f1os. Se ha especializado en temas de","og_url":"https:\/\/www.editorialjuventud.es\/autores\/karim-ouaffi-16\/","og_site_name":"Editorial Juventud","article_modified_time":"2026-01-14T08:41:20+00:00","og_image":[{"width":1708,"height":2560,"url":"https:\/\/www.editorialjuventud.es\/wp-content\/uploads\/Foto-Karim-Ouaffi-1-scaled.jpg","type":"image\/jpeg"}],"twitter_card":"summary_large_image","twitter_misc":{"Temps estimat de lectura":"1 minut"},"schema":{"@context":"https:\/\/schema.org","@graph":[{"@type":"WebPage","@id":"https:\/\/www.editorialjuventud.es\/autores\/karim-ouaffi-16\/","url":"https:\/\/www.editorialjuventud.es\/autores\/karim-ouaffi-16\/","name":"Karim Ouaffi - Editorial Juventud","isPartOf":{"@id":"https:\/\/www.editorialjuventud.es\/#website"},"primaryImageOfPage":{"@id":"https:\/\/www.editorialjuventud.es\/autores\/karim-ouaffi-16\/#primaryimage"},"image":{"@id":"https:\/\/www.editorialjuventud.es\/autores\/karim-ouaffi-16\/#primaryimage"},"thumbnailUrl":"https:\/\/www.editorialjuventud.es\/wp-content\/uploads\/Foto-Karim-Ouaffi-1-scaled.jpg","datePublished":"2025-09-02T08:07:59+00:00","dateModified":"2026-01-14T08:41:20+00:00","description":"Es licenciado en periodismo y ha participado en numerosos reportajes de televisi\u00f3n durante los \u00faltimos quince a\u00f1os. Se ha especializado en temas de","breadcrumb":{"@id":"https:\/\/www.editorialjuventud.es\/autores\/karim-ouaffi-16\/#breadcrumb"},"inLanguage":"ca","potentialAction":[{"@type":"ReadAction","target":["https:\/\/www.editorialjuventud.es\/autores\/karim-ouaffi-16\/"]}]},{"@type":"ImageObject","inLanguage":"ca","@id":"https:\/\/www.editorialjuventud.es\/autores\/karim-ouaffi-16\/#primaryimage","url":"https:\/\/www.editorialjuventud.es\/wp-content\/uploads\/Foto-Karim-Ouaffi-1-scaled.jpg","contentUrl":"https:\/\/www.editorialjuventud.es\/wp-content\/uploads\/Foto-Karim-Ouaffi-1-scaled.jpg","width":1708,"height":2560},{"@type":"BreadcrumbList","@id":"https:\/\/www.editorialjuventud.es\/autores\/karim-ouaffi-16\/#breadcrumb","itemListElement":[{"@type":"ListItem","position":1,"name":"Portada","item":"https:\/\/www.editorialjuventud.es\/"},{"@type":"ListItem","position":2,"name":"Karim Ouaffi"}]},{"@type":"WebSite","@id":"https:\/\/www.editorialjuventud.es\/#website","url":"https:\/\/www.editorialjuventud.es\/","name":"Editorial Juventud","description":"","potentialAction":[{"@type":"SearchAction","target":{"@type":"EntryPoint","urlTemplate":"https:\/\/www.editorialjuventud.es\/?s={search_term_string}"},"query-input":{"@type":"PropertyValueSpecification","valueRequired":true,"valueName":"search_term_string"}}],"inLanguage":"ca"}]}},"_links":{"self":[{"href":"https:\/\/www.editorialjuventud.es\/ca\/wp-json\/wp\/v2\/autores\/92086","targetHints":{"allow":["GET"]}}],"collection":[{"href":"https:\/\/www.editorialjuventud.es\/ca\/wp-json\/wp\/v2\/autores"}],"about":[{"href":"https:\/\/www.editorialjuventud.es\/ca\/wp-json\/wp\/v2\/types\/autores"}],"author":[{"embeddable":true,"href":"https:\/\/www.editorialjuventud.es\/ca\/wp-json\/wp\/v2\/users\/2"}],"wp:featuredmedia":[{"embeddable":true,"href":"https:\/\/www.editorialjuventud.es\/ca\/wp-json\/wp\/v2\/media\/99931"}],"wp:attachment":[{"href":"https:\/\/www.editorialjuventud.es\/ca\/wp-json\/wp\/v2\/media?parent=92086"}],"curies":[{"name":"wp","href":"https:\/\/api.w.org\/{rel}","templated":true}]}}

<p>Es licenciado en periodismo y ha participado en numerosos reportajes de televisión durante los últimos quince años. Se ha especializado en temas de extremismo religioso, igualdad de género y sexualidades. En <em>Ser un chico</em>, su primera obra juvenil, cumple con sus objetivos de ofrecer a los jóvenes formas de deconstruir la masculinidad rompiendo con roles opresores de género.</p>

<p>És llicenciat en periodisme i ha participat en nombrosos reportatges de televisió durant els últims quinze anys. S’ha especialitzat en temes d’extremisme religiós, igualtat de gènere i sexualitats. A <em>Ser un noi</em>, la seva primera obra juvenil, aconsegueix els seus objectius de mostrar als joves maneres de desconstruir la seva masculinitat trencant amb els rols de gènere opressors.</p>

<!-- This site is optimized with the Yoast SEO plugin v27.3 - https://yoast.com/product/yoast-seo-wordpress/ -->
<title>Karim Ouaffi - Editorial Juventud</title>
<meta name="description" content="Es licenciado en periodismo y ha participado en numerosos reportajes de televisión durante los últimos quince años. Se ha especializado en temas de" />
<meta name="robots" content="index, follow, max-snippet:-1, max-image-preview:large, max-video-preview:-1" />
<link rel="canonical" href="https://www.editorialjuventud.es/autores/karim-ouaffi-16/" />
<meta property="og:locale" content="ca_ES" />
<meta property="og:type" content="article" />
<meta property="og:title" content="Karim Ouaffi - Editorial Juventud" />
<meta property="og:description" content="Es licenciado en periodismo y ha participado en numerosos reportajes de televisión durante los últimos quince años. Se ha especializado en temas de" />
<meta property="og:url" content="https://www.editorialjuventud.es/autores/karim-ouaffi-16/" />
<meta property="og:site_name" content="Editorial Juventud" />
<meta property="article:modified_time" content="2026-01-14T08:41:20+00:00" />
<meta property="og:image" content="https://www.editorialjuventud.es/wp-content/uploads/Foto-Karim-Ouaffi-1-scaled.jpg" />
	<meta property="og:image:width" content="1708" />
	<meta property="og:image:height" content="2560" />
	<meta property="og:image:type" content="image/jpeg" />
<meta name="twitter:card" content="summary_large_image" />
<meta name="twitter:label1" content="Temps estimat de lectura" />
	<meta name="twitter:data1" content="1 minut" />
<script type="application/ld+json" class="yoast-schema-graph">{"@context":"https:\/\/schema.org","@graph":[{"@type":"WebPage","@id":"https:\/\/www.editorialjuventud.es\/autores\/karim-ouaffi-16\/","url":"https:\/\/www.editorialjuventud.es\/autores\/karim-ouaffi-16\/","name":"Karim Ouaffi - Editorial Juventud","isPartOf":{"@id":"https:\/\/www.editorialjuventud.es\/#website"},"primaryImageOfPage":{"@id":"https:\/\/www.editorialjuventud.es\/autores\/karim-ouaffi-16\/#primaryimage"},"image":{"@id":"https:\/\/www.editorialjuventud.es\/autores\/karim-ouaffi-16\/#primaryimage"},"thumbnailUrl":"https:\/\/www.editorialjuventud.es\/wp-content\/uploads\/Foto-Karim-Ouaffi-1-scaled.jpg","datePublished":"2025-09-02T08:07:59+00:00","dateModified":"2026-01-14T08:41:20+00:00","description":"Es licenciado en periodismo y ha participado en numerosos reportajes de televisión durante los últimos quince años. Se ha especializado en temas de","breadcrumb":{"@id":"https:\/\/www.editorialjuventud.es\/autores\/karim-ouaffi-16\/#breadcrumb"},"inLanguage":"ca","potentialAction":[{"@type":"ReadAction","target":["https:\/\/www.editorialjuventud.es\/autores\/karim-ouaffi-16\/"]}]},{"@type":"ImageObject","inLanguage":"ca","@id":"https:\/\/www.editorialjuventud.es\/autores\/karim-ouaffi-16\/#primaryimage","url":"https:\/\/www.editorialjuventud.es\/wp-content\/uploads\/Foto-Karim-Ouaffi-1-scaled.jpg","contentUrl":"https:\/\/www.editorialjuventud.es\/wp-content\/uploads\/Foto-Karim-Ouaffi-1-scaled.jpg","width":1708,"height":2560},{"@type":"BreadcrumbList","@id":"https:\/\/www.editorialjuventud.es\/autores\/karim-ouaffi-16\/#breadcrumb","itemListElement":[{"@type":"ListItem","position":1,"name":"Portada","item":"https:\/\/www.editorialjuventud.es\/"},{"@type":"ListItem","position":2,"name":"Karim Ouaffi"}]},{"@type":"WebSite","@id":"https:\/\/www.editorialjuventud.es\/#website","url":"https:\/\/www.editorialjuventud.es\/","name":"Editorial Juventud","description":"","potentialAction":[{"@type":"SearchAction","target":{"@type":"EntryPoint","urlTemplate":"https:\/\/www.editorialjuventud.es\/?s={search_term_string}"},"query-input":{"@type":"PropertyValueSpecification","valueRequired":true,"valueName":"search_term_string"}}],"inLanguage":"ca"}]}</script>
<!-- / Yoast SEO plugin. -->

Es licenciado en periodismo y ha participado en numerosos reportajes de televisión durante los últimos quince años. Se ha especializado en temas de
