{"id":78182,"date":"2024-03-13T15:31:13","date_gmt":"2024-03-13T13:31:13","guid":{"rendered":"https:\/\/www.editorialjuventud.es\/?post_type=autores&#038;p=78182"},"modified":"2025-02-17T12:25:24","modified_gmt":"2025-02-17T11:25:24","slug":"merce-gali","status":"publish","type":"autores","link":"https:\/\/www.editorialjuventud.es\/ca\/autores\/merce-gali\/","title":{"rendered":"Gal\u00ed, Merc\u00e8"},"content":{"rendered":"<p>Creci\u00f3 rodeada de cuentos en la librer\u00eda de sus padres en Barcelona. Le interesan la espontaneidad del trazo, el collage, la fotograf\u00eda, jugar con el azar y buscar en lo m\u00e1s simple la m\u00e1xima expresi\u00f3n. Valora el sentido del humor e intenta llevar la imaginaci\u00f3n m\u00e1s all\u00e1 del texto para arrancar una sonrisa de complicidad al lector. Ha publicado m\u00e1s de 50 libros. En 2022, gan\u00f3 el Premio Junceda y qued\u00f3 finalista en la muestra de Ilustradores de la Feria de Bolonia.<\/p>\n","protected":false},"author":2,"featured_media":0,"template":"","class_list":["post-78182","autores","type-autores","status-publish","hentry"],"acf":{"autores_relacionados":"","fecha_de_nacimiento":"","foto_del_autor":false,"lugar_de_nacimiento":"","autores-libros":"","ilustradores-libros":[78184,78183],"traductores-libros":"","web_del_autor":"","correo_del_autor":"","telefono_del_autor":"","galeria_del_autor":false,"mas_informacion_del_autor":false,"texto-autor-ca":"<p>Va cr\u00e9ixer envoltada de contes a la llibreria dels seus pares a Barcelona. Li interessen l\u2019espontane\u00eftat del tra\u00e7, el collage, la fotografia, jugar amb l\u2019atzar i buscar en el m\u00e9s simple la m\u00e0xima expressi\u00f3. Valora el sentit de l\u2019humor i intenta portar la imaginaci\u00f3 m\u00e9s enll\u00e0 del text per arrencar un somriure de complicitat al lector. Ha publicat m\u00e9s de 50 llibres. El 2022 va rebre el Premi Junceda i va ser finalista en la mostra d\u2019il\u00b7lustradors de la Fira del Llibre de Bolonya.<\/p>\n","biografia-ca":"","texto-autor-fr":"","biografia-fr":"","nombre":"Merc\u00e8","apellidos":"Gal\u00ed"},"yoast_head":"<!-- This site is optimized with the Yoast SEO plugin v27.3 - https:\/\/yoast.com\/product\/yoast-seo-wordpress\/ -->\n<title>Gal\u00ed, Merc\u00e8 - Editorial Juventud<\/title>\n<meta name=\"description\" content=\"Creci\u00f3 rodeada de cuentos en la librer\u00eda de sus padres en Barcelona. Le interesan la espontaneidad del trazo, el collage, la fotograf\u00eda, jugar con el azar\" \/>\n<meta name=\"robots\" content=\"index, follow, max-snippet:-1, max-image-preview:large, max-video-preview:-1\" \/>\n<link rel=\"canonical\" href=\"https:\/\/www.editorialjuventud.es\/autores\/merce-gali\/\" \/>\n<meta property=\"og:locale\" content=\"ca_ES\" \/>\n<meta property=\"og:type\" content=\"article\" \/>\n<meta property=\"og:title\" content=\"Gal\u00ed, Merc\u00e8 - Editorial Juventud\" \/>\n<meta property=\"og:description\" content=\"Creci\u00f3 rodeada de cuentos en la librer\u00eda de sus padres en Barcelona. Le interesan la espontaneidad del trazo, el collage, la fotograf\u00eda, jugar con el azar\" \/>\n<meta property=\"og:url\" content=\"https:\/\/www.editorialjuventud.es\/autores\/merce-gali\/\" \/>\n<meta property=\"og:site_name\" content=\"Editorial Juventud\" \/>\n<meta property=\"article:modified_time\" content=\"2025-02-17T11:25:24+00:00\" \/>\n<meta name=\"twitter:card\" content=\"summary_large_image\" \/>\n<meta name=\"twitter:label1\" content=\"Temps estimat de lectura\" \/>\n\t<meta name=\"twitter:data1\" content=\"1 minut\" \/>\n<script type=\"application\/ld+json\" class=\"yoast-schema-graph\">{\"@context\":\"https:\\\/\\\/schema.org\",\"@graph\":[{\"@type\":\"WebPage\",\"@id\":\"https:\\\/\\\/www.editorialjuventud.es\\\/autores\\\/merce-gali\\\/\",\"url\":\"https:\\\/\\\/www.editorialjuventud.es\\\/autores\\\/merce-gali\\\/\",\"name\":\"Gal\u00ed, Merc\u00e8 - Editorial Juventud\",\"isPartOf\":{\"@id\":\"https:\\\/\\\/www.editorialjuventud.es\\\/#website\"},\"datePublished\":\"2024-03-13T13:31:13+00:00\",\"dateModified\":\"2025-02-17T11:25:24+00:00\",\"description\":\"Creci\u00f3 rodeada de cuentos en la librer\u00eda de sus padres en Barcelona. Le interesan la espontaneidad del trazo, el collage, la fotograf\u00eda, jugar con el azar\",\"breadcrumb\":{\"@id\":\"https:\\\/\\\/www.editorialjuventud.es\\\/autores\\\/merce-gali\\\/#breadcrumb\"},\"inLanguage\":\"ca\",\"potentialAction\":[{\"@type\":\"ReadAction\",\"target\":[\"https:\\\/\\\/www.editorialjuventud.es\\\/autores\\\/merce-gali\\\/\"]}]},{\"@type\":\"BreadcrumbList\",\"@id\":\"https:\\\/\\\/www.editorialjuventud.es\\\/autores\\\/merce-gali\\\/#breadcrumb\",\"itemListElement\":[{\"@type\":\"ListItem\",\"position\":1,\"name\":\"Portada\",\"item\":\"https:\\\/\\\/www.editorialjuventud.es\\\/\"},{\"@type\":\"ListItem\",\"position\":2,\"name\":\"Gal\u00ed, Merc\u00e8\"}]},{\"@type\":\"WebSite\",\"@id\":\"https:\\\/\\\/www.editorialjuventud.es\\\/#website\",\"url\":\"https:\\\/\\\/www.editorialjuventud.es\\\/\",\"name\":\"Editorial Juventud\",\"description\":\"\",\"potentialAction\":[{\"@type\":\"SearchAction\",\"target\":{\"@type\":\"EntryPoint\",\"urlTemplate\":\"https:\\\/\\\/www.editorialjuventud.es\\\/?s={search_term_string}\"},\"query-input\":{\"@type\":\"PropertyValueSpecification\",\"valueRequired\":true,\"valueName\":\"search_term_string\"}}],\"inLanguage\":\"ca\"}]}<\/script>\n<!-- \/ Yoast SEO plugin. -->","yoast_head_json":{"title":"Gal\u00ed, Merc\u00e8 - Editorial Juventud","description":"Creci\u00f3 rodeada de cuentos en la librer\u00eda de sus padres en Barcelona. Le interesan la espontaneidad del trazo, el collage, la fotograf\u00eda, jugar con el azar","robots":{"index":"index","follow":"follow","max-snippet":"max-snippet:-1","max-image-preview":"max-image-preview:large","max-video-preview":"max-video-preview:-1"},"canonical":"https:\/\/www.editorialjuventud.es\/autores\/merce-gali\/","og_locale":"ca_ES","og_type":"article","og_title":"Gal\u00ed, Merc\u00e8 - Editorial Juventud","og_description":"Creci\u00f3 rodeada de cuentos en la librer\u00eda de sus padres en Barcelona. Le interesan la espontaneidad del trazo, el collage, la fotograf\u00eda, jugar con el azar","og_url":"https:\/\/www.editorialjuventud.es\/autores\/merce-gali\/","og_site_name":"Editorial Juventud","article_modified_time":"2025-02-17T11:25:24+00:00","twitter_card":"summary_large_image","twitter_misc":{"Temps estimat de lectura":"1 minut"},"schema":{"@context":"https:\/\/schema.org","@graph":[{"@type":"WebPage","@id":"https:\/\/www.editorialjuventud.es\/autores\/merce-gali\/","url":"https:\/\/www.editorialjuventud.es\/autores\/merce-gali\/","name":"Gal\u00ed, Merc\u00e8 - Editorial Juventud","isPartOf":{"@id":"https:\/\/www.editorialjuventud.es\/#website"},"datePublished":"2024-03-13T13:31:13+00:00","dateModified":"2025-02-17T11:25:24+00:00","description":"Creci\u00f3 rodeada de cuentos en la librer\u00eda de sus padres en Barcelona. Le interesan la espontaneidad del trazo, el collage, la fotograf\u00eda, jugar con el azar","breadcrumb":{"@id":"https:\/\/www.editorialjuventud.es\/autores\/merce-gali\/#breadcrumb"},"inLanguage":"ca","potentialAction":[{"@type":"ReadAction","target":["https:\/\/www.editorialjuventud.es\/autores\/merce-gali\/"]}]},{"@type":"BreadcrumbList","@id":"https:\/\/www.editorialjuventud.es\/autores\/merce-gali\/#breadcrumb","itemListElement":[{"@type":"ListItem","position":1,"name":"Portada","item":"https:\/\/www.editorialjuventud.es\/"},{"@type":"ListItem","position":2,"name":"Gal\u00ed, Merc\u00e8"}]},{"@type":"WebSite","@id":"https:\/\/www.editorialjuventud.es\/#website","url":"https:\/\/www.editorialjuventud.es\/","name":"Editorial Juventud","description":"","potentialAction":[{"@type":"SearchAction","target":{"@type":"EntryPoint","urlTemplate":"https:\/\/www.editorialjuventud.es\/?s={search_term_string}"},"query-input":{"@type":"PropertyValueSpecification","valueRequired":true,"valueName":"search_term_string"}}],"inLanguage":"ca"}]}},"_links":{"self":[{"href":"https:\/\/www.editorialjuventud.es\/ca\/wp-json\/wp\/v2\/autores\/78182","targetHints":{"allow":["GET"]}}],"collection":[{"href":"https:\/\/www.editorialjuventud.es\/ca\/wp-json\/wp\/v2\/autores"}],"about":[{"href":"https:\/\/www.editorialjuventud.es\/ca\/wp-json\/wp\/v2\/types\/autores"}],"author":[{"embeddable":true,"href":"https:\/\/www.editorialjuventud.es\/ca\/wp-json\/wp\/v2\/users\/2"}],"wp:attachment":[{"href":"https:\/\/www.editorialjuventud.es\/ca\/wp-json\/wp\/v2\/media?parent=78182"}],"curies":[{"name":"wp","href":"https:\/\/api.w.org\/{rel}","templated":true}]}}

Galí, Mercè

<p>Creció rodeada de cuentos en la librería de sus padres en Barcelona. Le interesan la espontaneidad del trazo, el collage, la fotografía, jugar con el azar y buscar en lo más simple la máxima expresión. Valora el sentido del humor e intenta llevar la imaginación más allá del texto para arrancar una sonrisa de complicidad al lector. Ha publicado más de 50 libros. En 2022, ganó el Premio Junceda y quedó finalista en la muestra de Ilustradores de la Feria de Bolonia.</p>

<p>Va créixer envoltada de contes a la llibreria dels seus pares a Barcelona. Li interessen l’espontaneïtat del traç, el collage, la fotografia, jugar amb l’atzar i buscar en el més simple la màxima expressió. Valora el sentit de l’humor i intenta portar la imaginació més enllà del text per arrencar un somriure de complicitat al lector. Ha publicat més de 50 llibres. El 2022 va rebre el Premi Junceda i va ser finalista en la mostra d’il·lustradors de la Fira del Llibre de Bolonya.</p>

Mercè

Galí

<!-- This site is optimized with the Yoast SEO plugin v27.3 - https://yoast.com/product/yoast-seo-wordpress/ -->
<title>Galí, Mercè - Editorial Juventud</title>
<meta name="description" content="Creció rodeada de cuentos en la librería de sus padres en Barcelona. Le interesan la espontaneidad del trazo, el collage, la fotografía, jugar con el azar" />
<meta name="robots" content="index, follow, max-snippet:-1, max-image-preview:large, max-video-preview:-1" />
<link rel="canonical" href="https://www.editorialjuventud.es/autores/merce-gali/" />
<meta property="og:locale" content="ca_ES" />
<meta property="og:type" content="article" />
<meta property="og:title" content="Galí, Mercè - Editorial Juventud" />
<meta property="og:description" content="Creció rodeada de cuentos en la librería de sus padres en Barcelona. Le interesan la espontaneidad del trazo, el collage, la fotografía, jugar con el azar" />
<meta property="og:url" content="https://www.editorialjuventud.es/autores/merce-gali/" />
<meta property="og:site_name" content="Editorial Juventud" />
<meta property="article:modified_time" content="2025-02-17T11:25:24+00:00" />
<meta name="twitter:card" content="summary_large_image" />
<meta name="twitter:label1" content="Temps estimat de lectura" />
	<meta name="twitter:data1" content="1 minut" />
<script type="application/ld+json" class="yoast-schema-graph">{"@context":"https:\/\/schema.org","@graph":[{"@type":"WebPage","@id":"https:\/\/www.editorialjuventud.es\/autores\/merce-gali\/","url":"https:\/\/www.editorialjuventud.es\/autores\/merce-gali\/","name":"Galí, Mercè - Editorial Juventud","isPartOf":{"@id":"https:\/\/www.editorialjuventud.es\/#website"},"datePublished":"2024-03-13T13:31:13+00:00","dateModified":"2025-02-17T11:25:24+00:00","description":"Creció rodeada de cuentos en la librería de sus padres en Barcelona. Le interesan la espontaneidad del trazo, el collage, la fotografía, jugar con el azar","breadcrumb":{"@id":"https:\/\/www.editorialjuventud.es\/autores\/merce-gali\/#breadcrumb"},"inLanguage":"ca","potentialAction":[{"@type":"ReadAction","target":["https:\/\/www.editorialjuventud.es\/autores\/merce-gali\/"]}]},{"@type":"BreadcrumbList","@id":"https:\/\/www.editorialjuventud.es\/autores\/merce-gali\/#breadcrumb","itemListElement":[{"@type":"ListItem","position":1,"name":"Portada","item":"https:\/\/www.editorialjuventud.es\/"},{"@type":"ListItem","position":2,"name":"Galí, Mercè"}]},{"@type":"WebSite","@id":"https:\/\/www.editorialjuventud.es\/#website","url":"https:\/\/www.editorialjuventud.es\/","name":"Editorial Juventud","description":"","potentialAction":[{"@type":"SearchAction","target":{"@type":"EntryPoint","urlTemplate":"https:\/\/www.editorialjuventud.es\/?s={search_term_string}"},"query-input":{"@type":"PropertyValueSpecification","valueRequired":true,"valueName":"search_term_string"}}],"inLanguage":"ca"}]}</script>
<!-- / Yoast SEO plugin. -->

Galí, Mercè - Editorial Juventud

Creció rodeada de cuentos en la librería de sus padres en Barcelona. Le interesan la espontaneidad del trazo, el collage, la fotografía, jugar con el azar
