{"id":50150,"date":"2023-06-21T23:53:24","date_gmt":"2023-06-21T19:53:24","guid":{"rendered":"https:\/\/www.editorialjuventud.es\/?post_type=autores&#038;p=50150"},"modified":"2025-01-27T15:36:16","modified_gmt":"2025-01-27T14:36:16","slug":"eveline-payette","status":"publish","type":"autores","link":"https:\/\/www.editorialjuventud.es\/ca\/autores\/eveline-payette\/","title":{"rendered":"Payette, Eveline"},"content":{"rendered":"\n<p>Eveline Payette ha estudiado teatro y educaci\u00f3n infantil. Despu\u00e9s de su breve carrera teatral, descubre el campo de la mediaci\u00f3n cultural y se dedica en estos momentos a trabajar en las escuelas que ense\u00f1an teatro a los j\u00f3venes. Vive cerca de Montr\u00e9al, Canad\u00e1, junto a su familia. <em>Mamut Rock<\/em> ha sido su primer libro ilustrado. <\/p>\n","protected":false},"author":2,"featured_media":0,"template":"","class_list":["post-50150","autores","type-autores","status-publish","hentry"],"acf":{"autores_relacionados":"","foto_del_autor":false,"autores-libros":[49767,49770],"ilustradores-libros":"","traductores-libros":"","galeria_del_autor":false,"mas_informacion_del_autor":false,"texto-autor-ca":"<p>Eveline Payette ha estudiat teatre i educaci\u00f3 infantil. Despr\u00e9s de la seva breu carrera teatral, descobreix el camp de la mediaci\u00f3 cultural i des d&#8217;aleshores es dedica a treballar amb escoles que imparteixen classes de teatre als joves. Viu a prop de Montr\u00e9al, Canad\u00e0, junt amb la seva fam\u00edlia. <em>Mamut Rock<\/em> ha sigut el seu primer llibre il\u00b7lustrat.<\/p>\n","biografia-ca":"","texto-autor-fr":"","biografia-fr":"","nombre":"Eveline","apellidos":"Payette"},"yoast_head":"<!-- This site is optimized with the Yoast SEO plugin v27.3 - https:\/\/yoast.com\/product\/yoast-seo-wordpress\/ -->\n<title>Payette, Eveline - Editorial Juventud<\/title>\n<meta name=\"description\" content=\"Eveline Payette ha estudiado teatro y educaci\u00f3n infantil. Despu\u00e9s de su breve carrera teatral, descubre el campo de la mediaci\u00f3n cultural y se dedica en\" \/>\n<meta name=\"robots\" content=\"index, follow, max-snippet:-1, max-image-preview:large, max-video-preview:-1\" \/>\n<link rel=\"canonical\" href=\"https:\/\/www.editorialjuventud.es\/autores\/eveline-payette\/\" \/>\n<meta property=\"og:locale\" content=\"ca_ES\" \/>\n<meta property=\"og:type\" content=\"article\" \/>\n<meta property=\"og:title\" content=\"Payette, Eveline - Editorial Juventud\" \/>\n<meta property=\"og:description\" content=\"Eveline Payette ha estudiado teatro y educaci\u00f3n infantil. Despu\u00e9s de su breve carrera teatral, descubre el campo de la mediaci\u00f3n cultural y se dedica en\" \/>\n<meta property=\"og:url\" content=\"https:\/\/www.editorialjuventud.es\/autores\/eveline-payette\/\" \/>\n<meta property=\"og:site_name\" content=\"Editorial Juventud\" \/>\n<meta property=\"article:modified_time\" content=\"2025-01-27T14:36:16+00:00\" \/>\n<meta name=\"twitter:card\" content=\"summary_large_image\" \/>\n<script type=\"application\/ld+json\" class=\"yoast-schema-graph\">{\"@context\":\"https:\\\/\\\/schema.org\",\"@graph\":[{\"@type\":\"WebPage\",\"@id\":\"https:\\\/\\\/www.editorialjuventud.es\\\/autores\\\/eveline-payette\\\/\",\"url\":\"https:\\\/\\\/www.editorialjuventud.es\\\/autores\\\/eveline-payette\\\/\",\"name\":\"Payette, Eveline - Editorial Juventud\",\"isPartOf\":{\"@id\":\"https:\\\/\\\/www.editorialjuventud.es\\\/#website\"},\"datePublished\":\"2023-06-21T19:53:24+00:00\",\"dateModified\":\"2025-01-27T14:36:16+00:00\",\"description\":\"Eveline Payette ha estudiado teatro y educaci\u00f3n infantil. Despu\u00e9s de su breve carrera teatral, descubre el campo de la mediaci\u00f3n cultural y se dedica en\",\"breadcrumb\":{\"@id\":\"https:\\\/\\\/www.editorialjuventud.es\\\/autores\\\/eveline-payette\\\/#breadcrumb\"},\"inLanguage\":\"ca\",\"potentialAction\":[{\"@type\":\"ReadAction\",\"target\":[\"https:\\\/\\\/www.editorialjuventud.es\\\/autores\\\/eveline-payette\\\/\"]}]},{\"@type\":\"BreadcrumbList\",\"@id\":\"https:\\\/\\\/www.editorialjuventud.es\\\/autores\\\/eveline-payette\\\/#breadcrumb\",\"itemListElement\":[{\"@type\":\"ListItem\",\"position\":1,\"name\":\"Portada\",\"item\":\"https:\\\/\\\/www.editorialjuventud.es\\\/\"},{\"@type\":\"ListItem\",\"position\":2,\"name\":\"Payette, Eveline\"}]},{\"@type\":\"WebSite\",\"@id\":\"https:\\\/\\\/www.editorialjuventud.es\\\/#website\",\"url\":\"https:\\\/\\\/www.editorialjuventud.es\\\/\",\"name\":\"Editorial Juventud\",\"description\":\"\",\"potentialAction\":[{\"@type\":\"SearchAction\",\"target\":{\"@type\":\"EntryPoint\",\"urlTemplate\":\"https:\\\/\\\/www.editorialjuventud.es\\\/?s={search_term_string}\"},\"query-input\":{\"@type\":\"PropertyValueSpecification\",\"valueRequired\":true,\"valueName\":\"search_term_string\"}}],\"inLanguage\":\"ca\"}]}<\/script>\n<!-- \/ Yoast SEO plugin. -->","yoast_head_json":{"title":"Payette, Eveline - Editorial Juventud","description":"Eveline Payette ha estudiado teatro y educaci\u00f3n infantil. Despu\u00e9s de su breve carrera teatral, descubre el campo de la mediaci\u00f3n cultural y se dedica en","robots":{"index":"index","follow":"follow","max-snippet":"max-snippet:-1","max-image-preview":"max-image-preview:large","max-video-preview":"max-video-preview:-1"},"canonical":"https:\/\/www.editorialjuventud.es\/autores\/eveline-payette\/","og_locale":"ca_ES","og_type":"article","og_title":"Payette, Eveline - Editorial Juventud","og_description":"Eveline Payette ha estudiado teatro y educaci\u00f3n infantil. Despu\u00e9s de su breve carrera teatral, descubre el campo de la mediaci\u00f3n cultural y se dedica en","og_url":"https:\/\/www.editorialjuventud.es\/autores\/eveline-payette\/","og_site_name":"Editorial Juventud","article_modified_time":"2025-01-27T14:36:16+00:00","twitter_card":"summary_large_image","schema":{"@context":"https:\/\/schema.org","@graph":[{"@type":"WebPage","@id":"https:\/\/www.editorialjuventud.es\/autores\/eveline-payette\/","url":"https:\/\/www.editorialjuventud.es\/autores\/eveline-payette\/","name":"Payette, Eveline - Editorial Juventud","isPartOf":{"@id":"https:\/\/www.editorialjuventud.es\/#website"},"datePublished":"2023-06-21T19:53:24+00:00","dateModified":"2025-01-27T14:36:16+00:00","description":"Eveline Payette ha estudiado teatro y educaci\u00f3n infantil. Despu\u00e9s de su breve carrera teatral, descubre el campo de la mediaci\u00f3n cultural y se dedica en","breadcrumb":{"@id":"https:\/\/www.editorialjuventud.es\/autores\/eveline-payette\/#breadcrumb"},"inLanguage":"ca","potentialAction":[{"@type":"ReadAction","target":["https:\/\/www.editorialjuventud.es\/autores\/eveline-payette\/"]}]},{"@type":"BreadcrumbList","@id":"https:\/\/www.editorialjuventud.es\/autores\/eveline-payette\/#breadcrumb","itemListElement":[{"@type":"ListItem","position":1,"name":"Portada","item":"https:\/\/www.editorialjuventud.es\/"},{"@type":"ListItem","position":2,"name":"Payette, Eveline"}]},{"@type":"WebSite","@id":"https:\/\/www.editorialjuventud.es\/#website","url":"https:\/\/www.editorialjuventud.es\/","name":"Editorial Juventud","description":"","potentialAction":[{"@type":"SearchAction","target":{"@type":"EntryPoint","urlTemplate":"https:\/\/www.editorialjuventud.es\/?s={search_term_string}"},"query-input":{"@type":"PropertyValueSpecification","valueRequired":true,"valueName":"search_term_string"}}],"inLanguage":"ca"}]}},"_links":{"self":[{"href":"https:\/\/www.editorialjuventud.es\/ca\/wp-json\/wp\/v2\/autores\/50150","targetHints":{"allow":["GET"]}}],"collection":[{"href":"https:\/\/www.editorialjuventud.es\/ca\/wp-json\/wp\/v2\/autores"}],"about":[{"href":"https:\/\/www.editorialjuventud.es\/ca\/wp-json\/wp\/v2\/types\/autores"}],"author":[{"embeddable":true,"href":"https:\/\/www.editorialjuventud.es\/ca\/wp-json\/wp\/v2\/users\/2"}],"wp:attachment":[{"href":"https:\/\/www.editorialjuventud.es\/ca\/wp-json\/wp\/v2\/media?parent=50150"}],"curies":[{"name":"wp","href":"https:\/\/api.w.org\/{rel}","templated":true}]}}

<p>Eveline Payette ha estudiado teatro y educación infantil. Después de su breve carrera teatral, descubre el campo de la mediación cultural y se dedica en estos momentos a trabajar en las escuelas que enseñan teatro a los jóvenes. Vive cerca de Montréal, Canadá, junto a su familia. <em>Mamut Rock</em> ha sido su primer libro ilustrado. </p>

<p>Eveline Payette ha estudiat teatre i educació infantil. Després de la seva breu carrera teatral, descobreix el camp de la mediació cultural i des d&#8217;aleshores es dedica a treballar amb escoles que imparteixen classes de teatre als joves. Viu a prop de Montréal, Canadà, junt amb la seva família. <em>Mamut Rock</em> ha sigut el seu primer llibre il·lustrat.</p>

<!-- This site is optimized with the Yoast SEO plugin v27.3 - https://yoast.com/product/yoast-seo-wordpress/ -->
<title>Payette, Eveline - Editorial Juventud</title>
<meta name="description" content="Eveline Payette ha estudiado teatro y educación infantil. Después de su breve carrera teatral, descubre el campo de la mediación cultural y se dedica en" />
<meta name="robots" content="index, follow, max-snippet:-1, max-image-preview:large, max-video-preview:-1" />
<link rel="canonical" href="https://www.editorialjuventud.es/autores/eveline-payette/" />
<meta property="og:locale" content="ca_ES" />
<meta property="og:type" content="article" />
<meta property="og:title" content="Payette, Eveline - Editorial Juventud" />
<meta property="og:description" content="Eveline Payette ha estudiado teatro y educación infantil. Después de su breve carrera teatral, descubre el campo de la mediación cultural y se dedica en" />
<meta property="og:url" content="https://www.editorialjuventud.es/autores/eveline-payette/" />
<meta property="og:site_name" content="Editorial Juventud" />
<meta property="article:modified_time" content="2025-01-27T14:36:16+00:00" />
<meta name="twitter:card" content="summary_large_image" />
<script type="application/ld+json" class="yoast-schema-graph">{"@context":"https:\/\/schema.org","@graph":[{"@type":"WebPage","@id":"https:\/\/www.editorialjuventud.es\/autores\/eveline-payette\/","url":"https:\/\/www.editorialjuventud.es\/autores\/eveline-payette\/","name":"Payette, Eveline - Editorial Juventud","isPartOf":{"@id":"https:\/\/www.editorialjuventud.es\/#website"},"datePublished":"2023-06-21T19:53:24+00:00","dateModified":"2025-01-27T14:36:16+00:00","description":"Eveline Payette ha estudiado teatro y educación infantil. Después de su breve carrera teatral, descubre el campo de la mediación cultural y se dedica en","breadcrumb":{"@id":"https:\/\/www.editorialjuventud.es\/autores\/eveline-payette\/#breadcrumb"},"inLanguage":"ca","potentialAction":[{"@type":"ReadAction","target":["https:\/\/www.editorialjuventud.es\/autores\/eveline-payette\/"]}]},{"@type":"BreadcrumbList","@id":"https:\/\/www.editorialjuventud.es\/autores\/eveline-payette\/#breadcrumb","itemListElement":[{"@type":"ListItem","position":1,"name":"Portada","item":"https:\/\/www.editorialjuventud.es\/"},{"@type":"ListItem","position":2,"name":"Payette, Eveline"}]},{"@type":"WebSite","@id":"https:\/\/www.editorialjuventud.es\/#website","url":"https:\/\/www.editorialjuventud.es\/","name":"Editorial Juventud","description":"","potentialAction":[{"@type":"SearchAction","target":{"@type":"EntryPoint","urlTemplate":"https:\/\/www.editorialjuventud.es\/?s={search_term_string}"},"query-input":{"@type":"PropertyValueSpecification","valueRequired":true,"valueName":"search_term_string"}}],"inLanguage":"ca"}]}</script>
<!-- / Yoast SEO plugin. -->

Eveline Payette ha estudiado teatro y educación infantil. Después de su breve carrera teatral, descubre el campo de la mediación cultural y se dedica en
