{"id":42251,"date":"2023-06-21T23:46:14","date_gmt":"2023-06-21T19:46:14","guid":{"rendered":"https:\/\/www.editorialjuventud.es\/?post_type=autores&#038;p=42251"},"modified":"2025-01-27T15:35:39","modified_gmt":"2025-01-27T14:35:39","slug":"julia-hansson","status":"publish","type":"autores","link":"https:\/\/www.editorialjuventud.es\/ca\/autores\/julia-hansson\/","title":{"rendered":"Hansson, Julia"},"content":{"rendered":"\n<p> Ilustradora formada entre Estocolmo y Tokio.  Sara, Tula y el mar es su \u00e1lbum debut. <\/p>\n","protected":false},"author":2,"featured_media":0,"template":"","class_list":["post-42251","autores","type-autores","status-publish","hentry"],"acf":{"autores_relacionados":"","foto_del_autor":false,"autores-libros":[0],"ilustradores-libros":[42261,42261,42264,42264],"traductores-libros":"","galeria_del_autor":false,"mas_informacion_del_autor":false,"texto-autor-ca":"<p>Il\u00b7lustradora formada a Estocolm i T\u00f2quio. La Sara, la Tula i la mar \u00e9s el seu \u00e0lbum debut.<\/p>\n","biografia-ca":"","texto-autor-fr":"","biografia-fr":"","nombre":"Julia","apellidos":"Hansson"},"yoast_head":"<!-- This site is optimized with the Yoast SEO plugin v27.3 - https:\/\/yoast.com\/product\/yoast-seo-wordpress\/ -->\n<title>Hansson, Julia - Editorial Juventud<\/title>\n<meta name=\"description\" content=\"Ilustradora formada entre Estocolmo y Tokio. Sara, Tula y el mar es su \u00e1lbum debut.\" \/>\n<meta name=\"robots\" content=\"index, follow, max-snippet:-1, max-image-preview:large, max-video-preview:-1\" \/>\n<link rel=\"canonical\" href=\"https:\/\/www.editorialjuventud.es\/autores\/julia-hansson\/\" \/>\n<meta property=\"og:locale\" content=\"ca_ES\" \/>\n<meta property=\"og:type\" content=\"article\" \/>\n<meta property=\"og:title\" content=\"Hansson, Julia - Editorial Juventud\" \/>\n<meta property=\"og:description\" content=\"Ilustradora formada entre Estocolmo y Tokio. Sara, Tula y el mar es su \u00e1lbum debut.\" \/>\n<meta property=\"og:url\" content=\"https:\/\/www.editorialjuventud.es\/autores\/julia-hansson\/\" \/>\n<meta property=\"og:site_name\" content=\"Editorial Juventud\" \/>\n<meta property=\"article:modified_time\" content=\"2025-01-27T14:35:39+00:00\" \/>\n<meta name=\"twitter:card\" content=\"summary_large_image\" \/>\n<script type=\"application\/ld+json\" class=\"yoast-schema-graph\">{\"@context\":\"https:\\\/\\\/schema.org\",\"@graph\":[{\"@type\":\"WebPage\",\"@id\":\"https:\\\/\\\/www.editorialjuventud.es\\\/autores\\\/julia-hansson\\\/\",\"url\":\"https:\\\/\\\/www.editorialjuventud.es\\\/autores\\\/julia-hansson\\\/\",\"name\":\"Hansson, Julia - Editorial Juventud\",\"isPartOf\":{\"@id\":\"https:\\\/\\\/www.editorialjuventud.es\\\/#website\"},\"datePublished\":\"2023-06-21T19:46:14+00:00\",\"dateModified\":\"2025-01-27T14:35:39+00:00\",\"description\":\"Ilustradora formada entre Estocolmo y Tokio. Sara, Tula y el mar es su \u00e1lbum debut.\",\"breadcrumb\":{\"@id\":\"https:\\\/\\\/www.editorialjuventud.es\\\/autores\\\/julia-hansson\\\/#breadcrumb\"},\"inLanguage\":\"ca\",\"potentialAction\":[{\"@type\":\"ReadAction\",\"target\":[\"https:\\\/\\\/www.editorialjuventud.es\\\/autores\\\/julia-hansson\\\/\"]}]},{\"@type\":\"BreadcrumbList\",\"@id\":\"https:\\\/\\\/www.editorialjuventud.es\\\/autores\\\/julia-hansson\\\/#breadcrumb\",\"itemListElement\":[{\"@type\":\"ListItem\",\"position\":1,\"name\":\"Portada\",\"item\":\"https:\\\/\\\/www.editorialjuventud.es\\\/\"},{\"@type\":\"ListItem\",\"position\":2,\"name\":\"Hansson, Julia\"}]},{\"@type\":\"WebSite\",\"@id\":\"https:\\\/\\\/www.editorialjuventud.es\\\/#website\",\"url\":\"https:\\\/\\\/www.editorialjuventud.es\\\/\",\"name\":\"Editorial Juventud\",\"description\":\"\",\"potentialAction\":[{\"@type\":\"SearchAction\",\"target\":{\"@type\":\"EntryPoint\",\"urlTemplate\":\"https:\\\/\\\/www.editorialjuventud.es\\\/?s={search_term_string}\"},\"query-input\":{\"@type\":\"PropertyValueSpecification\",\"valueRequired\":true,\"valueName\":\"search_term_string\"}}],\"inLanguage\":\"ca\"}]}<\/script>\n<!-- \/ Yoast SEO plugin. -->","yoast_head_json":{"title":"Hansson, Julia - Editorial Juventud","description":"Ilustradora formada entre Estocolmo y Tokio. Sara, Tula y el mar es su \u00e1lbum debut.","robots":{"index":"index","follow":"follow","max-snippet":"max-snippet:-1","max-image-preview":"max-image-preview:large","max-video-preview":"max-video-preview:-1"},"canonical":"https:\/\/www.editorialjuventud.es\/autores\/julia-hansson\/","og_locale":"ca_ES","og_type":"article","og_title":"Hansson, Julia - Editorial Juventud","og_description":"Ilustradora formada entre Estocolmo y Tokio. Sara, Tula y el mar es su \u00e1lbum debut.","og_url":"https:\/\/www.editorialjuventud.es\/autores\/julia-hansson\/","og_site_name":"Editorial Juventud","article_modified_time":"2025-01-27T14:35:39+00:00","twitter_card":"summary_large_image","schema":{"@context":"https:\/\/schema.org","@graph":[{"@type":"WebPage","@id":"https:\/\/www.editorialjuventud.es\/autores\/julia-hansson\/","url":"https:\/\/www.editorialjuventud.es\/autores\/julia-hansson\/","name":"Hansson, Julia - Editorial Juventud","isPartOf":{"@id":"https:\/\/www.editorialjuventud.es\/#website"},"datePublished":"2023-06-21T19:46:14+00:00","dateModified":"2025-01-27T14:35:39+00:00","description":"Ilustradora formada entre Estocolmo y Tokio. Sara, Tula y el mar es su \u00e1lbum debut.","breadcrumb":{"@id":"https:\/\/www.editorialjuventud.es\/autores\/julia-hansson\/#breadcrumb"},"inLanguage":"ca","potentialAction":[{"@type":"ReadAction","target":["https:\/\/www.editorialjuventud.es\/autores\/julia-hansson\/"]}]},{"@type":"BreadcrumbList","@id":"https:\/\/www.editorialjuventud.es\/autores\/julia-hansson\/#breadcrumb","itemListElement":[{"@type":"ListItem","position":1,"name":"Portada","item":"https:\/\/www.editorialjuventud.es\/"},{"@type":"ListItem","position":2,"name":"Hansson, Julia"}]},{"@type":"WebSite","@id":"https:\/\/www.editorialjuventud.es\/#website","url":"https:\/\/www.editorialjuventud.es\/","name":"Editorial Juventud","description":"","potentialAction":[{"@type":"SearchAction","target":{"@type":"EntryPoint","urlTemplate":"https:\/\/www.editorialjuventud.es\/?s={search_term_string}"},"query-input":{"@type":"PropertyValueSpecification","valueRequired":true,"valueName":"search_term_string"}}],"inLanguage":"ca"}]}},"_links":{"self":[{"href":"https:\/\/www.editorialjuventud.es\/ca\/wp-json\/wp\/v2\/autores\/42251","targetHints":{"allow":["GET"]}}],"collection":[{"href":"https:\/\/www.editorialjuventud.es\/ca\/wp-json\/wp\/v2\/autores"}],"about":[{"href":"https:\/\/www.editorialjuventud.es\/ca\/wp-json\/wp\/v2\/types\/autores"}],"author":[{"embeddable":true,"href":"https:\/\/www.editorialjuventud.es\/ca\/wp-json\/wp\/v2\/users\/2"}],"wp:attachment":[{"href":"https:\/\/www.editorialjuventud.es\/ca\/wp-json\/wp\/v2\/media?parent=42251"}],"curies":[{"name":"wp","href":"https:\/\/api.w.org\/{rel}","templated":true}]}}

<p> Ilustradora formada entre Estocolmo y Tokio.  Sara, Tula y el mar es su álbum debut. </p>

<p>Il·lustradora formada a Estocolm i Tòquio. La Sara, la Tula i la mar és el seu àlbum debut.</p>

<!-- This site is optimized with the Yoast SEO plugin v27.3 - https://yoast.com/product/yoast-seo-wordpress/ -->
<title>Hansson, Julia - Editorial Juventud</title>
<meta name="description" content="Ilustradora formada entre Estocolmo y Tokio. Sara, Tula y el mar es su álbum debut." />
<meta name="robots" content="index, follow, max-snippet:-1, max-image-preview:large, max-video-preview:-1" />
<link rel="canonical" href="https://www.editorialjuventud.es/autores/julia-hansson/" />
<meta property="og:locale" content="ca_ES" />
<meta property="og:type" content="article" />
<meta property="og:title" content="Hansson, Julia - Editorial Juventud" />
<meta property="og:description" content="Ilustradora formada entre Estocolmo y Tokio. Sara, Tula y el mar es su álbum debut." />
<meta property="og:url" content="https://www.editorialjuventud.es/autores/julia-hansson/" />
<meta property="og:site_name" content="Editorial Juventud" />
<meta property="article:modified_time" content="2025-01-27T14:35:39+00:00" />
<meta name="twitter:card" content="summary_large_image" />
<script type="application/ld+json" class="yoast-schema-graph">{"@context":"https:\/\/schema.org","@graph":[{"@type":"WebPage","@id":"https:\/\/www.editorialjuventud.es\/autores\/julia-hansson\/","url":"https:\/\/www.editorialjuventud.es\/autores\/julia-hansson\/","name":"Hansson, Julia - Editorial Juventud","isPartOf":{"@id":"https:\/\/www.editorialjuventud.es\/#website"},"datePublished":"2023-06-21T19:46:14+00:00","dateModified":"2025-01-27T14:35:39+00:00","description":"Ilustradora formada entre Estocolmo y Tokio. Sara, Tula y el mar es su álbum debut.","breadcrumb":{"@id":"https:\/\/www.editorialjuventud.es\/autores\/julia-hansson\/#breadcrumb"},"inLanguage":"ca","potentialAction":[{"@type":"ReadAction","target":["https:\/\/www.editorialjuventud.es\/autores\/julia-hansson\/"]}]},{"@type":"BreadcrumbList","@id":"https:\/\/www.editorialjuventud.es\/autores\/julia-hansson\/#breadcrumb","itemListElement":[{"@type":"ListItem","position":1,"name":"Portada","item":"https:\/\/www.editorialjuventud.es\/"},{"@type":"ListItem","position":2,"name":"Hansson, Julia"}]},{"@type":"WebSite","@id":"https:\/\/www.editorialjuventud.es\/#website","url":"https:\/\/www.editorialjuventud.es\/","name":"Editorial Juventud","description":"","potentialAction":[{"@type":"SearchAction","target":{"@type":"EntryPoint","urlTemplate":"https:\/\/www.editorialjuventud.es\/?s={search_term_string}"},"query-input":{"@type":"PropertyValueSpecification","valueRequired":true,"valueName":"search_term_string"}}],"inLanguage":"ca"}]}</script>
<!-- / Yoast SEO plugin. -->

Ilustradora formada entre Estocolmo y Tokio. Sara, Tula y el mar es su álbum debut.
