{"id":38024,"date":"2023-06-21T23:27:51","date_gmt":"2023-06-21T19:27:51","guid":{"rendered":"https:\/\/www.editorialjuventud.es\/?post_type=autores&#038;p=38024"},"modified":"2025-01-27T15:35:25","modified_gmt":"2025-01-27T14:35:25","slug":"berta-bardi-i-mila","status":"publish","type":"autores","link":"https:\/\/www.editorialjuventud.es\/ca\/autores\/berta-bardi-i-mila\/","title":{"rendered":"Bard\u00ed i Mil\u00e0, Berta"},"content":{"rendered":"\n<p><strong>Berta Bard\u00ed i Mil\u00e0<\/strong> es doctora arquitecta y profesora de proyectos arquitect\u00f3nicos en la Escuela de Arquitectura de Barcelona de la Universitat Polit\u00e8cnica de Catalunya, ETSAB UPC. Con varios equipos combina la docencia, la investigaci\u00f3n y la pr\u00e1ctica profesional. Interesada en el aprendizaje y la ense\u00f1anza de la arquitectura, participa en revistas especializadas e imparte diversos cursos y talleres de orientaci\u00f3n universitaria. Codirige las Jornadas sobre Innovaci\u00f3n Docente en Arquitectura JIDA, y la colecci\u00f3n<em> Textos de Arquitectura, Docencia e Innovaci\u00f3n<\/em>.<\/p>\n","protected":false},"author":2,"featured_media":38070,"template":"","class_list":["post-38024","autores","type-autores","status-publish","has-post-thumbnail","hentry"],"acf":{"autores_relacionados":"","foto_del_autor":false,"autores-libros":[38025,38028],"ilustradores-libros":"","traductores-libros":"","galeria_del_autor":false,"mas_informacion_del_autor":false,"texto-autor-ca":"<p><strong>Berta Bard\u00ed i Mil\u00e0<\/strong> \u00e9s doctora arquitecta i professora de projectes arquitect\u00f2nics a l\u2019Escola d\u2019Arquitectura de Barcelona de la Universitat Polit\u00e8cnica de Catalunya, ETSAB UPC. Amb diversos equips combina la doc\u00e8ncia, la recerca i la pr\u00e0ctica professional. Interessada en l\u2019aprenentatge i l\u2019ensenyament de l\u2019arquitectura, participa en revistes especialitzades i imparteix diversos cursos i tallers d\u2019orientaci\u00f3 universit\u00e0ria. Codirigeix les Jornades sobre Innovaci\u00f3 Docent en Arquitectura JIDA, i la col<em>\u00b7<\/em>lecci\u00f3<em> Textos de Arquitectura, Docencia e Innovaci\u00f3n<\/em>.<\/p>\n","biografia-ca":"","texto-autor-fr":"","biografia-fr":"","nombre":"Berta","apellidos":"Bard\u00ed i Mil\u00e0"},"yoast_head":"<!-- This site is optimized with the Yoast SEO plugin v27.3 - https:\/\/yoast.com\/product\/yoast-seo-wordpress\/ -->\n<title>Bard\u00ed i Mil\u00e0, Berta - Editorial Juventud<\/title>\n<meta name=\"description\" content=\"Berta Bard\u00ed i Mil\u00e0 es doctora arquitecta y profesora de proyectos arquitect\u00f3nicos en la Escuela de Arquitectura de Barcelona de la Universitat Polit\u00e8cnica\" \/>\n<meta name=\"robots\" content=\"index, follow, max-snippet:-1, max-image-preview:large, max-video-preview:-1\" \/>\n<link rel=\"canonical\" href=\"https:\/\/www.editorialjuventud.es\/autores\/berta-bardi-i-mila\/\" \/>\n<meta property=\"og:locale\" content=\"ca_ES\" \/>\n<meta property=\"og:type\" content=\"article\" \/>\n<meta property=\"og:title\" content=\"Bard\u00ed i Mil\u00e0, Berta - Editorial Juventud\" \/>\n<meta property=\"og:description\" content=\"Berta Bard\u00ed i Mil\u00e0 es doctora arquitecta y profesora de proyectos arquitect\u00f3nicos en la Escuela de Arquitectura de Barcelona de la Universitat Polit\u00e8cnica\" \/>\n<meta property=\"og:url\" content=\"https:\/\/www.editorialjuventud.es\/autores\/berta-bardi-i-mila\/\" \/>\n<meta property=\"og:site_name\" content=\"Editorial Juventud\" \/>\n<meta property=\"article:modified_time\" content=\"2025-01-27T14:35:25+00:00\" \/>\n<meta property=\"og:image\" content=\"https:\/\/www.editorialjuventud.es\/wp-content\/uploads\/BertaBardi\u0301Mila\u0300.jpg\" \/>\n\t<meta property=\"og:image:width\" content=\"301\" \/>\n\t<meta property=\"og:image:height\" content=\"301\" \/>\n\t<meta property=\"og:image:type\" content=\"image\/jpeg\" \/>\n<meta name=\"twitter:card\" content=\"summary_large_image\" \/>\n<script type=\"application\/ld+json\" class=\"yoast-schema-graph\">{\"@context\":\"https:\\\/\\\/schema.org\",\"@graph\":[{\"@type\":\"WebPage\",\"@id\":\"https:\\\/\\\/www.editorialjuventud.es\\\/autores\\\/berta-bardi-i-mila\\\/\",\"url\":\"https:\\\/\\\/www.editorialjuventud.es\\\/autores\\\/berta-bardi-i-mila\\\/\",\"name\":\"Bard\u00ed i Mil\u00e0, Berta - Editorial Juventud\",\"isPartOf\":{\"@id\":\"https:\\\/\\\/www.editorialjuventud.es\\\/#website\"},\"primaryImageOfPage\":{\"@id\":\"https:\\\/\\\/www.editorialjuventud.es\\\/autores\\\/berta-bardi-i-mila\\\/#primaryimage\"},\"image\":{\"@id\":\"https:\\\/\\\/www.editorialjuventud.es\\\/autores\\\/berta-bardi-i-mila\\\/#primaryimage\"},\"thumbnailUrl\":\"https:\\\/\\\/www.editorialjuventud.es\\\/wp-content\\\/uploads\\\/BertaBardi\u0301Mila\u0300.jpg\",\"datePublished\":\"2023-06-21T19:27:51+00:00\",\"dateModified\":\"2025-01-27T14:35:25+00:00\",\"description\":\"Berta Bard\u00ed i Mil\u00e0 es doctora arquitecta y profesora de proyectos arquitect\u00f3nicos en la Escuela de Arquitectura de Barcelona de la Universitat Polit\u00e8cnica\",\"breadcrumb\":{\"@id\":\"https:\\\/\\\/www.editorialjuventud.es\\\/autores\\\/berta-bardi-i-mila\\\/#breadcrumb\"},\"inLanguage\":\"ca\",\"potentialAction\":[{\"@type\":\"ReadAction\",\"target\":[\"https:\\\/\\\/www.editorialjuventud.es\\\/autores\\\/berta-bardi-i-mila\\\/\"]}]},{\"@type\":\"ImageObject\",\"inLanguage\":\"ca\",\"@id\":\"https:\\\/\\\/www.editorialjuventud.es\\\/autores\\\/berta-bardi-i-mila\\\/#primaryimage\",\"url\":\"https:\\\/\\\/www.editorialjuventud.es\\\/wp-content\\\/uploads\\\/BertaBardi\u0301Mila\u0300.jpg\",\"contentUrl\":\"https:\\\/\\\/www.editorialjuventud.es\\\/wp-content\\\/uploads\\\/BertaBardi\u0301Mila\u0300.jpg\",\"width\":301,\"height\":301},{\"@type\":\"BreadcrumbList\",\"@id\":\"https:\\\/\\\/www.editorialjuventud.es\\\/autores\\\/berta-bardi-i-mila\\\/#breadcrumb\",\"itemListElement\":[{\"@type\":\"ListItem\",\"position\":1,\"name\":\"Portada\",\"item\":\"https:\\\/\\\/www.editorialjuventud.es\\\/\"},{\"@type\":\"ListItem\",\"position\":2,\"name\":\"Bard\u00ed i Mil\u00e0, Berta\"}]},{\"@type\":\"WebSite\",\"@id\":\"https:\\\/\\\/www.editorialjuventud.es\\\/#website\",\"url\":\"https:\\\/\\\/www.editorialjuventud.es\\\/\",\"name\":\"Editorial Juventud\",\"description\":\"\",\"potentialAction\":[{\"@type\":\"SearchAction\",\"target\":{\"@type\":\"EntryPoint\",\"urlTemplate\":\"https:\\\/\\\/www.editorialjuventud.es\\\/?s={search_term_string}\"},\"query-input\":{\"@type\":\"PropertyValueSpecification\",\"valueRequired\":true,\"valueName\":\"search_term_string\"}}],\"inLanguage\":\"ca\"}]}<\/script>\n<!-- \/ Yoast SEO plugin. -->","yoast_head_json":{"title":"Bard\u00ed i Mil\u00e0, Berta - Editorial Juventud","description":"Berta Bard\u00ed i Mil\u00e0 es doctora arquitecta y profesora de proyectos arquitect\u00f3nicos en la Escuela de Arquitectura de Barcelona de la Universitat Polit\u00e8cnica","robots":{"index":"index","follow":"follow","max-snippet":"max-snippet:-1","max-image-preview":"max-image-preview:large","max-video-preview":"max-video-preview:-1"},"canonical":"https:\/\/www.editorialjuventud.es\/autores\/berta-bardi-i-mila\/","og_locale":"ca_ES","og_type":"article","og_title":"Bard\u00ed i Mil\u00e0, Berta - Editorial Juventud","og_description":"Berta Bard\u00ed i Mil\u00e0 es doctora arquitecta y profesora de proyectos arquitect\u00f3nicos en la Escuela de Arquitectura de Barcelona de la Universitat Polit\u00e8cnica","og_url":"https:\/\/www.editorialjuventud.es\/autores\/berta-bardi-i-mila\/","og_site_name":"Editorial Juventud","article_modified_time":"2025-01-27T14:35:25+00:00","og_image":[{"width":301,"height":301,"url":"https:\/\/www.editorialjuventud.es\/wp-content\/uploads\/BertaBardi\u0301Mila\u0300.jpg","type":"image\/jpeg"}],"twitter_card":"summary_large_image","schema":{"@context":"https:\/\/schema.org","@graph":[{"@type":"WebPage","@id":"https:\/\/www.editorialjuventud.es\/autores\/berta-bardi-i-mila\/","url":"https:\/\/www.editorialjuventud.es\/autores\/berta-bardi-i-mila\/","name":"Bard\u00ed i Mil\u00e0, Berta - Editorial Juventud","isPartOf":{"@id":"https:\/\/www.editorialjuventud.es\/#website"},"primaryImageOfPage":{"@id":"https:\/\/www.editorialjuventud.es\/autores\/berta-bardi-i-mila\/#primaryimage"},"image":{"@id":"https:\/\/www.editorialjuventud.es\/autores\/berta-bardi-i-mila\/#primaryimage"},"thumbnailUrl":"https:\/\/www.editorialjuventud.es\/wp-content\/uploads\/BertaBardi\u0301Mila\u0300.jpg","datePublished":"2023-06-21T19:27:51+00:00","dateModified":"2025-01-27T14:35:25+00:00","description":"Berta Bard\u00ed i Mil\u00e0 es doctora arquitecta y profesora de proyectos arquitect\u00f3nicos en la Escuela de Arquitectura de Barcelona de la Universitat Polit\u00e8cnica","breadcrumb":{"@id":"https:\/\/www.editorialjuventud.es\/autores\/berta-bardi-i-mila\/#breadcrumb"},"inLanguage":"ca","potentialAction":[{"@type":"ReadAction","target":["https:\/\/www.editorialjuventud.es\/autores\/berta-bardi-i-mila\/"]}]},{"@type":"ImageObject","inLanguage":"ca","@id":"https:\/\/www.editorialjuventud.es\/autores\/berta-bardi-i-mila\/#primaryimage","url":"https:\/\/www.editorialjuventud.es\/wp-content\/uploads\/BertaBardi\u0301Mila\u0300.jpg","contentUrl":"https:\/\/www.editorialjuventud.es\/wp-content\/uploads\/BertaBardi\u0301Mila\u0300.jpg","width":301,"height":301},{"@type":"BreadcrumbList","@id":"https:\/\/www.editorialjuventud.es\/autores\/berta-bardi-i-mila\/#breadcrumb","itemListElement":[{"@type":"ListItem","position":1,"name":"Portada","item":"https:\/\/www.editorialjuventud.es\/"},{"@type":"ListItem","position":2,"name":"Bard\u00ed i Mil\u00e0, Berta"}]},{"@type":"WebSite","@id":"https:\/\/www.editorialjuventud.es\/#website","url":"https:\/\/www.editorialjuventud.es\/","name":"Editorial Juventud","description":"","potentialAction":[{"@type":"SearchAction","target":{"@type":"EntryPoint","urlTemplate":"https:\/\/www.editorialjuventud.es\/?s={search_term_string}"},"query-input":{"@type":"PropertyValueSpecification","valueRequired":true,"valueName":"search_term_string"}}],"inLanguage":"ca"}]}},"_links":{"self":[{"href":"https:\/\/www.editorialjuventud.es\/ca\/wp-json\/wp\/v2\/autores\/38024","targetHints":{"allow":["GET"]}}],"collection":[{"href":"https:\/\/www.editorialjuventud.es\/ca\/wp-json\/wp\/v2\/autores"}],"about":[{"href":"https:\/\/www.editorialjuventud.es\/ca\/wp-json\/wp\/v2\/types\/autores"}],"author":[{"embeddable":true,"href":"https:\/\/www.editorialjuventud.es\/ca\/wp-json\/wp\/v2\/users\/2"}],"wp:featuredmedia":[{"embeddable":true,"href":"https:\/\/www.editorialjuventud.es\/ca\/wp-json\/wp\/v2\/media\/38070"}],"wp:attachment":[{"href":"https:\/\/www.editorialjuventud.es\/ca\/wp-json\/wp\/v2\/media?parent=38024"}],"curies":[{"name":"wp","href":"https:\/\/api.w.org\/{rel}","templated":true}]}}

Bardí i Milà, Berta

<p><strong>Berta Bardí i Milà</strong> es doctora arquitecta y profesora de proyectos arquitectónicos en la Escuela de Arquitectura de Barcelona de la Universitat Politècnica de Catalunya, ETSAB UPC. Con varios equipos combina la docencia, la investigación y la práctica profesional. Interesada en el aprendizaje y la enseñanza de la arquitectura, participa en revistas especializadas e imparte diversos cursos y talleres de orientación universitaria. Codirige las Jornadas sobre Innovación Docente en Arquitectura JIDA, y la colección<em> Textos de Arquitectura, Docencia e Innovación</em>.</p>

<p><strong>Berta Bardí i Milà</strong> és doctora arquitecta i professora de projectes arquitectònics a l’Escola d’Arquitectura de Barcelona de la Universitat Politècnica de Catalunya, ETSAB UPC. Amb diversos equips combina la docència, la recerca i la pràctica professional. Interessada en l’aprenentatge i l’ensenyament de l’arquitectura, participa en revistes especialitzades i imparteix diversos cursos i tallers d’orientació universitària. Codirigeix les Jornades sobre Innovació Docent en Arquitectura JIDA, i la col<em>·</em>lecció<em> Textos de Arquitectura, Docencia e Innovación</em>.</p>

Bardí i Milà

<!-- This site is optimized with the Yoast SEO plugin v27.3 - https://yoast.com/product/yoast-seo-wordpress/ -->
<title>Bardí i Milà, Berta - Editorial Juventud</title>
<meta name="description" content="Berta Bardí i Milà es doctora arquitecta y profesora de proyectos arquitectónicos en la Escuela de Arquitectura de Barcelona de la Universitat Politècnica" />
<meta name="robots" content="index, follow, max-snippet:-1, max-image-preview:large, max-video-preview:-1" />
<link rel="canonical" href="https://www.editorialjuventud.es/autores/berta-bardi-i-mila/" />
<meta property="og:locale" content="ca_ES" />
<meta property="og:type" content="article" />
<meta property="og:title" content="Bardí i Milà, Berta - Editorial Juventud" />
<meta property="og:description" content="Berta Bardí i Milà es doctora arquitecta y profesora de proyectos arquitectónicos en la Escuela de Arquitectura de Barcelona de la Universitat Politècnica" />
<meta property="og:url" content="https://www.editorialjuventud.es/autores/berta-bardi-i-mila/" />
<meta property="og:site_name" content="Editorial Juventud" />
<meta property="article:modified_time" content="2025-01-27T14:35:25+00:00" />
<meta property="og:image" content="https://www.editorialjuventud.es/wp-content/uploads/BertaBardíMilà.jpg" />
	<meta property="og:image:width" content="301" />
	<meta property="og:image:height" content="301" />
	<meta property="og:image:type" content="image/jpeg" />
<meta name="twitter:card" content="summary_large_image" />
<script type="application/ld+json" class="yoast-schema-graph">{"@context":"https:\/\/schema.org","@graph":[{"@type":"WebPage","@id":"https:\/\/www.editorialjuventud.es\/autores\/berta-bardi-i-mila\/","url":"https:\/\/www.editorialjuventud.es\/autores\/berta-bardi-i-mila\/","name":"Bardí i Milà, Berta - Editorial Juventud","isPartOf":{"@id":"https:\/\/www.editorialjuventud.es\/#website"},"primaryImageOfPage":{"@id":"https:\/\/www.editorialjuventud.es\/autores\/berta-bardi-i-mila\/#primaryimage"},"image":{"@id":"https:\/\/www.editorialjuventud.es\/autores\/berta-bardi-i-mila\/#primaryimage"},"thumbnailUrl":"https:\/\/www.editorialjuventud.es\/wp-content\/uploads\/BertaBardíMilà.jpg","datePublished":"2023-06-21T19:27:51+00:00","dateModified":"2025-01-27T14:35:25+00:00","description":"Berta Bardí i Milà es doctora arquitecta y profesora de proyectos arquitectónicos en la Escuela de Arquitectura de Barcelona de la Universitat Politècnica","breadcrumb":{"@id":"https:\/\/www.editorialjuventud.es\/autores\/berta-bardi-i-mila\/#breadcrumb"},"inLanguage":"ca","potentialAction":[{"@type":"ReadAction","target":["https:\/\/www.editorialjuventud.es\/autores\/berta-bardi-i-mila\/"]}]},{"@type":"ImageObject","inLanguage":"ca","@id":"https:\/\/www.editorialjuventud.es\/autores\/berta-bardi-i-mila\/#primaryimage","url":"https:\/\/www.editorialjuventud.es\/wp-content\/uploads\/BertaBardíMilà.jpg","contentUrl":"https:\/\/www.editorialjuventud.es\/wp-content\/uploads\/BertaBardíMilà.jpg","width":301,"height":301},{"@type":"BreadcrumbList","@id":"https:\/\/www.editorialjuventud.es\/autores\/berta-bardi-i-mila\/#breadcrumb","itemListElement":[{"@type":"ListItem","position":1,"name":"Portada","item":"https:\/\/www.editorialjuventud.es\/"},{"@type":"ListItem","position":2,"name":"Bardí i Milà, Berta"}]},{"@type":"WebSite","@id":"https:\/\/www.editorialjuventud.es\/#website","url":"https:\/\/www.editorialjuventud.es\/","name":"Editorial Juventud","description":"","potentialAction":[{"@type":"SearchAction","target":{"@type":"EntryPoint","urlTemplate":"https:\/\/www.editorialjuventud.es\/?s={search_term_string}"},"query-input":{"@type":"PropertyValueSpecification","valueRequired":true,"valueName":"search_term_string"}}],"inLanguage":"ca"}]}</script>
<!-- / Yoast SEO plugin. -->

Bardí i Milà, Berta - Editorial Juventud

Berta Bardí i Milà es doctora arquitecta y profesora de proyectos arquitectónicos en la Escuela de Arquitectura de Barcelona de la Universitat Politècnica
