{"id":16589,"date":"2023-06-21T23:14:09","date_gmt":"2023-06-21T19:14:09","guid":{"rendered":"http:\/\/www.editorialjuventud.es\/?post_type=autores&#038;p=16589"},"modified":"2025-01-27T15:11:08","modified_gmt":"2025-01-27T14:11:08","slug":"rosenstok-barb","status":"publish","type":"autores","link":"https:\/\/www.editorialjuventud.es\/ca\/autores\/rosenstok-barb\/","title":{"rendered":"Rosenstock, Barb"},"content":{"rendered":"<p class=\"p1\">Es una autora a la que le gustan m\u00e1s las historias verdaderas. Es autora de libros de no ficci\u00f3n y ficci\u00f3n hist\u00f3rica para ni\u00f1os que combinan una investigaci\u00f3n profunda y un lenguaje l\u00fadico para dar vida a la historia. Su libro, <em>El sonido de los colores<\/em>, recibi\u00f3 el Caldecott Honor en 2015 pero tambi\u00e9n ha recibido numerosos reconocimientos nacionales. A Barb le encanta compartir historias e inspirar a los estudiantes en escuelas y bibliotecas. Vive con su familia cerca de Chicago.<\/p>\n","protected":false},"author":2,"featured_media":25090,"template":"","class_list":["post-16589","autores","type-autores","status-publish","has-post-thumbnail","hentry"],"acf":{"autores_relacionados":"","fecha_de_nacimiento":"","foto_del_autor":"https:\/\/www.editorialjuventud.es\/wp-content\/uploads\/8QZCvUDo.jpg","lugar_de_nacimiento":"","autores-libros":[6014,6015,24894,24891],"ilustradores-libros":"","traductores-libros":"","web_del_autor":"","correo_del_autor":"","telefono_del_autor":"","galeria_del_autor":false,"mas_informacion_del_autor":false,"texto-autor-ca":"<p>\u00c9s una autora a la qual li agraden m\u00e9s les hist\u00f2ries veritables. \u00c9s autora de llibres de no ficci\u00f3 i ficci\u00f3 hist\u00f2rica per a nens que combinen una investigaci\u00f3 profunda i un llenguatge l\u00fadic per donar vida a la hist\u00f2ria. El seu llibre, <em>El so dels colors<\/em>, va rebre el Caldecott Honor el 2015 per\u00f2 tamb\u00e9 ha rebut nombrosos reconeixements nacionals. A Barb li encanta compartir hist\u00f2ries i inspirar als estudiants en escoles i biblioteques. Viu amb la seva fam\u00edlia prop de Chicago.<\/p>\n","biografia-ca":"","texto-autor-fr":"","biografia-fr":"","nombre":"Barb","apellidos":"Rosenstock"},"yoast_head":"<!-- This site is optimized with the Yoast SEO plugin v27.3 - https:\/\/yoast.com\/product\/yoast-seo-wordpress\/ -->\n<title>Rosenstock, Barb - Editorial Juventud<\/title>\n<meta name=\"description\" content=\"Es una autora a la que le gustan m\u00e1s las historias verdaderas. Es autora de libros de no ficci\u00f3n y ficci\u00f3n hist\u00f3rica para ni\u00f1os que combinan una\" \/>\n<meta name=\"robots\" content=\"index, follow, max-snippet:-1, max-image-preview:large, max-video-preview:-1\" \/>\n<link rel=\"canonical\" href=\"https:\/\/www.editorialjuventud.es\/autores\/rosenstok-barb\/\" \/>\n<meta property=\"og:locale\" content=\"ca_ES\" \/>\n<meta property=\"og:type\" content=\"article\" \/>\n<meta property=\"og:title\" content=\"Rosenstock, Barb - Editorial Juventud\" \/>\n<meta property=\"og:description\" content=\"Es una autora a la que le gustan m\u00e1s las historias verdaderas. Es autora de libros de no ficci\u00f3n y ficci\u00f3n hist\u00f3rica para ni\u00f1os que combinan una\" \/>\n<meta property=\"og:url\" content=\"https:\/\/www.editorialjuventud.es\/autores\/rosenstok-barb\/\" \/>\n<meta property=\"og:site_name\" content=\"Editorial Juventud\" \/>\n<meta property=\"article:modified_time\" content=\"2025-01-27T14:11:08+00:00\" \/>\n<meta property=\"og:image\" content=\"https:\/\/www.editorialjuventud.es\/wp-content\/uploads\/8QZCvUDo.jpg\" \/>\n\t<meta property=\"og:image:width\" content=\"427\" \/>\n\t<meta property=\"og:image:height\" content=\"427\" \/>\n\t<meta property=\"og:image:type\" content=\"image\/jpeg\" \/>\n<meta name=\"twitter:card\" content=\"summary_large_image\" \/>\n<script type=\"application\/ld+json\" class=\"yoast-schema-graph\">{\"@context\":\"https:\\\/\\\/schema.org\",\"@graph\":[{\"@type\":\"WebPage\",\"@id\":\"https:\\\/\\\/www.editorialjuventud.es\\\/autores\\\/rosenstok-barb\\\/\",\"url\":\"https:\\\/\\\/www.editorialjuventud.es\\\/autores\\\/rosenstok-barb\\\/\",\"name\":\"Rosenstock, Barb - Editorial Juventud\",\"isPartOf\":{\"@id\":\"https:\\\/\\\/www.editorialjuventud.es\\\/#website\"},\"primaryImageOfPage\":{\"@id\":\"https:\\\/\\\/www.editorialjuventud.es\\\/autores\\\/rosenstok-barb\\\/#primaryimage\"},\"image\":{\"@id\":\"https:\\\/\\\/www.editorialjuventud.es\\\/autores\\\/rosenstok-barb\\\/#primaryimage\"},\"thumbnailUrl\":\"https:\\\/\\\/www.editorialjuventud.es\\\/wp-content\\\/uploads\\\/8QZCvUDo.jpg\",\"datePublished\":\"2023-06-21T19:14:09+00:00\",\"dateModified\":\"2025-01-27T14:11:08+00:00\",\"description\":\"Es una autora a la que le gustan m\u00e1s las historias verdaderas. Es autora de libros de no ficci\u00f3n y ficci\u00f3n hist\u00f3rica para ni\u00f1os que combinan una\",\"breadcrumb\":{\"@id\":\"https:\\\/\\\/www.editorialjuventud.es\\\/autores\\\/rosenstok-barb\\\/#breadcrumb\"},\"inLanguage\":\"ca\",\"potentialAction\":[{\"@type\":\"ReadAction\",\"target\":[\"https:\\\/\\\/www.editorialjuventud.es\\\/autores\\\/rosenstok-barb\\\/\"]}]},{\"@type\":\"ImageObject\",\"inLanguage\":\"ca\",\"@id\":\"https:\\\/\\\/www.editorialjuventud.es\\\/autores\\\/rosenstok-barb\\\/#primaryimage\",\"url\":\"https:\\\/\\\/www.editorialjuventud.es\\\/wp-content\\\/uploads\\\/8QZCvUDo.jpg\",\"contentUrl\":\"https:\\\/\\\/www.editorialjuventud.es\\\/wp-content\\\/uploads\\\/8QZCvUDo.jpg\",\"width\":427,\"height\":427},{\"@type\":\"BreadcrumbList\",\"@id\":\"https:\\\/\\\/www.editorialjuventud.es\\\/autores\\\/rosenstok-barb\\\/#breadcrumb\",\"itemListElement\":[{\"@type\":\"ListItem\",\"position\":1,\"name\":\"Portada\",\"item\":\"https:\\\/\\\/www.editorialjuventud.es\\\/\"},{\"@type\":\"ListItem\",\"position\":2,\"name\":\"Rosenstock, Barb\"}]},{\"@type\":\"WebSite\",\"@id\":\"https:\\\/\\\/www.editorialjuventud.es\\\/#website\",\"url\":\"https:\\\/\\\/www.editorialjuventud.es\\\/\",\"name\":\"Editorial Juventud\",\"description\":\"\",\"potentialAction\":[{\"@type\":\"SearchAction\",\"target\":{\"@type\":\"EntryPoint\",\"urlTemplate\":\"https:\\\/\\\/www.editorialjuventud.es\\\/?s={search_term_string}\"},\"query-input\":{\"@type\":\"PropertyValueSpecification\",\"valueRequired\":true,\"valueName\":\"search_term_string\"}}],\"inLanguage\":\"ca\"}]}<\/script>\n<!-- \/ Yoast SEO plugin. -->","yoast_head_json":{"title":"Rosenstock, Barb - Editorial Juventud","description":"Es una autora a la que le gustan m\u00e1s las historias verdaderas. Es autora de libros de no ficci\u00f3n y ficci\u00f3n hist\u00f3rica para ni\u00f1os que combinan una","robots":{"index":"index","follow":"follow","max-snippet":"max-snippet:-1","max-image-preview":"max-image-preview:large","max-video-preview":"max-video-preview:-1"},"canonical":"https:\/\/www.editorialjuventud.es\/autores\/rosenstok-barb\/","og_locale":"ca_ES","og_type":"article","og_title":"Rosenstock, Barb - Editorial Juventud","og_description":"Es una autora a la que le gustan m\u00e1s las historias verdaderas. Es autora de libros de no ficci\u00f3n y ficci\u00f3n hist\u00f3rica para ni\u00f1os que combinan una","og_url":"https:\/\/www.editorialjuventud.es\/autores\/rosenstok-barb\/","og_site_name":"Editorial Juventud","article_modified_time":"2025-01-27T14:11:08+00:00","og_image":[{"width":427,"height":427,"url":"https:\/\/www.editorialjuventud.es\/wp-content\/uploads\/8QZCvUDo.jpg","type":"image\/jpeg"}],"twitter_card":"summary_large_image","schema":{"@context":"https:\/\/schema.org","@graph":[{"@type":"WebPage","@id":"https:\/\/www.editorialjuventud.es\/autores\/rosenstok-barb\/","url":"https:\/\/www.editorialjuventud.es\/autores\/rosenstok-barb\/","name":"Rosenstock, Barb - Editorial Juventud","isPartOf":{"@id":"https:\/\/www.editorialjuventud.es\/#website"},"primaryImageOfPage":{"@id":"https:\/\/www.editorialjuventud.es\/autores\/rosenstok-barb\/#primaryimage"},"image":{"@id":"https:\/\/www.editorialjuventud.es\/autores\/rosenstok-barb\/#primaryimage"},"thumbnailUrl":"https:\/\/www.editorialjuventud.es\/wp-content\/uploads\/8QZCvUDo.jpg","datePublished":"2023-06-21T19:14:09+00:00","dateModified":"2025-01-27T14:11:08+00:00","description":"Es una autora a la que le gustan m\u00e1s las historias verdaderas. Es autora de libros de no ficci\u00f3n y ficci\u00f3n hist\u00f3rica para ni\u00f1os que combinan una","breadcrumb":{"@id":"https:\/\/www.editorialjuventud.es\/autores\/rosenstok-barb\/#breadcrumb"},"inLanguage":"ca","potentialAction":[{"@type":"ReadAction","target":["https:\/\/www.editorialjuventud.es\/autores\/rosenstok-barb\/"]}]},{"@type":"ImageObject","inLanguage":"ca","@id":"https:\/\/www.editorialjuventud.es\/autores\/rosenstok-barb\/#primaryimage","url":"https:\/\/www.editorialjuventud.es\/wp-content\/uploads\/8QZCvUDo.jpg","contentUrl":"https:\/\/www.editorialjuventud.es\/wp-content\/uploads\/8QZCvUDo.jpg","width":427,"height":427},{"@type":"BreadcrumbList","@id":"https:\/\/www.editorialjuventud.es\/autores\/rosenstok-barb\/#breadcrumb","itemListElement":[{"@type":"ListItem","position":1,"name":"Portada","item":"https:\/\/www.editorialjuventud.es\/"},{"@type":"ListItem","position":2,"name":"Rosenstock, Barb"}]},{"@type":"WebSite","@id":"https:\/\/www.editorialjuventud.es\/#website","url":"https:\/\/www.editorialjuventud.es\/","name":"Editorial Juventud","description":"","potentialAction":[{"@type":"SearchAction","target":{"@type":"EntryPoint","urlTemplate":"https:\/\/www.editorialjuventud.es\/?s={search_term_string}"},"query-input":{"@type":"PropertyValueSpecification","valueRequired":true,"valueName":"search_term_string"}}],"inLanguage":"ca"}]}},"_links":{"self":[{"href":"https:\/\/www.editorialjuventud.es\/ca\/wp-json\/wp\/v2\/autores\/16589","targetHints":{"allow":["GET"]}}],"collection":[{"href":"https:\/\/www.editorialjuventud.es\/ca\/wp-json\/wp\/v2\/autores"}],"about":[{"href":"https:\/\/www.editorialjuventud.es\/ca\/wp-json\/wp\/v2\/types\/autores"}],"author":[{"embeddable":true,"href":"https:\/\/www.editorialjuventud.es\/ca\/wp-json\/wp\/v2\/users\/2"}],"wp:featuredmedia":[{"embeddable":true,"href":"https:\/\/www.editorialjuventud.es\/ca\/wp-json\/wp\/v2\/media\/25090"}],"wp:attachment":[{"href":"https:\/\/www.editorialjuventud.es\/ca\/wp-json\/wp\/v2\/media?parent=16589"}],"curies":[{"name":"wp","href":"https:\/\/api.w.org\/{rel}","templated":true}]}}

<p class="p1">Es una autora a la que le gustan más las historias verdaderas. Es autora de libros de no ficción y ficción histórica para niños que combinan una investigación profunda y un lenguaje lúdico para dar vida a la historia. Su libro, <em>El sonido de los colores</em>, recibió el Caldecott Honor en 2015 pero también ha recibido numerosos reconocimientos nacionales. A Barb le encanta compartir historias e inspirar a los estudiantes en escuelas y bibliotecas. Vive con su familia cerca de Chicago.</p>

<p>És una autora a la qual li agraden més les històries veritables. És autora de llibres de no ficció i ficció històrica per a nens que combinen una investigació profunda i un llenguatge lúdic per donar vida a la història. El seu llibre, <em>El so dels colors</em>, va rebre el Caldecott Honor el 2015 però també ha rebut nombrosos reconeixements nacionals. A Barb li encanta compartir històries i inspirar als estudiants en escoles i biblioteques. Viu amb la seva família prop de Chicago.</p>

<!-- This site is optimized with the Yoast SEO plugin v27.3 - https://yoast.com/product/yoast-seo-wordpress/ -->
<title>Rosenstock, Barb - Editorial Juventud</title>
<meta name="description" content="Es una autora a la que le gustan más las historias verdaderas. Es autora de libros de no ficción y ficción histórica para niños que combinan una" />
<meta name="robots" content="index, follow, max-snippet:-1, max-image-preview:large, max-video-preview:-1" />
<link rel="canonical" href="https://www.editorialjuventud.es/autores/rosenstok-barb/" />
<meta property="og:locale" content="ca_ES" />
<meta property="og:type" content="article" />
<meta property="og:title" content="Rosenstock, Barb - Editorial Juventud" />
<meta property="og:description" content="Es una autora a la que le gustan más las historias verdaderas. Es autora de libros de no ficción y ficción histórica para niños que combinan una" />
<meta property="og:url" content="https://www.editorialjuventud.es/autores/rosenstok-barb/" />
<meta property="og:site_name" content="Editorial Juventud" />
<meta property="article:modified_time" content="2025-01-27T14:11:08+00:00" />
<meta property="og:image" content="https://www.editorialjuventud.es/wp-content/uploads/8QZCvUDo.jpg" />
	<meta property="og:image:width" content="427" />
	<meta property="og:image:height" content="427" />
	<meta property="og:image:type" content="image/jpeg" />
<meta name="twitter:card" content="summary_large_image" />
<script type="application/ld+json" class="yoast-schema-graph">{"@context":"https:\/\/schema.org","@graph":[{"@type":"WebPage","@id":"https:\/\/www.editorialjuventud.es\/autores\/rosenstok-barb\/","url":"https:\/\/www.editorialjuventud.es\/autores\/rosenstok-barb\/","name":"Rosenstock, Barb - Editorial Juventud","isPartOf":{"@id":"https:\/\/www.editorialjuventud.es\/#website"},"primaryImageOfPage":{"@id":"https:\/\/www.editorialjuventud.es\/autores\/rosenstok-barb\/#primaryimage"},"image":{"@id":"https:\/\/www.editorialjuventud.es\/autores\/rosenstok-barb\/#primaryimage"},"thumbnailUrl":"https:\/\/www.editorialjuventud.es\/wp-content\/uploads\/8QZCvUDo.jpg","datePublished":"2023-06-21T19:14:09+00:00","dateModified":"2025-01-27T14:11:08+00:00","description":"Es una autora a la que le gustan más las historias verdaderas. Es autora de libros de no ficción y ficción histórica para niños que combinan una","breadcrumb":{"@id":"https:\/\/www.editorialjuventud.es\/autores\/rosenstok-barb\/#breadcrumb"},"inLanguage":"ca","potentialAction":[{"@type":"ReadAction","target":["https:\/\/www.editorialjuventud.es\/autores\/rosenstok-barb\/"]}]},{"@type":"ImageObject","inLanguage":"ca","@id":"https:\/\/www.editorialjuventud.es\/autores\/rosenstok-barb\/#primaryimage","url":"https:\/\/www.editorialjuventud.es\/wp-content\/uploads\/8QZCvUDo.jpg","contentUrl":"https:\/\/www.editorialjuventud.es\/wp-content\/uploads\/8QZCvUDo.jpg","width":427,"height":427},{"@type":"BreadcrumbList","@id":"https:\/\/www.editorialjuventud.es\/autores\/rosenstok-barb\/#breadcrumb","itemListElement":[{"@type":"ListItem","position":1,"name":"Portada","item":"https:\/\/www.editorialjuventud.es\/"},{"@type":"ListItem","position":2,"name":"Rosenstock, Barb"}]},{"@type":"WebSite","@id":"https:\/\/www.editorialjuventud.es\/#website","url":"https:\/\/www.editorialjuventud.es\/","name":"Editorial Juventud","description":"","potentialAction":[{"@type":"SearchAction","target":{"@type":"EntryPoint","urlTemplate":"https:\/\/www.editorialjuventud.es\/?s={search_term_string}"},"query-input":{"@type":"PropertyValueSpecification","valueRequired":true,"valueName":"search_term_string"}}],"inLanguage":"ca"}]}</script>
<!-- / Yoast SEO plugin. -->

Es una autora a la que le gustan más las historias verdaderas. Es autora de libros de no ficción y ficción histórica para niños que combinan una
