{"id":16259,"date":"2023-06-21T21:40:39","date_gmt":"2023-06-21T17:40:39","guid":{"rendered":"http:\/\/www.editorialjuventud.es\/?post_type=autores&#038;p=16259"},"modified":"2025-01-27T14:55:39","modified_gmt":"2025-01-27T13:55:39","slug":"aldwell-staey","status":"publish","type":"autores","link":"https:\/\/www.editorialjuventud.es\/ca\/autores\/aldwell-staey\/","title":{"rendered":"Caldwell, Stacey"},"content":{"rendered":"<p>Stacey Caldwell es vicepresidenta de negocios globales para el dise\u00f1ador de moda americano Thakoon. Originaria de El Paso, Texas, Stacey se traslad\u00f3 a Nueva York en 2003 con una licenciatura en promoci\u00f3n de moda y estudios de fotograf\u00eda de la Texas Christian University. Ha trabajado para marcas como Moschino, Basso &amp; Broke, Sinha-Stanic, Pollini y Thakoon. Actualmente est\u00e1 en el consejo de administraci\u00f3n de Project Paz, una organizaci\u00f3n sin \u00e1nimo de lucro a favor de los ni\u00f1os de Ciudad Ju\u00e1rez de M\u00e9xico, que ella misma cofund\u00f3 en 2010.<\/p>\n","protected":false},"author":2,"featured_media":21425,"template":"","class_list":["post-16259","autores","type-autores","status-publish","has-post-thumbnail","hentry"],"acf":{"autores_relacionados":"","fecha_de_nacimiento":"","foto_del_autor":"https:\/\/www.editorialjuventud.es\/wp-content\/uploads\/Stacey_Caldwell.jpg","lugar_de_nacimiento":"","autores-libros":[6246],"ilustradores-libros":"","traductores-libros":"","web_del_autor":"","correo_del_autor":"","telefono_del_autor":"","galeria_del_autor":false,"mas_informacion_del_autor":false,"texto-autor-ca":"<p>Caldwell Creative es centra en ajudar els dissenyadors de moda amb el desenvolupament de productes i estrat\u00e8gies comercials que inclouen plans de vendes nacionals i internacionals, comercialitzaci\u00f3 de col\u00b7leccions, disseny de comer\u00e7 electr\u00f2nic, m\u00e0rqueting directe al consumidor, establiment de contingut creatiu i avaluaci\u00f3 de socis minoristes.<\/p>\n<p>Abans del llan\u00e7ament de Caldwell Creative, Stacey va treballar durant m\u00e9s de 15 anys tant en la venda a l&#8217;engr\u00f2s de moda com en la comercialitzaci\u00f3. M\u00e9s recentment, Stacey va treballar durant vuit anys com a vicepresidenta de Global Wholesale andMerchandisin per Thakoon LLC. Stacey \u00e9s coautora de la par\u00f2dia de moda m\u00e9s venuda del New York Times, <a href=\"https:\/\/www.editorialjuventud.es\/donde-esta-karl-9788426144027\/\">On \u00e9s Karl?<\/a><\/p>\n<p>Stacey \u00e9s membre fundador i actualment \u00e9s membre de la junta directiva del Projecte Pau, una organitzaci\u00f3 sense \u00e0nim de lucre de Nova York, que beneficia els nens a trav\u00e9s de l&#8217;art a Ciudad Ju\u00e1rez, M\u00e8xic.<\/p>\n","biografia-ca":"","texto-autor-fr":"","biografia-fr":"","nombre":"Stacey","apellidos":"Caldwell"},"yoast_head":"<!-- This site is optimized with the Yoast SEO plugin v27.3 - https:\/\/yoast.com\/product\/yoast-seo-wordpress\/ -->\n<title>Caldwell, Stacey - Editorial Juventud<\/title>\n<meta name=\"description\" content=\"Stacey Caldwell es vicepresidenta de negocios globales para el dise\u00f1ador de moda americano Thakoon. Originaria de El Paso, Texas, Stacey se traslad\u00f3 a\" \/>\n<meta name=\"robots\" content=\"index, follow, max-snippet:-1, max-image-preview:large, max-video-preview:-1\" \/>\n<link rel=\"canonical\" href=\"https:\/\/www.editorialjuventud.es\/autores\/aldwell-staey\/\" \/>\n<meta property=\"og:locale\" content=\"ca_ES\" \/>\n<meta property=\"og:type\" content=\"article\" \/>\n<meta property=\"og:title\" content=\"Caldwell, Stacey - Editorial Juventud\" \/>\n<meta property=\"og:description\" content=\"Stacey Caldwell es vicepresidenta de negocios globales para el dise\u00f1ador de moda americano Thakoon. Originaria de El Paso, Texas, Stacey se traslad\u00f3 a\" \/>\n<meta property=\"og:url\" content=\"https:\/\/www.editorialjuventud.es\/autores\/aldwell-staey\/\" \/>\n<meta property=\"og:site_name\" content=\"Editorial Juventud\" \/>\n<meta property=\"article:modified_time\" content=\"2025-01-27T13:55:39+00:00\" \/>\n<meta property=\"og:image\" content=\"https:\/\/www.editorialjuventud.es\/wp-content\/uploads\/Stacey_Caldwell.jpg\" \/>\n\t<meta property=\"og:image:width\" content=\"400\" \/>\n\t<meta property=\"og:image:height\" content=\"600\" \/>\n\t<meta property=\"og:image:type\" content=\"image\/jpeg\" \/>\n<meta name=\"twitter:card\" content=\"summary_large_image\" \/>\n<script type=\"application\/ld+json\" class=\"yoast-schema-graph\">{\"@context\":\"https:\\\/\\\/schema.org\",\"@graph\":[{\"@type\":\"WebPage\",\"@id\":\"https:\\\/\\\/www.editorialjuventud.es\\\/autores\\\/aldwell-staey\\\/\",\"url\":\"https:\\\/\\\/www.editorialjuventud.es\\\/autores\\\/aldwell-staey\\\/\",\"name\":\"Caldwell, Stacey - Editorial Juventud\",\"isPartOf\":{\"@id\":\"https:\\\/\\\/www.editorialjuventud.es\\\/#website\"},\"primaryImageOfPage\":{\"@id\":\"https:\\\/\\\/www.editorialjuventud.es\\\/autores\\\/aldwell-staey\\\/#primaryimage\"},\"image\":{\"@id\":\"https:\\\/\\\/www.editorialjuventud.es\\\/autores\\\/aldwell-staey\\\/#primaryimage\"},\"thumbnailUrl\":\"https:\\\/\\\/www.editorialjuventud.es\\\/wp-content\\\/uploads\\\/Stacey_Caldwell.jpg\",\"datePublished\":\"2023-06-21T17:40:39+00:00\",\"dateModified\":\"2025-01-27T13:55:39+00:00\",\"description\":\"Stacey Caldwell es vicepresidenta de negocios globales para el dise\u00f1ador de moda americano Thakoon. Originaria de El Paso, Texas, Stacey se traslad\u00f3 a\",\"breadcrumb\":{\"@id\":\"https:\\\/\\\/www.editorialjuventud.es\\\/autores\\\/aldwell-staey\\\/#breadcrumb\"},\"inLanguage\":\"ca\",\"potentialAction\":[{\"@type\":\"ReadAction\",\"target\":[\"https:\\\/\\\/www.editorialjuventud.es\\\/autores\\\/aldwell-staey\\\/\"]}]},{\"@type\":\"ImageObject\",\"inLanguage\":\"ca\",\"@id\":\"https:\\\/\\\/www.editorialjuventud.es\\\/autores\\\/aldwell-staey\\\/#primaryimage\",\"url\":\"https:\\\/\\\/www.editorialjuventud.es\\\/wp-content\\\/uploads\\\/Stacey_Caldwell.jpg\",\"contentUrl\":\"https:\\\/\\\/www.editorialjuventud.es\\\/wp-content\\\/uploads\\\/Stacey_Caldwell.jpg\",\"width\":400,\"height\":600},{\"@type\":\"BreadcrumbList\",\"@id\":\"https:\\\/\\\/www.editorialjuventud.es\\\/autores\\\/aldwell-staey\\\/#breadcrumb\",\"itemListElement\":[{\"@type\":\"ListItem\",\"position\":1,\"name\":\"Portada\",\"item\":\"https:\\\/\\\/www.editorialjuventud.es\\\/\"},{\"@type\":\"ListItem\",\"position\":2,\"name\":\"Caldwell, Stacey\"}]},{\"@type\":\"WebSite\",\"@id\":\"https:\\\/\\\/www.editorialjuventud.es\\\/#website\",\"url\":\"https:\\\/\\\/www.editorialjuventud.es\\\/\",\"name\":\"Editorial Juventud\",\"description\":\"\",\"potentialAction\":[{\"@type\":\"SearchAction\",\"target\":{\"@type\":\"EntryPoint\",\"urlTemplate\":\"https:\\\/\\\/www.editorialjuventud.es\\\/?s={search_term_string}\"},\"query-input\":{\"@type\":\"PropertyValueSpecification\",\"valueRequired\":true,\"valueName\":\"search_term_string\"}}],\"inLanguage\":\"ca\"}]}<\/script>\n<!-- \/ Yoast SEO plugin. -->","yoast_head_json":{"title":"Caldwell, Stacey - Editorial Juventud","description":"Stacey Caldwell es vicepresidenta de negocios globales para el dise\u00f1ador de moda americano Thakoon. Originaria de El Paso, Texas, Stacey se traslad\u00f3 a","robots":{"index":"index","follow":"follow","max-snippet":"max-snippet:-1","max-image-preview":"max-image-preview:large","max-video-preview":"max-video-preview:-1"},"canonical":"https:\/\/www.editorialjuventud.es\/autores\/aldwell-staey\/","og_locale":"ca_ES","og_type":"article","og_title":"Caldwell, Stacey - Editorial Juventud","og_description":"Stacey Caldwell es vicepresidenta de negocios globales para el dise\u00f1ador de moda americano Thakoon. Originaria de El Paso, Texas, Stacey se traslad\u00f3 a","og_url":"https:\/\/www.editorialjuventud.es\/autores\/aldwell-staey\/","og_site_name":"Editorial Juventud","article_modified_time":"2025-01-27T13:55:39+00:00","og_image":[{"width":400,"height":600,"url":"https:\/\/www.editorialjuventud.es\/wp-content\/uploads\/Stacey_Caldwell.jpg","type":"image\/jpeg"}],"twitter_card":"summary_large_image","schema":{"@context":"https:\/\/schema.org","@graph":[{"@type":"WebPage","@id":"https:\/\/www.editorialjuventud.es\/autores\/aldwell-staey\/","url":"https:\/\/www.editorialjuventud.es\/autores\/aldwell-staey\/","name":"Caldwell, Stacey - Editorial Juventud","isPartOf":{"@id":"https:\/\/www.editorialjuventud.es\/#website"},"primaryImageOfPage":{"@id":"https:\/\/www.editorialjuventud.es\/autores\/aldwell-staey\/#primaryimage"},"image":{"@id":"https:\/\/www.editorialjuventud.es\/autores\/aldwell-staey\/#primaryimage"},"thumbnailUrl":"https:\/\/www.editorialjuventud.es\/wp-content\/uploads\/Stacey_Caldwell.jpg","datePublished":"2023-06-21T17:40:39+00:00","dateModified":"2025-01-27T13:55:39+00:00","description":"Stacey Caldwell es vicepresidenta de negocios globales para el dise\u00f1ador de moda americano Thakoon. Originaria de El Paso, Texas, Stacey se traslad\u00f3 a","breadcrumb":{"@id":"https:\/\/www.editorialjuventud.es\/autores\/aldwell-staey\/#breadcrumb"},"inLanguage":"ca","potentialAction":[{"@type":"ReadAction","target":["https:\/\/www.editorialjuventud.es\/autores\/aldwell-staey\/"]}]},{"@type":"ImageObject","inLanguage":"ca","@id":"https:\/\/www.editorialjuventud.es\/autores\/aldwell-staey\/#primaryimage","url":"https:\/\/www.editorialjuventud.es\/wp-content\/uploads\/Stacey_Caldwell.jpg","contentUrl":"https:\/\/www.editorialjuventud.es\/wp-content\/uploads\/Stacey_Caldwell.jpg","width":400,"height":600},{"@type":"BreadcrumbList","@id":"https:\/\/www.editorialjuventud.es\/autores\/aldwell-staey\/#breadcrumb","itemListElement":[{"@type":"ListItem","position":1,"name":"Portada","item":"https:\/\/www.editorialjuventud.es\/"},{"@type":"ListItem","position":2,"name":"Caldwell, Stacey"}]},{"@type":"WebSite","@id":"https:\/\/www.editorialjuventud.es\/#website","url":"https:\/\/www.editorialjuventud.es\/","name":"Editorial Juventud","description":"","potentialAction":[{"@type":"SearchAction","target":{"@type":"EntryPoint","urlTemplate":"https:\/\/www.editorialjuventud.es\/?s={search_term_string}"},"query-input":{"@type":"PropertyValueSpecification","valueRequired":true,"valueName":"search_term_string"}}],"inLanguage":"ca"}]}},"_links":{"self":[{"href":"https:\/\/www.editorialjuventud.es\/ca\/wp-json\/wp\/v2\/autores\/16259","targetHints":{"allow":["GET"]}}],"collection":[{"href":"https:\/\/www.editorialjuventud.es\/ca\/wp-json\/wp\/v2\/autores"}],"about":[{"href":"https:\/\/www.editorialjuventud.es\/ca\/wp-json\/wp\/v2\/types\/autores"}],"author":[{"embeddable":true,"href":"https:\/\/www.editorialjuventud.es\/ca\/wp-json\/wp\/v2\/users\/2"}],"wp:featuredmedia":[{"embeddable":true,"href":"https:\/\/www.editorialjuventud.es\/ca\/wp-json\/wp\/v2\/media\/21425"}],"wp:attachment":[{"href":"https:\/\/www.editorialjuventud.es\/ca\/wp-json\/wp\/v2\/media?parent=16259"}],"curies":[{"name":"wp","href":"https:\/\/api.w.org\/{rel}","templated":true}]}}

<p>Stacey Caldwell es vicepresidenta de negocios globales para el diseñador de moda americano Thakoon. Originaria de El Paso, Texas, Stacey se trasladó a Nueva York en 2003 con una licenciatura en promoción de moda y estudios de fotografía de la Texas Christian University. Ha trabajado para marcas como Moschino, Basso &amp; Broke, Sinha-Stanic, Pollini y Thakoon. Actualmente está en el consejo de administración de Project Paz, una organización sin ánimo de lucro a favor de los niños de Ciudad Juárez de México, que ella misma cofundó en 2010.</p>

<p>Caldwell Creative es centra en ajudar els dissenyadors de moda amb el desenvolupament de productes i estratègies comercials que inclouen plans de vendes nacionals i internacionals, comercialització de col·leccions, disseny de comerç electrònic, màrqueting directe al consumidor, establiment de contingut creatiu i avaluació de socis minoristes.</p>
<p>Abans del llançament de Caldwell Creative, Stacey va treballar durant més de 15 anys tant en la venda a l&#8217;engròs de moda com en la comercialització. Més recentment, Stacey va treballar durant vuit anys com a vicepresidenta de Global Wholesale andMerchandisin per Thakoon LLC. Stacey és coautora de la paròdia de moda més venuda del New York Times, <a href="https://www.editorialjuventud.es/donde-esta-karl-9788426144027/">On és Karl?</a></p>
<p>Stacey és membre fundador i actualment és membre de la junta directiva del Projecte Pau, una organització sense ànim de lucre de Nova York, que beneficia els nens a través de l&#8217;art a Ciudad Juárez, Mèxic.</p>

<!-- This site is optimized with the Yoast SEO plugin v27.3 - https://yoast.com/product/yoast-seo-wordpress/ -->
<title>Caldwell, Stacey - Editorial Juventud</title>
<meta name="description" content="Stacey Caldwell es vicepresidenta de negocios globales para el diseñador de moda americano Thakoon. Originaria de El Paso, Texas, Stacey se trasladó a" />
<meta name="robots" content="index, follow, max-snippet:-1, max-image-preview:large, max-video-preview:-1" />
<link rel="canonical" href="https://www.editorialjuventud.es/autores/aldwell-staey/" />
<meta property="og:locale" content="ca_ES" />
<meta property="og:type" content="article" />
<meta property="og:title" content="Caldwell, Stacey - Editorial Juventud" />
<meta property="og:description" content="Stacey Caldwell es vicepresidenta de negocios globales para el diseñador de moda americano Thakoon. Originaria de El Paso, Texas, Stacey se trasladó a" />
<meta property="og:url" content="https://www.editorialjuventud.es/autores/aldwell-staey/" />
<meta property="og:site_name" content="Editorial Juventud" />
<meta property="article:modified_time" content="2025-01-27T13:55:39+00:00" />
<meta property="og:image" content="https://www.editorialjuventud.es/wp-content/uploads/Stacey_Caldwell.jpg" />
	<meta property="og:image:width" content="400" />
	<meta property="og:image:height" content="600" />
	<meta property="og:image:type" content="image/jpeg" />
<meta name="twitter:card" content="summary_large_image" />
<script type="application/ld+json" class="yoast-schema-graph">{"@context":"https:\/\/schema.org","@graph":[{"@type":"WebPage","@id":"https:\/\/www.editorialjuventud.es\/autores\/aldwell-staey\/","url":"https:\/\/www.editorialjuventud.es\/autores\/aldwell-staey\/","name":"Caldwell, Stacey - Editorial Juventud","isPartOf":{"@id":"https:\/\/www.editorialjuventud.es\/#website"},"primaryImageOfPage":{"@id":"https:\/\/www.editorialjuventud.es\/autores\/aldwell-staey\/#primaryimage"},"image":{"@id":"https:\/\/www.editorialjuventud.es\/autores\/aldwell-staey\/#primaryimage"},"thumbnailUrl":"https:\/\/www.editorialjuventud.es\/wp-content\/uploads\/Stacey_Caldwell.jpg","datePublished":"2023-06-21T17:40:39+00:00","dateModified":"2025-01-27T13:55:39+00:00","description":"Stacey Caldwell es vicepresidenta de negocios globales para el diseñador de moda americano Thakoon. Originaria de El Paso, Texas, Stacey se trasladó a","breadcrumb":{"@id":"https:\/\/www.editorialjuventud.es\/autores\/aldwell-staey\/#breadcrumb"},"inLanguage":"ca","potentialAction":[{"@type":"ReadAction","target":["https:\/\/www.editorialjuventud.es\/autores\/aldwell-staey\/"]}]},{"@type":"ImageObject","inLanguage":"ca","@id":"https:\/\/www.editorialjuventud.es\/autores\/aldwell-staey\/#primaryimage","url":"https:\/\/www.editorialjuventud.es\/wp-content\/uploads\/Stacey_Caldwell.jpg","contentUrl":"https:\/\/www.editorialjuventud.es\/wp-content\/uploads\/Stacey_Caldwell.jpg","width":400,"height":600},{"@type":"BreadcrumbList","@id":"https:\/\/www.editorialjuventud.es\/autores\/aldwell-staey\/#breadcrumb","itemListElement":[{"@type":"ListItem","position":1,"name":"Portada","item":"https:\/\/www.editorialjuventud.es\/"},{"@type":"ListItem","position":2,"name":"Caldwell, Stacey"}]},{"@type":"WebSite","@id":"https:\/\/www.editorialjuventud.es\/#website","url":"https:\/\/www.editorialjuventud.es\/","name":"Editorial Juventud","description":"","potentialAction":[{"@type":"SearchAction","target":{"@type":"EntryPoint","urlTemplate":"https:\/\/www.editorialjuventud.es\/?s={search_term_string}"},"query-input":{"@type":"PropertyValueSpecification","valueRequired":true,"valueName":"search_term_string"}}],"inLanguage":"ca"}]}</script>
<!-- / Yoast SEO plugin. -->

Stacey Caldwell es vicepresidenta de negocios globales para el diseñador de moda americano Thakoon. Originaria de El Paso, Texas, Stacey se trasladó a
